INSERT INTO dtb_bloc (device_type_id, bloc_id, bloc_name, tpl_path, filename, create_date, update_date, php_path, deletable_flg) VALUES (10, 1, 'カテゴリ', 'category.tpl', 'category', CURRENT_TIMESTAMP, CURRENT_TIMESTAMP, 'frontparts/bloc/category.php', 0);
INSERT INTO dtb_bloc (device_type_id, bloc_id, bloc_name, tpl_path, filename, create_date, update_date, php_path, deletable_flg) VALUES (10, 2, '利用ガイド', 'guide.tpl', 'guide', CURRENT_TIMESTAMP, CURRENT_TIMESTAMP, NULL, 0);
INSERT INTO dtb_bloc (device_type_id, bloc_id, bloc_name, tpl_path, filename, create_date, update_date, php_path, deletable_flg) VALUES (10, 3, 'かごの中', 'cart.tpl', 'cart', CURRENT_TIMESTAMP, CURRENT_TIMESTAMP, 'frontparts/bloc/cart.php', 0);
INSERT INTO dtb_bloc (device_type_id, bloc_id, bloc_name, tpl_path, filename, create_date, update_date, php_path, deletable_flg) VALUES (10, 4, '商品検索', 'search_products.tpl', 'search_products', CURRENT_TIMESTAMP, CURRENT_TIMESTAMP, 'frontparts/bloc/search_products.php', 0);
INSERT INTO dtb_bloc (device_type_id, bloc_id, bloc_name, tpl_path, filename, create_date, update_date, php_path, deletable_flg) VALUES (10, 5, '新着情報', 'news.tpl', 'news', CURRENT_TIMESTAMP, CURRENT_TIMESTAMP, 'frontparts/bloc/news.php', 0);
INSERT INTO dtb_bloc (device_type_id, bloc_id, bloc_name, tpl_path, filename, create_date, update_date, php_path, deletable_flg) VALUES (10, 6, 'ログイン', 'login.tpl', 'login', CURRENT_TIMESTAMP, CURRENT_TIMESTAMP, 'frontparts/bloc/login.php', 0);
INSERT INTO dtb_bloc (device_type_id, bloc_id, bloc_name, tpl_path, filename, create_date, update_date, php_path, deletable_flg) VALUES (10, 7, 'おすすめ商品', 'recommend.tpl', 'recommend', CURRENT_TIMESTAMP, CURRENT_TIMESTAMP, 'frontparts/bloc/recommend.php', 0);
INSERT INTO dtb_bloc (device_type_id, bloc_id, bloc_name, tpl_path, filename, create_date, update_date, php_path, deletable_flg) VALUES (10, 8, 'カレンダー', 'calendar.tpl', 'calendar', CURRENT_TIMESTAMP, CURRENT_TIMESTAMP, 'frontparts/bloc/calendar.php', 0);
INSERT INTO dtb_bloc (device_type_id, bloc_id, bloc_name, tpl_path, filename, create_date, update_date, php_path, deletable_flg) VALUES (10, 9, '【ヘッダー】ログイン', 'login_header.tpl', 'login_header', CURRENT_TIMESTAMP, CURRENT_TIMESTAMP, 'frontparts/bloc/login_header.php', 0);
INSERT INTO dtb_bloc (device_type_id, bloc_id, bloc_name, tpl_path, filename, create_date, update_date, php_path, deletable_flg) VALUES (1, 1, 'サイトロゴ', 'site_logo.tpl', 'site_logo', CURRENT_TIMESTAMP, CURRENT_TIMESTAMP, NULL, 0);
INSERT INTO dtb_bloc (device_type_id, bloc_id, bloc_name, tpl_path, filename, create_date, update_date, php_path, deletable_flg) VALUES (1, 2, '新着情報', 'news.tpl', 'news', CURRENT_TIMESTAMP, CURRENT_TIMESTAMP, 'frontparts/bloc/news.php', 0);
INSERT INTO dtb_bloc (device_type_id, bloc_id, bloc_name, tpl_path, filename, create_date, update_date, php_path, deletable_flg) VALUES (1, 3, 'おすすめ商品', 'recommend.tpl', 'recommend', CURRENT_TIMESTAMP, CURRENT_TIMESTAMP, 'frontparts/bloc/recommend.php', 0);
INSERT INTO dtb_bloc (device_type_id, bloc_id, bloc_name, tpl_path, filename, create_date, update_date, php_path, deletable_flg) VALUES (1, 4, 'カテゴリ', 'category.tpl', 'category', CURRENT_TIMESTAMP, CURRENT_TIMESTAMP, 'frontparts/bloc/category.php', 0);
INSERT INTO dtb_bloc (device_type_id, bloc_id, bloc_name, tpl_path, filename, create_date, update_date, php_path, deletable_flg) VALUES (2, 1, '新着情報', 'news.tpl', 'news', CURRENT_TIMESTAMP, CURRENT_TIMESTAMP, 'frontparts/bloc/news.php', 0);
INSERT INTO dtb_bloc (device_type_id, bloc_id, bloc_name, tpl_path, filename, create_date, update_date, php_path, deletable_flg) VALUES (2, 2, 'ログイン', 'login.tpl', 'login', CURRENT_TIMESTAMP, CURRENT_TIMESTAMP, 'frontparts/bloc/login.php', 0);
INSERT INTO dtb_bloc (device_type_id, bloc_id, bloc_name, tpl_path, filename, create_date, update_date, php_path, deletable_flg) VALUES (2, 3, 'おすすめ商品', 'recommend.tpl', 'recommend', CURRENT_TIMESTAMP, CURRENT_TIMESTAMP, 'frontparts/bloc/recommend.php', 0);
INSERT INTO dtb_bloc (device_type_id, bloc_id, bloc_name, tpl_path, filename, create_date, update_date, php_path, deletable_flg) VALUES (2, 4, 'カテゴリ', 'category.tpl', 'category', CURRENT_TIMESTAMP, CURRENT_TIMESTAMP, 'frontparts/bloc/category.php', 0);
INSERT INTO dtb_bloc (device_type_id, bloc_id, bloc_name, tpl_path, filename, create_date, update_date, php_path, deletable_flg) VALUES (2, 5, '【ヘッダー】ログイン', 'login_header.tpl', 'login_header', CURRENT_TIMESTAMP, CURRENT_TIMESTAMP, 'frontparts/bloc/login_header.php', 0);
INSERT INTO dtb_bloc (device_type_id, bloc_id, bloc_name, tpl_path, filename, create_date, update_date, php_path, deletable_flg) VALUES (2, 6, '【ヘッダー】ナビ', 'navi_header.tpl', 'navi_header', CURRENT_TIMESTAMP, CURRENT_TIMESTAMP, 'frontparts/bloc/navi_header.php', 0);
INSERT INTO dtb_bloc (device_type_id, bloc_id, bloc_name, tpl_path, filename, create_date, update_date, php_path, deletable_flg) VALUES (2, 7, '【フッター】ログイン', 'login_footer.tpl', 'login_footer', CURRENT_TIMESTAMP, CURRENT_TIMESTAMP, 'frontparts/bloc/login_footer.php', 0);
INSERT INTO dtb_bloc (device_type_id, bloc_id, bloc_name, tpl_path, filename, create_date, update_date, php_path, deletable_flg) VALUES (2, 8, '【フッター】ナビ', 'navi_footer.tpl', 'navi_footer', CURRENT_TIMESTAMP, CURRENT_TIMESTAMP, 'frontparts/bloc/navi_footer.php', 0);

INSERT INTO dtb_blocposition (device_type_id, page_id, target_id, bloc_id, bloc_row, anywhere) VALUES (10, 1, 1, 1, 2, 0);
INSERT INTO dtb_blocposition (device_type_id, page_id, target_id, bloc_id, bloc_row, anywhere) VALUES (10, 1, 1, 2, 3, 0);
INSERT INTO dtb_blocposition (device_type_id, page_id, target_id, bloc_id, bloc_row, anywhere) VALUES (10, 1, 1, 3, 1, 0);
INSERT INTO dtb_blocposition (device_type_id, page_id, target_id, bloc_id, bloc_row, anywhere) VALUES (10, 1, 3, 4, 2, 0);
INSERT INTO dtb_blocposition (device_type_id, page_id, target_id, bloc_id, bloc_row, anywhere) VALUES (10, 1, 3, 8, 3, 0);
INSERT INTO dtb_blocposition (device_type_id, page_id, target_id, bloc_id, bloc_row, anywhere) VALUES (10, 1, 4, 7, 1, 0);
INSERT INTO dtb_blocposition (device_type_id, page_id, target_id, bloc_id, bloc_row, anywhere) VALUES (10, 1, 4, 5, 2, 0);
INSERT INTO dtb_blocposition (device_type_id, page_id, target_id, bloc_id, bloc_row, anywhere) VALUES (10, 1, 3, 6, 1, 0);
INSERT INTO dtb_blocposition (device_type_id, page_id, target_id, bloc_id, bloc_row, anywhere) VALUES (10, 1, 10, 9, 1, 1);
INSERT INTO dtb_blocposition (device_type_id, page_id, target_id, bloc_id, bloc_row, anywhere) VALUES (10, 2, 1, 1, 2, 0);
INSERT INTO dtb_blocposition (device_type_id, page_id, target_id, bloc_id, bloc_row, anywhere) VALUES (10, 2, 1, 2, 3, 0);
INSERT INTO dtb_blocposition (device_type_id, page_id, target_id, bloc_id, bloc_row, anywhere) VALUES (10, 2, 1, 3, 1, 0);
INSERT INTO dtb_blocposition (device_type_id, page_id, target_id, bloc_id, bloc_row, anywhere) VALUES (10, 3, 1, 1, 2, 0);
INSERT INTO dtb_blocposition (device_type_id, page_id, target_id, bloc_id, bloc_row, anywhere) VALUES (10, 3, 1, 2, 3, 0);
INSERT INTO dtb_blocposition (device_type_id, page_id, target_id, bloc_id, bloc_row, anywhere) VALUES (10, 3, 1, 3, 1, 0);
INSERT INTO dtb_blocposition (device_type_id, page_id, target_id, bloc_id, bloc_row, anywhere) VALUES (10, 4, 1, 1, 2, 0);
INSERT INTO dtb_blocposition (device_type_id, page_id, target_id, bloc_id, bloc_row, anywhere) VALUES (10, 4, 1, 2, 3, 0);
INSERT INTO dtb_blocposition (device_type_id, page_id, target_id, bloc_id, bloc_row, anywhere) VALUES (10, 4, 1, 3, 1, 0);
INSERT INTO dtb_blocposition (device_type_id, page_id, target_id, bloc_id, bloc_row, anywhere) VALUES (10, 5, 1, 1, 2, 0);
INSERT INTO dtb_blocposition (device_type_id, page_id, target_id, bloc_id, bloc_row, anywhere) VALUES (10, 5, 1, 2, 3, 0);
INSERT INTO dtb_blocposition (device_type_id, page_id, target_id, bloc_id, bloc_row, anywhere) VALUES (10, 5, 1, 3, 1, 0);
INSERT INTO dtb_blocposition (device_type_id, page_id, target_id, bloc_id, bloc_row, anywhere) VALUES (10, 6, 1, 1, 2, 0);
INSERT INTO dtb_blocposition (device_type_id, page_id, target_id, bloc_id, bloc_row, anywhere) VALUES (10, 6, 1, 2, 3, 0);
INSERT INTO dtb_blocposition (device_type_id, page_id, target_id, bloc_id, bloc_row, anywhere) VALUES (10, 6, 1, 3, 1, 0);
INSERT INTO dtb_blocposition (device_type_id, page_id, target_id, bloc_id, bloc_row, anywhere) VALUES (10, 7, 1, 1, 2, 0);
INSERT INTO dtb_blocposition (device_type_id, page_id, target_id, bloc_id, bloc_row, anywhere) VALUES (10, 7, 1, 2, 3, 0);
INSERT INTO dtb_blocposition (device_type_id, page_id, target_id, bloc_id, bloc_row, anywhere) VALUES (10, 7, 1, 3, 1, 0);
INSERT INTO dtb_blocposition (device_type_id, page_id, target_id, bloc_id, bloc_row, anywhere) VALUES (10, 8, 1, 1, 2, 0);
INSERT INTO dtb_blocposition (device_type_id, page_id, target_id, bloc_id, bloc_row, anywhere) VALUES (10, 8, 1, 2, 3, 0);
INSERT INTO dtb_blocposition (device_type_id, page_id, target_id, bloc_id, bloc_row, anywhere) VALUES (10, 8, 1, 3, 1, 0);
INSERT INTO dtb_blocposition (device_type_id, page_id, target_id, bloc_id, bloc_row, anywhere) VALUES (10, 9, 1, 1, 2, 0);
INSERT INTO dtb_blocposition (device_type_id, page_id, target_id, bloc_id, bloc_row, anywhere) VALUES (10, 9, 1, 2, 3, 0);
INSERT INTO dtb_blocposition (device_type_id, page_id, target_id, bloc_id, bloc_row, anywhere) VALUES (10, 9, 1, 3, 1, 0);
INSERT INTO dtb_blocposition (device_type_id, page_id, target_id, bloc_id, bloc_row, anywhere) VALUES (10, 10, 1, 1, 2, 0);
INSERT INTO dtb_blocposition (device_type_id, page_id, target_id, bloc_id, bloc_row, anywhere) VALUES (10, 10, 1, 2, 3, 0);
INSERT INTO dtb_blocposition (device_type_id, page_id, target_id, bloc_id, bloc_row, anywhere) VALUES (10, 10, 1, 3, 1, 0);
INSERT INTO dtb_blocposition (device_type_id, page_id, target_id, bloc_id, bloc_row, anywhere) VALUES (10, 11, 1, 1, 2, 0);
INSERT INTO dtb_blocposition (device_type_id, page_id, target_id, bloc_id, bloc_row, anywhere) VALUES (10, 11, 1, 2, 3, 0);
INSERT INTO dtb_blocposition (device_type_id, page_id, target_id, bloc_id, bloc_row, anywhere) VALUES (10, 11, 1, 3, 1, 0);
INSERT INTO dtb_blocposition (device_type_id, page_id, target_id, bloc_id, bloc_row, anywhere) VALUES (10, 12, 1, 1, 2, 0);
INSERT INTO dtb_blocposition (device_type_id, page_id, target_id, bloc_id, bloc_row, anywhere) VALUES (10, 12, 1, 2, 3, 0);
INSERT INTO dtb_blocposition (device_type_id, page_id, target_id, bloc_id, bloc_row, anywhere) VALUES (10, 12, 1, 3, 1, 0);
INSERT INTO dtb_blocposition (device_type_id, page_id, target_id, bloc_id, bloc_row, anywhere) VALUES (10, 13, 1, 1, 2, 0);
INSERT INTO dtb_blocposition (device_type_id, page_id, target_id, bloc_id, bloc_row, anywhere) VALUES (10, 13, 1, 2, 3, 0);
INSERT INTO dtb_blocposition (device_type_id, page_id, target_id, bloc_id, bloc_row, anywhere) VALUES (10, 13, 1, 3, 1, 0);
INSERT INTO dtb_blocposition (device_type_id, page_id, target_id, bloc_id, bloc_row, anywhere) VALUES (10, 14, 1, 1, 2, 0);
INSERT INTO dtb_blocposition (device_type_id, page_id, target_id, bloc_id, bloc_row, anywhere) VALUES (10, 14, 1, 2, 3, 0);
INSERT INTO dtb_blocposition (device_type_id, page_id, target_id, bloc_id, bloc_row, anywhere) VALUES (10, 14, 1, 3, 1, 0);
INSERT INTO dtb_blocposition (device_type_id, page_id, target_id, bloc_id, bloc_row, anywhere) VALUES (10, 15, 1, 1, 2, 0);
INSERT INTO dtb_blocposition (device_type_id, page_id, target_id, bloc_id, bloc_row, anywhere) VALUES (10, 15, 1, 2, 3, 0);
INSERT INTO dtb_blocposition (device_type_id, page_id, target_id, bloc_id, bloc_row, anywhere) VALUES (10, 15, 1, 3, 1, 0);
INSERT INTO dtb_blocposition (device_type_id, page_id, target_id, bloc_id, bloc_row, anywhere) VALUES (10, 16, 1, 1, 2, 0);
INSERT INTO dtb_blocposition (device_type_id, page_id, target_id, bloc_id, bloc_row, anywhere) VALUES (10, 16, 1, 2, 3, 0);
INSERT INTO dtb_blocposition (device_type_id, page_id, target_id, bloc_id, bloc_row, anywhere) VALUES (10, 16, 1, 3, 1, 0);
INSERT INTO dtb_blocposition (device_type_id, page_id, target_id, bloc_id, bloc_row, anywhere) VALUES (10, 17, 1, 1, 2, 0);
INSERT INTO dtb_blocposition (device_type_id, page_id, target_id, bloc_id, bloc_row, anywhere) VALUES (10, 17, 1, 2, 3, 0);
INSERT INTO dtb_blocposition (device_type_id, page_id, target_id, bloc_id, bloc_row, anywhere) VALUES (10, 17, 1, 3, 1, 0);
INSERT INTO dtb_blocposition (device_type_id, page_id, target_id, bloc_id, bloc_row, anywhere) VALUES (10, 18, 1, 1, 2, 0);
INSERT INTO dtb_blocposition (device_type_id, page_id, target_id, bloc_id, bloc_row, anywhere) VALUES (10, 18, 1, 2, 3, 0);
INSERT INTO dtb_blocposition (device_type_id, page_id, target_id, bloc_id, bloc_row, anywhere) VALUES (10, 18, 1, 3, 1, 0);
INSERT INTO dtb_blocposition (device_type_id, page_id, target_id, bloc_id, bloc_row, anywhere) VALUES (10, 19, 1, 1, 2, 0);
INSERT INTO dtb_blocposition (device_type_id, page_id, target_id, bloc_id, bloc_row, anywhere) VALUES (10, 19, 1, 2, 3, 0);
INSERT INTO dtb_blocposition (device_type_id, page_id, target_id, bloc_id, bloc_row, anywhere) VALUES (10, 19, 1, 3, 1, 0);
INSERT INTO dtb_blocposition (device_type_id, page_id, target_id, bloc_id, bloc_row, anywhere) VALUES (10, 20, 1, 1, 2, 0);
INSERT INTO dtb_blocposition (device_type_id, page_id, target_id, bloc_id, bloc_row, anywhere) VALUES (10, 20, 1, 2, 3, 0);
INSERT INTO dtb_blocposition (device_type_id, page_id, target_id, bloc_id, bloc_row, anywhere) VALUES (10, 20, 1, 3, 1, 0);
INSERT INTO dtb_blocposition (device_type_id, page_id, target_id, bloc_id, bloc_row, anywhere) VALUES (10, 21, 1, 1, 2, 0);
INSERT INTO dtb_blocposition (device_type_id, page_id, target_id, bloc_id, bloc_row, anywhere) VALUES (10, 21, 1, 2, 3, 0);
INSERT INTO dtb_blocposition (device_type_id, page_id, target_id, bloc_id, bloc_row, anywhere) VALUES (10, 21, 1, 3, 1, 0);
INSERT INTO dtb_blocposition (device_type_id, page_id, target_id, bloc_id, bloc_row, anywhere) VALUES (10, 22, 1, 1, 2, 0);
INSERT INTO dtb_blocposition (device_type_id, page_id, target_id, bloc_id, bloc_row, anywhere) VALUES (10, 22, 1, 2, 3, 0);
INSERT INTO dtb_blocposition (device_type_id, page_id, target_id, bloc_id, bloc_row, anywhere) VALUES (10, 22, 1, 3, 1, 0);
INSERT INTO dtb_blocposition (device_type_id, page_id, target_id, bloc_id, bloc_row, anywhere) VALUES (10, 23, 1, 1, 2, 0);
INSERT INTO dtb_blocposition (device_type_id, page_id, target_id, bloc_id, bloc_row, anywhere) VALUES (10, 23, 1, 2, 3, 0);
INSERT INTO dtb_blocposition (device_type_id, page_id, target_id, bloc_id, bloc_row, anywhere) VALUES (10, 23, 1, 3, 1, 0);
INSERT INTO dtb_blocposition (device_type_id, page_id, target_id, bloc_id, bloc_row, anywhere) VALUES (10, 24, 1, 1, 2, 0);
INSERT INTO dtb_blocposition (device_type_id, page_id, target_id, bloc_id, bloc_row, anywhere) VALUES (10, 24, 1, 2, 3, 0);
INSERT INTO dtb_blocposition (device_type_id, page_id, target_id, bloc_id, bloc_row, anywhere) VALUES (10, 24, 1, 3, 1, 0);
INSERT INTO dtb_blocposition (device_type_id, page_id, target_id, bloc_id, bloc_row, anywhere) VALUES (10, 25, 1, 1, 2, 0);
INSERT INTO dtb_blocposition (device_type_id, page_id, target_id, bloc_id, bloc_row, anywhere) VALUES (10, 25, 1, 2, 3, 0);
INSERT INTO dtb_blocposition (device_type_id, page_id, target_id, bloc_id, bloc_row, anywhere) VALUES (10, 25, 1, 3, 1, 0);
INSERT INTO dtb_blocposition (device_type_id, page_id, target_id, bloc_id, bloc_row, anywhere) VALUES (10, 26, 1, 1, 2, 0);
INSERT INTO dtb_blocposition (device_type_id, page_id, target_id, bloc_id, bloc_row, anywhere) VALUES (10, 26, 1, 2, 3, 0);
INSERT INTO dtb_blocposition (device_type_id, page_id, target_id, bloc_id, bloc_row, anywhere) VALUES (10, 26, 1, 3, 1, 0);
INSERT INTO dtb_blocposition (device_type_id, page_id, target_id, bloc_id, bloc_row, anywhere) VALUES (10, 27, 1, 1, 2, 0);
INSERT INTO dtb_blocposition (device_type_id, page_id, target_id, bloc_id, bloc_row, anywhere) VALUES (10, 27, 1, 2, 3, 0);
INSERT INTO dtb_blocposition (device_type_id, page_id, target_id, bloc_id, bloc_row, anywhere) VALUES (10, 27, 1, 3, 1, 0);
INSERT INTO dtb_blocposition (device_type_id, page_id, target_id, bloc_id, bloc_row, anywhere) VALUES (10, 28, 1, 1, 2, 0);
INSERT INTO dtb_blocposition (device_type_id, page_id, target_id, bloc_id, bloc_row, anywhere) VALUES (10, 28, 1, 2, 3, 0);
INSERT INTO dtb_blocposition (device_type_id, page_id, target_id, bloc_id, bloc_row, anywhere) VALUES (10, 28, 1, 3, 1, 0);
INSERT INTO dtb_blocposition (device_type_id, page_id, target_id, bloc_id, bloc_row, anywhere) VALUES (1, 1, 10, 1, 1, 0);
INSERT INTO dtb_blocposition (device_type_id, page_id, target_id, bloc_id, bloc_row, anywhere) VALUES (1, 1, 2, 2, 1, 0);
INSERT INTO dtb_blocposition (device_type_id, page_id, target_id, bloc_id, bloc_row, anywhere) VALUES (1, 1, 2, 3, 2, 0);
INSERT INTO dtb_blocposition (device_type_id, page_id, target_id, bloc_id, bloc_row, anywhere) VALUES (1, 1, 2, 4, 3, 0);
INSERT INTO dtb_blocposition (device_type_id, page_id, target_id, bloc_id, bloc_row, anywhere) VALUES (2, 1, 4, 1, 4, 0);
INSERT INTO dtb_blocposition (device_type_id, page_id, target_id, bloc_id, bloc_row, anywhere) VALUES (2, 1, 4, 2, 1, 0);
INSERT INTO dtb_blocposition (device_type_id, page_id, target_id, bloc_id, bloc_row, anywhere) VALUES (2, 1, 4, 3, 2, 0);
INSERT INTO dtb_blocposition (device_type_id, page_id, target_id, bloc_id, bloc_row, anywhere) VALUES (2, 1, 4, 4, 3, 0);
INSERT INTO dtb_blocposition (device_type_id, page_id, target_id, bloc_id, bloc_row, anywhere) VALUES (2, 1, 6, 7, 2, 0);
INSERT INTO dtb_blocposition (device_type_id, page_id, target_id, bloc_id, bloc_row, anywhere) VALUES (2, 1, 6, 8, 1, 0);
INSERT INTO dtb_blocposition (device_type_id, page_id, target_id, bloc_id, bloc_row, anywhere) VALUES (2, 1, 10, 5, 1, 0);
INSERT INTO dtb_blocposition (device_type_id, page_id, target_id, bloc_id, bloc_row, anywhere) VALUES (2, 2, 6, 7, 2, 0);
INSERT INTO dtb_blocposition (device_type_id, page_id, target_id, bloc_id, bloc_row, anywhere) VALUES (2, 2, 6, 8, 1, 0);
INSERT INTO dtb_blocposition (device_type_id, page_id, target_id, bloc_id, bloc_row, anywhere) VALUES (2, 2, 10, 6, 1, 0);
INSERT INTO dtb_blocposition (device_type_id, page_id, target_id, bloc_id, bloc_row, anywhere) VALUES (2, 3, 6, 7, 2, 0);
INSERT INTO dtb_blocposition (device_type_id, page_id, target_id, bloc_id, bloc_row, anywhere) VALUES (2, 3, 6, 8, 1, 0);
INSERT INTO dtb_blocposition (device_type_id, page_id, target_id, bloc_id, bloc_row, anywhere) VALUES (2, 3, 10, 6, 1, 0);
INSERT INTO dtb_blocposition (device_type_id, page_id, target_id, bloc_id, bloc_row, anywhere) VALUES (2, 4, 6, 7, 2, 0);
INSERT INTO dtb_blocposition (device_type_id, page_id, target_id, bloc_id, bloc_row, anywhere) VALUES (2, 4, 6, 8, 1, 0);
INSERT INTO dtb_blocposition (device_type_id, page_id, target_id, bloc_id, bloc_row, anywhere) VALUES (2, 4, 10, 6, 1, 0);
INSERT INTO dtb_blocposition (device_type_id, page_id, target_id, bloc_id, bloc_row, anywhere) VALUES (2, 5, 6, 7, 2, 0);
INSERT INTO dtb_blocposition (device_type_id, page_id, target_id, bloc_id, bloc_row, anywhere) VALUES (2, 5, 6, 8, 1, 0);
INSERT INTO dtb_blocposition (device_type_id, page_id, target_id, bloc_id, bloc_row, anywhere) VALUES (2, 5, 10, 6, 1, 0);
INSERT INTO dtb_blocposition (device_type_id, page_id, target_id, bloc_id, bloc_row, anywhere) VALUES (2, 6, 6, 7, 2, 0);
INSERT INTO dtb_blocposition (device_type_id, page_id, target_id, bloc_id, bloc_row, anywhere) VALUES (2, 6, 6, 8, 1, 0);
INSERT INTO dtb_blocposition (device_type_id, page_id, target_id, bloc_id, bloc_row, anywhere) VALUES (2, 6, 10, 6, 1, 0);
INSERT INTO dtb_blocposition (device_type_id, page_id, target_id, bloc_id, bloc_row, anywhere) VALUES (2, 7, 6, 7, 2, 0);
INSERT INTO dtb_blocposition (device_type_id, page_id, target_id, bloc_id, bloc_row, anywhere) VALUES (2, 7, 6, 8, 1, 0);
INSERT INTO dtb_blocposition (device_type_id, page_id, target_id, bloc_id, bloc_row, anywhere) VALUES (2, 7, 10, 6, 1, 0);
INSERT INTO dtb_blocposition (device_type_id, page_id, target_id, bloc_id, bloc_row, anywhere) VALUES (2, 8, 6, 7, 2, 0);
INSERT INTO dtb_blocposition (device_type_id, page_id, target_id, bloc_id, bloc_row, anywhere) VALUES (2, 8, 6, 8, 1, 0);
INSERT INTO dtb_blocposition (device_type_id, page_id, target_id, bloc_id, bloc_row, anywhere) VALUES (2, 8, 10, 6, 1, 0);
INSERT INTO dtb_blocposition (device_type_id, page_id, target_id, bloc_id, bloc_row, anywhere) VALUES (2, 9, 6, 7, 2, 0);
INSERT INTO dtb_blocposition (device_type_id, page_id, target_id, bloc_id, bloc_row, anywhere) VALUES (2, 9, 6, 8, 1, 0);
INSERT INTO dtb_blocposition (device_type_id, page_id, target_id, bloc_id, bloc_row, anywhere) VALUES (2, 9, 10, 6, 1, 0);
INSERT INTO dtb_blocposition (device_type_id, page_id, target_id, bloc_id, bloc_row, anywhere) VALUES (2, 10, 6, 7, 2, 0);
INSERT INTO dtb_blocposition (device_type_id, page_id, target_id, bloc_id, bloc_row, anywhere) VALUES (2, 10, 6, 8, 1, 0);
INSERT INTO dtb_blocposition (device_type_id, page_id, target_id, bloc_id, bloc_row, anywhere) VALUES (2, 10, 10, 6, 1, 0);
INSERT INTO dtb_blocposition (device_type_id, page_id, target_id, bloc_id, bloc_row, anywhere) VALUES (2, 11, 6, 7, 2, 0);
INSERT INTO dtb_blocposition (device_type_id, page_id, target_id, bloc_id, bloc_row, anywhere) VALUES (2, 11, 6, 8, 1, 0);
INSERT INTO dtb_blocposition (device_type_id, page_id, target_id, bloc_id, bloc_row, anywhere) VALUES (2, 11, 10, 6, 1, 0);
INSERT INTO dtb_blocposition (device_type_id, page_id, target_id, bloc_id, bloc_row, anywhere) VALUES (2, 12, 6, 7, 2, 0);
INSERT INTO dtb_blocposition (device_type_id, page_id, target_id, bloc_id, bloc_row, anywhere) VALUES (2, 12, 6, 8, 1, 0);
INSERT INTO dtb_blocposition (device_type_id, page_id, target_id, bloc_id, bloc_row, anywhere) VALUES (2, 12, 10, 6, 1, 0);
INSERT INTO dtb_blocposition (device_type_id, page_id, target_id, bloc_id, bloc_row, anywhere) VALUES (2, 13, 6, 7, 2, 0);
INSERT INTO dtb_blocposition (device_type_id, page_id, target_id, bloc_id, bloc_row, anywhere) VALUES (2, 13, 6, 8, 1, 0);
INSERT INTO dtb_blocposition (device_type_id, page_id, target_id, bloc_id, bloc_row, anywhere) VALUES (2, 13, 10, 6, 1, 0);
INSERT INTO dtb_blocposition (device_type_id, page_id, target_id, bloc_id, bloc_row, anywhere) VALUES (2, 14, 6, 7, 2, 0);
INSERT INTO dtb_blocposition (device_type_id, page_id, target_id, bloc_id, bloc_row, anywhere) VALUES (2, 14, 6, 8, 1, 0);
INSERT INTO dtb_blocposition (device_type_id, page_id, target_id, bloc_id, bloc_row, anywhere) VALUES (2, 14, 10, 6, 1, 0);
INSERT INTO dtb_blocposition (device_type_id, page_id, target_id, bloc_id, bloc_row, anywhere) VALUES (2, 15, 6, 7, 2, 0);
INSERT INTO dtb_blocposition (device_type_id, page_id, target_id, bloc_id, bloc_row, anywhere) VALUES (2, 15, 6, 8, 1, 0);
INSERT INTO dtb_blocposition (device_type_id, page_id, target_id, bloc_id, bloc_row, anywhere) VALUES (2, 15, 10, 6, 1, 0);
INSERT INTO dtb_blocposition (device_type_id, page_id, target_id, bloc_id, bloc_row, anywhere) VALUES (2, 16, 6, 7, 2, 0);
INSERT INTO dtb_blocposition (device_type_id, page_id, target_id, bloc_id, bloc_row, anywhere) VALUES (2, 16, 6, 8, 1, 0);
INSERT INTO dtb_blocposition (device_type_id, page_id, target_id, bloc_id, bloc_row, anywhere) VALUES (2, 16, 10, 6, 1, 0);
INSERT INTO dtb_blocposition (device_type_id, page_id, target_id, bloc_id, bloc_row, anywhere) VALUES (2, 17, 6, 7, 2, 0);
INSERT INTO dtb_blocposition (device_type_id, page_id, target_id, bloc_id, bloc_row, anywhere) VALUES (2, 17, 6, 8, 1, 0);
INSERT INTO dtb_blocposition (device_type_id, page_id, target_id, bloc_id, bloc_row, anywhere) VALUES (2, 17, 10, 6, 1, 0);
INSERT INTO dtb_blocposition (device_type_id, page_id, target_id, bloc_id, bloc_row, anywhere) VALUES (2, 18, 6, 7, 2, 0);
INSERT INTO dtb_blocposition (device_type_id, page_id, target_id, bloc_id, bloc_row, anywhere) VALUES (2, 18, 6, 8, 1, 0);
INSERT INTO dtb_blocposition (device_type_id, page_id, target_id, bloc_id, bloc_row, anywhere) VALUES (2, 18, 10, 6, 1, 0);
INSERT INTO dtb_blocposition (device_type_id, page_id, target_id, bloc_id, bloc_row, anywhere) VALUES (2, 19, 6, 7, 2, 0);
INSERT INTO dtb_blocposition (device_type_id, page_id, target_id, bloc_id, bloc_row, anywhere) VALUES (2, 19, 6, 8, 1, 0);
INSERT INTO dtb_blocposition (device_type_id, page_id, target_id, bloc_id, bloc_row, anywhere) VALUES (2, 19, 10, 6, 1, 0);
INSERT INTO dtb_blocposition (device_type_id, page_id, target_id, bloc_id, bloc_row, anywhere) VALUES (2, 20, 6, 7, 2, 0);
INSERT INTO dtb_blocposition (device_type_id, page_id, target_id, bloc_id, bloc_row, anywhere) VALUES (2, 20, 6, 8, 1, 0);
INSERT INTO dtb_blocposition (device_type_id, page_id, target_id, bloc_id, bloc_row, anywhere) VALUES (2, 20, 10, 6, 1, 0);
INSERT INTO dtb_blocposition (device_type_id, page_id, target_id, bloc_id, bloc_row, anywhere) VALUES (2, 21, 6, 7, 2, 0);
INSERT INTO dtb_blocposition (device_type_id, page_id, target_id, bloc_id, bloc_row, anywhere) VALUES (2, 21, 6, 8, 1, 0);
INSERT INTO dtb_blocposition (device_type_id, page_id, target_id, bloc_id, bloc_row, anywhere) VALUES (2, 21, 10, 6, 1, 0);
INSERT INTO dtb_blocposition (device_type_id, page_id, target_id, bloc_id, bloc_row, anywhere) VALUES (2, 22, 6, 7, 2, 0);
INSERT INTO dtb_blocposition (device_type_id, page_id, target_id, bloc_id, bloc_row, anywhere) VALUES (2, 22, 6, 8, 1, 0);
INSERT INTO dtb_blocposition (device_type_id, page_id, target_id, bloc_id, bloc_row, anywhere) VALUES (2, 22, 10, 6, 1, 0);
INSERT INTO dtb_blocposition (device_type_id, page_id, target_id, bloc_id, bloc_row, anywhere) VALUES (2, 23, 6, 7, 2, 0);
INSERT INTO dtb_blocposition (device_type_id, page_id, target_id, bloc_id, bloc_row, anywhere) VALUES (2, 23, 6, 8, 1, 0);
INSERT INTO dtb_blocposition (device_type_id, page_id, target_id, bloc_id, bloc_row, anywhere) VALUES (2, 23, 10, 6, 1, 0);
INSERT INTO dtb_blocposition (device_type_id, page_id, target_id, bloc_id, bloc_row, anywhere) VALUES (2, 24, 6, 7, 2, 0);
INSERT INTO dtb_blocposition (device_type_id, page_id, target_id, bloc_id, bloc_row, anywhere) VALUES (2, 24, 6, 8, 1, 0);
INSERT INTO dtb_blocposition (device_type_id, page_id, target_id, bloc_id, bloc_row, anywhere) VALUES (2, 24, 10, 6, 1, 0);
INSERT INTO dtb_blocposition (device_type_id, page_id, target_id, bloc_id, bloc_row, anywhere) VALUES (2, 25, 6, 7, 2, 0);
INSERT INTO dtb_blocposition (device_type_id, page_id, target_id, bloc_id, bloc_row, anywhere) VALUES (2, 25, 6, 8, 1, 0);
INSERT INTO dtb_blocposition (device_type_id, page_id, target_id, bloc_id, bloc_row, anywhere) VALUES (2, 25, 10, 6, 1, 0);
INSERT INTO dtb_blocposition (device_type_id, page_id, target_id, bloc_id, bloc_row, anywhere) VALUES (2, 26, 6, 7, 2, 0);
INSERT INTO dtb_blocposition (device_type_id, page_id, target_id, bloc_id, bloc_row, anywhere) VALUES (2, 26, 6, 8, 1, 0);
INSERT INTO dtb_blocposition (device_type_id, page_id, target_id, bloc_id, bloc_row, anywhere) VALUES (2, 26, 10, 6, 1, 0);
INSERT INTO dtb_blocposition (device_type_id, page_id, target_id, bloc_id, bloc_row, anywhere) VALUES (2, 27, 6, 7, 2, 0);
INSERT INTO dtb_blocposition (device_type_id, page_id, target_id, bloc_id, bloc_row, anywhere) VALUES (2, 27, 6, 8, 1, 0);
INSERT INTO dtb_blocposition (device_type_id, page_id, target_id, bloc_id, bloc_row, anywhere) VALUES (2, 27, 10, 6, 1, 0);
INSERT INTO dtb_blocposition (device_type_id, page_id, target_id, bloc_id, bloc_row, anywhere) VALUES (2, 28, 6, 7, 2, 0);
INSERT INTO dtb_blocposition (device_type_id, page_id, target_id, bloc_id, bloc_row, anywhere) VALUES (2, 28, 6, 8, 1, 0);
INSERT INTO dtb_blocposition (device_type_id, page_id, target_id, bloc_id, bloc_row, anywhere) VALUES (2, 28, 10, 6, 1, 0);
INSERT INTO dtb_blocposition (device_type_id, page_id, target_id, bloc_id, bloc_row, anywhere) VALUES (2, 29, 6, 7, 2, 0);
INSERT INTO dtb_blocposition (device_type_id, page_id, target_id, bloc_id, bloc_row, anywhere) VALUES (2, 29, 6, 8, 1, 0);
INSERT INTO dtb_blocposition (device_type_id, page_id, target_id, bloc_id, bloc_row, anywhere) VALUES (2, 29, 10, 6, 1, 0);

INSERT INTO dtb_category (category_id, category_name, parent_category_id, level, rank, creator_id, create_date, update_date, del_flg) VALUES (1, '食品', 0, 1, 5, 2, CURRENT_TIMESTAMP, CURRENT_TIMESTAMP, 0);
INSERT INTO dtb_category (category_id, category_name, parent_category_id, level, rank, creator_id, create_date, update_date, del_flg) VALUES (2, '雑貨', 0, 1, 6, 2, CURRENT_TIMESTAMP, CURRENT_TIMESTAMP, 0);
INSERT INTO dtb_category (category_id, category_name, parent_category_id, level, rank, creator_id, create_date, update_date, del_flg) VALUES (3, 'お菓子', 1, 2, 3, 2, CURRENT_TIMESTAMP, CURRENT_TIMESTAMP, 0);
INSERT INTO dtb_category (category_id, category_name, parent_category_id, level, rank, creator_id, create_date, update_date, del_flg) VALUES (4, 'なべ', 1, 2, 4, 2, CURRENT_TIMESTAMP, CURRENT_TIMESTAMP, 0);
INSERT INTO dtb_category (category_id, category_name, parent_category_id, level, rank, creator_id, create_date, update_date, del_flg) VALUES (5, 'アイス', 3, 3, 2, 2, CURRENT_TIMESTAMP, CURRENT_TIMESTAMP, 0);
INSERT INTO dtb_category (category_id, category_name, parent_category_id, level, rank, creator_id, create_date, update_date, del_flg) VALUES (6, 'レシピ', 0, 1, 1, 2, CURRENT_TIMESTAMP, CURRENT_TIMESTAMP, 0);

INSERT INTO dtb_category_count (category_id, product_count, create_date) VALUES (4, 2, CURRENT_TIMESTAMP);
INSERT INTO dtb_category_count (category_id, product_count, create_date) VALUES (5, 1, CURRENT_TIMESTAMP);
INSERT INTO dtb_category_count (category_id, product_count, create_date) VALUES (6, 1, CURRENT_TIMESTAMP);

INSERT INTO dtb_category_total_count (category_id, product_count, create_date) VALUES (3, 1, CURRENT_TIMESTAMP);
INSERT INTO dtb_category_total_count (category_id, product_count, create_date) VALUES (1, 3, CURRENT_TIMESTAMP);
INSERT INTO dtb_category_total_count (category_id, product_count, create_date) VALUES (2, NULL, CURRENT_TIMESTAMP);
INSERT INTO dtb_category_total_count (category_id, product_count, create_date) VALUES (5, 1, CURRENT_TIMESTAMP);
INSERT INTO dtb_category_total_count (category_id, product_count, create_date) VALUES (4, 2, CURRENT_TIMESTAMP);
INSERT INTO dtb_category_total_count (category_id, product_count, create_date) VALUES (6, 1, CURRENT_TIMESTAMP);

INSERT INTO dtb_class (class_id, name, rank, creator_id, create_date, update_date, del_flg) VALUES (1, '味', 1, 2, CURRENT_TIMESTAMP, CURRENT_TIMESTAMP, 0);
INSERT INTO dtb_class (class_id, name, rank, creator_id, create_date, update_date, del_flg) VALUES (2, '大きさ', 2, 2, CURRENT_TIMESTAMP, CURRENT_TIMESTAMP, 0);
INSERT INTO dtb_classcategory (classcategory_id, name, class_id, rank, creator_id, create_date, update_date, del_flg) VALUES (1, 'バニラ', 1, 1, 2, CURRENT_TIMESTAMP, CURRENT_TIMESTAMP, 0);
INSERT INTO dtb_classcategory (classcategory_id, name, class_id, rank, creator_id, create_date, update_date, del_flg) VALUES (2, 'チョコ', 1, 2, 2, CURRENT_TIMESTAMP, CURRENT_TIMESTAMP, 0);
INSERT INTO dtb_classcategory (classcategory_id, name, class_id, rank, creator_id, create_date, update_date, del_flg) VALUES (3, '抹茶', 1, 3, 2, CURRENT_TIMESTAMP, CURRENT_TIMESTAMP, 0);
INSERT INTO dtb_classcategory (classcategory_id, name, class_id, rank, creator_id, create_date, update_date, del_flg) VALUES (4, 'L', 2, 1, 2, CURRENT_TIMESTAMP, CURRENT_TIMESTAMP, 0);
INSERT INTO dtb_classcategory (classcategory_id, name, class_id, rank, creator_id, create_date, update_date, del_flg) VALUES (5, 'M', 2, 2, 2, CURRENT_TIMESTAMP, CURRENT_TIMESTAMP, 0);
INSERT INTO dtb_classcategory (classcategory_id, name, class_id, rank, creator_id, create_date, update_date, del_flg) VALUES (6, 'S', 2, 3, 2, CURRENT_TIMESTAMP, CURRENT_TIMESTAMP, 0);
INSERT INTO dtb_classcategory (classcategory_id, name, class_id, rank, creator_id, create_date, update_date, del_flg) VALUES (0, NULL, 0, 0, 0, CURRENT_TIMESTAMP, CURRENT_TIMESTAMP, 0);

INSERT INTO dtb_csv (no, csv_id, col, disp_name, rank, rw_flg, status, create_date, update_date, mb_convert_kana_option, size_const_type, error_check_types) VALUES (1, 1, 'product_id', '商品ID', 1, 3, 1, CURRENT_TIMESTAMP, CURRENT_TIMESTAMP, 'n', 'INT_LEN', 'NUM_CHECK,MAX_LENGTH_CHECK');
INSERT INTO dtb_csv (no, csv_id, col, disp_name, rank, rw_flg, status, create_date, update_date, mb_convert_kana_option, size_const_type, error_check_types) VALUES (2, 1, 'product_class_id', '商品規格ID', 2, 3, 1, CURRENT_TIMESTAMP, CURRENT_TIMESTAMP, 'n', 'INT_LEN', 'NUM_CHECK,MAX_LENGTH_CHECK');
INSERT INTO dtb_csv (no, csv_id, col, disp_name, rank, rw_flg, status, create_date, update_date, mb_convert_kana_option, size_const_type, error_check_types) VALUES (3, 1, 'parent_classcategory_id', '親規格分類ID', 3, 2, 1, CURRENT_TIMESTAMP, CURRENT_TIMESTAMP, 'n', 'INT_LEN', 'NUM_CHECK,MAX_LENGTH_CHECK');
INSERT INTO dtb_csv (no, csv_id, col, disp_name, rank, rw_flg, status, create_date, update_date, mb_convert_kana_option, size_const_type, error_check_types) VALUES (4, 1, 'classcategory_id', '規格分類ID', 4, 2, 1, CURRENT_TIMESTAMP, CURRENT_TIMESTAMP, 'n', 'INT_LEN', 'NUM_CHECK,MAX_LENGTH_CHECK');
INSERT INTO dtb_csv (no, csv_id, col, disp_name, rank, rw_flg, status, create_date, update_date, mb_convert_kana_option, size_const_type, error_check_types) VALUES (5, 1, 'parent_classcategory_name', '親規格分類名', 5, 2, 1, CURRENT_TIMESTAMP, CURRENT_TIMESTAMP, 'KVa', 'STEXT_LEN', 'SPTAB_CHECK,MAX_LENGTH_CHECK');
INSERT INTO dtb_csv (no, csv_id, col, disp_name, rank, rw_flg, status, create_date, update_date, mb_convert_kana_option, size_const_type, error_check_types) VALUES (6, 1, 'classcategory_name', '規格分類名', 6, 2, 1, CURRENT_TIMESTAMP, CURRENT_TIMESTAMP, 'KVa', 'STEXT_LEN', 'SPTAB_CHECK,MAX_LENGTH_CHECK');
INSERT INTO dtb_csv (no, csv_id, col, disp_name, rank, rw_flg, status, create_date, update_date, mb_convert_kana_option, size_const_type, error_check_types) VALUES (7, 1, 'maker_id', 'メーカーID', 7, 1, 1, CURRENT_TIMESTAMP, CURRENT_TIMESTAMP, 'n', 'INT_LEN', 'NUM_CHECK,MAX_LENGTH_CHECK');
INSERT INTO dtb_csv (no, csv_id, col, disp_name, rank, rw_flg, status, create_date, update_date, mb_convert_kana_option, size_const_type, error_check_types) VALUES (8, 1, '(SELECT name as maker_name FROM dtb_maker WHERE prdcls.maker_id = dtb_maker.maker_id) as maker_name', 'メーカー名', 8, 2, 1, CURRENT_TIMESTAMP, CURRENT_TIMESTAMP, 'KVa', 'STEXT_LEN', 'SPTAB_CHECK,MAX_LENGTH_CHECK');
INSERT INTO dtb_csv (no, csv_id, col, disp_name, rank, rw_flg, status, create_date, update_date, mb_convert_kana_option, size_const_type, error_check_types) VALUES (9, 1, 'name', '商品名', 9, 1, 1, CURRENT_TIMESTAMP, CURRENT_TIMESTAMP, 'KVa', 'STEXT_LEN', 'SPTAB_CHECK,MAX_LENGTH_CHECK,EXIST_CHECK');
INSERT INTO dtb_csv (no, csv_id, col, disp_name, rank, rw_flg, status, create_date, update_date, mb_convert_kana_option, size_const_type, error_check_types) VALUES (10, 1, 'status', '表示ステータス(公開・非公開)', 10, 1, 1, CURRENT_TIMESTAMP, CURRENT_TIMESTAMP, 'n', 'INT_LEN', 'NUM_CHECK,MAX_LENGTH_CHECK');
INSERT INTO dtb_csv (no, csv_id, col, disp_name, rank, rw_flg, status, create_date, update_date, mb_convert_kana_option, size_const_type, error_check_types) VALUES (11, 1, 'comment1', 'メーカーURL(コメント1)', 11, 1, 1, CURRENT_TIMESTAMP, CURRENT_TIMESTAMP, 'KVa', 'URL_LEN', 'SPTAB_CHECK,MAX_LENGTH_CHECK,URL_CHECK');
INSERT INTO dtb_csv (no, csv_id, col, disp_name, rank, rw_flg, status, create_date, update_date, mb_convert_kana_option, size_const_type, error_check_types) VALUES (12, 1, 'comment2', 'コメント2', 12, 1, 1, CURRENT_TIMESTAMP, CURRENT_TIMESTAMP, 'KVa', 'LLTEXT_LEN', 'SPTAB_CHECK,MAX_LENGTH_CHECK');
INSERT INTO dtb_csv (no, csv_id, col, disp_name, rank, rw_flg, status, create_date, update_date, mb_convert_kana_option, size_const_type, error_check_types) VALUES (13, 1, 'comment3', '検索ワード(コメント3)', 13, 1, 1, CURRENT_TIMESTAMP, CURRENT_TIMESTAMP, 'KVa', 'LLTEXT_LEN', 'SPTAB_CHECK,MAX_LENGTH_CHECK');
INSERT INTO dtb_csv (no, csv_id, col, disp_name, rank, rw_flg, status, create_date, update_date, mb_convert_kana_option, size_const_type, error_check_types) VALUES (14, 1, 'comment4', 'コメント4', 14, 1, 1, CURRENT_TIMESTAMP, CURRENT_TIMESTAMP, 'KVa', 'LLTEXT_LEN', 'SPTAB_CHECK,MAX_LENGTH_CHECK');
INSERT INTO dtb_csv (no, csv_id, col, disp_name, rank, rw_flg, status, create_date, update_date, mb_convert_kana_option, size_const_type, error_check_types) VALUES (15, 1, 'comment5', 'コメント5', 15, 1, 1, CURRENT_TIMESTAMP, CURRENT_TIMESTAMP, 'KVa', 'LLTEXT_LEN', 'SPTAB_CHECK,MAX_LENGTH_CHECK');
INSERT INTO dtb_csv (no, csv_id, col, disp_name, rank, rw_flg, status, create_date, update_date, mb_convert_kana_option, size_const_type, error_check_types) VALUES (16, 1, 'comment6', 'コメント6', 16, 1, 1, CURRENT_TIMESTAMP, CURRENT_TIMESTAMP, 'KVa', 'LLTEXT_LEN', 'SPTAB_CHECK,MAX_LENGTH_CHECK');
INSERT INTO dtb_csv (no, csv_id, col, disp_name, rank, rw_flg, status, create_date, update_date, mb_convert_kana_option, size_const_type, error_check_types) VALUES (17, 1, 'note', '備考欄(SHOP専用)', 17, 1, 1, CURRENT_TIMESTAMP, CURRENT_TIMESTAMP, 'KVa', 'LLTEXT_LEN', 'SPTAB_CHECK,MAX_LENGTH_CHECK');
INSERT INTO dtb_csv (no, csv_id, col, disp_name, rank, rw_flg, status, create_date, update_date, mb_convert_kana_option, size_const_type, error_check_types) VALUES (18, 1, 'main_list_comment', '一覧-メインコメント', 18, 1, 1, CURRENT_TIMESTAMP, CURRENT_TIMESTAMP, 'KVa', 'MTEXT_LEN', 'SPTAB_CHECK,MAX_LENGTH_CHECK,EXIST_CHECK');
INSERT INTO dtb_csv (no, csv_id, col, disp_name, rank, rw_flg, status, create_date, update_date, mb_convert_kana_option, size_const_type, error_check_types) VALUES (19, 1, 'main_list_image', '一覧-メイン画像', 19, 1, 1, CURRENT_TIMESTAMP, CURRENT_TIMESTAMP, NULL, 'LTEXT_LEN', 'SPTAB_CHECK,MAX_LENGTH_CHECK,FILE_EXISTS');
INSERT INTO dtb_csv (no, csv_id, col, disp_name, rank, rw_flg, status, create_date, update_date, mb_convert_kana_option, size_const_type, error_check_types) VALUES (20, 1, 'main_comment', '詳細-メインコメント', 20, 1, 1, CURRENT_TIMESTAMP, CURRENT_TIMESTAMP, 'KVa', 'LLTEXT_LEN', 'SPTAB_CHECK,MAX_LENGTH_CHECK,EXIST_CHECK,HTML_TAG_CHECK');
INSERT INTO dtb_csv (no, csv_id, col, disp_name, rank, rw_flg, status, create_date, update_date, mb_convert_kana_option, size_const_type, error_check_types) VALUES (21, 1, 'main_image', '詳細-メイン画像', 21, 1, 1, CURRENT_TIMESTAMP, CURRENT_TIMESTAMP, NULL, 'LTEXT_LEN', 'SPTAB_CHECK,MAX_LENGTH_CHECK,FILE_EXISTS');
INSERT INTO dtb_csv (no, csv_id, col, disp_name, rank, rw_flg, status, create_date, update_date, mb_convert_kana_option, size_const_type, error_check_types) VALUES (22, 1, 'main_large_image', '詳細-メイン拡大画像 ', 22, 1, 1, CURRENT_TIMESTAMP, CURRENT_TIMESTAMP, NULL, 'LTEXT_LEN', 'SPTAB_CHECK,MAX_LENGTH_CHECK,FILE_EXISTS');
INSERT INTO dtb_csv (no, csv_id, col, disp_name, rank, rw_flg, status, create_date, update_date, mb_convert_kana_option, size_const_type, error_check_types) VALUES (23, 1, 'sub_title1', '詳細-サブタイトル(1)', 23, 1, 1, CURRENT_TIMESTAMP, CURRENT_TIMESTAMP, 'KVa', 'STEXT_LEN', 'SPTAB_CHECK,MAX_LENGTH_CHECK');
INSERT INTO dtb_csv (no, csv_id, col, disp_name, rank, rw_flg, status, create_date, update_date, mb_convert_kana_option, size_const_type, error_check_types) VALUES (24, 1, 'sub_comment1', '詳細-サブコメント(1)', 24, 1, 1, CURRENT_TIMESTAMP, CURRENT_TIMESTAMP, 'KVa', 'LLTEXT_LEN', 'SPTAB_CHECK,MAX_LENGTH_CHECK,HTML_TAG_CHECK');
INSERT INTO dtb_csv (no, csv_id, col, disp_name, rank, rw_flg, status, create_date, update_date, mb_convert_kana_option, size_const_type, error_check_types) VALUES (25, 1, 'sub_image1', '詳細-サブ画像(1)', 25, 1, 1, CURRENT_TIMESTAMP, CURRENT_TIMESTAMP, NULL, 'LTEXT_LEN', 'SPTAB_CHECK,MAX_LENGTH_CHECK,FILE_EXISTS');
INSERT INTO dtb_csv (no, csv_id, col, disp_name, rank, rw_flg, status, create_date, update_date, mb_convert_kana_option, size_const_type, error_check_types) VALUES (26, 1, 'sub_large_image1', '詳細-サブ拡大画像(1)', 26, 1, 1, CURRENT_TIMESTAMP, CURRENT_TIMESTAMP, NULL, 'LTEXT_LEN', 'SPTAB_CHECK,MAX_LENGTH_CHECK,FILE_EXISTS');
INSERT INTO dtb_csv (no, csv_id, col, disp_name, rank, rw_flg, status, create_date, update_date, mb_convert_kana_option, size_const_type, error_check_types) VALUES (27, 1, 'sub_title2', '詳細-サブタイトル(2)', 27, 1, 1, CURRENT_TIMESTAMP, CURRENT_TIMESTAMP, 'KVa', 'STEXT_LEN', 'SPTAB_CHECK,MAX_LENGTH_CHECK');
INSERT INTO dtb_csv (no, csv_id, col, disp_name, rank, rw_flg, status, create_date, update_date, mb_convert_kana_option, size_const_type, error_check_types) VALUES (28, 1, 'sub_comment2', '詳細-サブコメント(2)', 28, 1, 1, CURRENT_TIMESTAMP, CURRENT_TIMESTAMP, 'KVa', 'LLTEXT_LEN', 'SPTAB_CHECK,MAX_LENGTH_CHECK');
INSERT INTO dtb_csv (no, csv_id, col, disp_name, rank, rw_flg, status, create_date, update_date, mb_convert_kana_option, size_const_type, error_check_types) VALUES (29, 1, 'sub_image2', '詳細-サブ画像(2)', 29, 1, 1, CURRENT_TIMESTAMP, CURRENT_TIMESTAMP, NULL, 'LTEXT_LEN', 'SPTAB_CHECK,MAX_LENGTH_CHECK,FILE_EXISTS');
INSERT INTO dtb_csv (no, csv_id, col, disp_name, rank, rw_flg, status, create_date, update_date, mb_convert_kana_option, size_const_type, error_check_types) VALUES (30, 1, 'sub_large_image2', '詳細-サブ拡大画像(2)', 30, 1, 1, CURRENT_TIMESTAMP, CURRENT_TIMESTAMP, NULL, 'LTEXT_LEN', 'SPTAB_CHECK,MAX_LENGTH_CHECK,FILE_EXISTS');
INSERT INTO dtb_csv (no, csv_id, col, disp_name, rank, rw_flg, status, create_date, update_date, mb_convert_kana_option, size_const_type, error_check_types) VALUES (31, 1, 'sub_title3', '詳細-サブタイトル(3)', 31, 1, 1, CURRENT_TIMESTAMP, CURRENT_TIMESTAMP, NULL, 'STEXT_LEN', 'SPTAB_CHECK,MAX_LENGTH_CHECK');
INSERT INTO dtb_csv (no, csv_id, col, disp_name, rank, rw_flg, status, create_date, update_date, mb_convert_kana_option, size_const_type, error_check_types) VALUES (32, 1, 'sub_comment3', '詳細-サブコメント(3)', 32, 1, 1, CURRENT_TIMESTAMP, CURRENT_TIMESTAMP, 'KVa', 'LLTEXT_LEN', 'SPTAB_CHECK,MAX_LENGTH_CHECK');
INSERT INTO dtb_csv (no, csv_id, col, disp_name, rank, rw_flg, status, create_date, update_date, mb_convert_kana_option, size_const_type, error_check_types) VALUES (33, 1, 'sub_image3', '詳細-サブ画像(3)', 33, 1, 1, CURRENT_TIMESTAMP, CURRENT_TIMESTAMP, NULL, 'LTEXT_LEN', 'SPTAB_CHECK,MAX_LENGTH_CHECK,FILE_EXISTS');
INSERT INTO dtb_csv (no, csv_id, col, disp_name, rank, rw_flg, status, create_date, update_date, mb_convert_kana_option, size_const_type, error_check_types) VALUES (34, 1, 'sub_large_image3', '詳細-サブ拡大画像(3)', 34, 1, 1, CURRENT_TIMESTAMP, CURRENT_TIMESTAMP, NULL, 'LTEXT_LEN', 'SPTAB_CHECK,MAX_LENGTH_CHECK,FILE_EXISTS');
INSERT INTO dtb_csv (no, csv_id, col, disp_name, rank, rw_flg, status, create_date, update_date, mb_convert_kana_option, size_const_type, error_check_types) VALUES (35, 1, 'sub_title4', '詳細-サブタイトル(4)', 35, 1, 1, CURRENT_TIMESTAMP, CURRENT_TIMESTAMP, 'KVa', 'STEXT_LEN', 'SPTAB_CHECK,MAX_LENGTH_CHECK');
INSERT INTO dtb_csv (no, csv_id, col, disp_name, rank, rw_flg, status, create_date, update_date, mb_convert_kana_option, size_const_type, error_check_types) VALUES (36, 1, 'sub_comment4', '詳細-サブコメント(4)', 36, 1, 1, CURRENT_TIMESTAMP, CURRENT_TIMESTAMP, 'KVa', 'LLTEXT_LEN', 'SPTAB_CHECK,MAX_LENGTH_CHECK');
INSERT INTO dtb_csv (no, csv_id, col, disp_name, rank, rw_flg, status, create_date, update_date, mb_convert_kana_option, size_const_type, error_check_types) VALUES (37, 1, 'sub_image4', '詳細-サブ画像(4)', 37, 1, 1, CURRENT_TIMESTAMP, CURRENT_TIMESTAMP, NULL, 'LTEXT_LEN', 'SPTAB_CHECK,MAX_LENGTH_CHECK,FILE_EXISTS');
INSERT INTO dtb_csv (no, csv_id, col, disp_name, rank, rw_flg, status, create_date, update_date, mb_convert_kana_option, size_const_type, error_check_types) VALUES (38, 1, 'sub_large_image4', '詳細-サブ拡大画像(4)', 38, 1, 1, CURRENT_TIMESTAMP, CURRENT_TIMESTAMP, NULL, 'LTEXT_LEN', 'SPTAB_CHECK,MAX_LENGTH_CHECK,FILE_EXISTS');
INSERT INTO dtb_csv (no, csv_id, col, disp_name, rank, rw_flg, status, create_date, update_date, mb_convert_kana_option, size_const_type, error_check_types) VALUES (39, 1, 'sub_title5', '詳細-サブタイトル(5)', 39, 1, 1, CURRENT_TIMESTAMP, CURRENT_TIMESTAMP, 'KVa', 'STEXT_LEN', 'SPTAB_CHECK,MAX_LENGTH_CHECK');
INSERT INTO dtb_csv (no, csv_id, col, disp_name, rank, rw_flg, status, create_date, update_date, mb_convert_kana_option, size_const_type, error_check_types) VALUES (40, 1, 'sub_comment5', '詳細-サブコメント(5)', 40, 1, 1, CURRENT_TIMESTAMP, CURRENT_TIMESTAMP, 'KVa', 'LLTEXT_LEN', 'SPTAB_CHECK,MAX_LENGTH_CHECK');
INSERT INTO dtb_csv (no, csv_id, col, disp_name, rank, rw_flg, status, create_date, update_date, mb_convert_kana_option, size_const_type, error_check_types) VALUES (41, 1, 'sub_image5', '詳細-サブ画像(5)', 41, 1, 1, CURRENT_TIMESTAMP, CURRENT_TIMESTAMP, NULL, 'LTEXT_LEN', 'SPTAB_CHECK,MAX_LENGTH_CHECK,FILE_EXISTS');
INSERT INTO dtb_csv (no, csv_id, col, disp_name, rank, rw_flg, status, create_date, update_date, mb_convert_kana_option, size_const_type, error_check_types) VALUES (42, 1, 'sub_large_image5', '詳細-サブ拡大画像(5)', 42, 1, 1, CURRENT_TIMESTAMP, CURRENT_TIMESTAMP, NULL, 'LTEXT_LEN', 'SPTAB_CHECK,MAX_LENGTH_CHECK,FILE_EXISTS');
INSERT INTO dtb_csv (no, csv_id, col, disp_name, rank, rw_flg, status, create_date, update_date, mb_convert_kana_option, size_const_type, error_check_types) VALUES (43, 1, 'deliv_date_id', '発送日目安ID', 43, 1, 1, CURRENT_TIMESTAMP, CURRENT_TIMESTAMP, 'n', 'INT_LEN', 'NUM_CHECK,MAX_LENGTH_CHECK');
INSERT INTO dtb_csv (no, csv_id, col, disp_name, rank, rw_flg, status, create_date, update_date, mb_convert_kana_option, size_const_type, error_check_types) VALUES (44, 1, 'del_flg', '削除フラグ', 44, 1, 1, CURRENT_TIMESTAMP, CURRENT_TIMESTAMP, 'n', 'INT_LEN', 'NUM_CHECK,MAX_LENGTH_CHECK');
INSERT INTO dtb_csv (no, csv_id, col, disp_name, rank, rw_flg, status, create_date, update_date, mb_convert_kana_option, size_const_type, error_check_types) VALUES (45, 1, 'product_type_id', '商品種別ID', 45, 1, 1, CURRENT_TIMESTAMP, CURRENT_TIMESTAMP, 'n', 'INT_LEN', 'NUM_CHECK,MAX_LENGTH_CHECK');
INSERT INTO dtb_csv (no, csv_id, col, disp_name, rank, rw_flg, status, create_date, update_date, mb_convert_kana_option, size_const_type, error_check_types) VALUES (46, 1, 'product_code', '商品コード', 46, 1, 1, CURRENT_TIMESTAMP, CURRENT_TIMESTAMP, 'KVa', 'STEXT_LEN', 'SPTAB_CHECK,MAX_LENGTH_CHECK');
INSERT INTO dtb_csv (no, csv_id, col, disp_name, rank, rw_flg, status, create_date, update_date, mb_convert_kana_option, size_const_type, error_check_types) VALUES (47, 1, 'stock', '在庫数', 47, 1, 1, CURRENT_TIMESTAMP, CURRENT_TIMESTAMP, 'n', 'AMOUNT_LEN', 'NUM_CHECK,MAX_LENGTH_CHECK');
INSERT INTO dtb_csv (no, csv_id, col, disp_name, rank, rw_flg, status, create_date, update_date, mb_convert_kana_option, size_const_type, error_check_types) VALUES (48, 1, 'stock_unlimited', '在庫無制限フラグ', 48, 1, 1, CURRENT_TIMESTAMP, CURRENT_TIMESTAMP, 'n', 'INT_LEN', 'NUM_CHECK,MAX_LENGTH_CHECK');
INSERT INTO dtb_csv (no, csv_id, col, disp_name, rank, rw_flg, status, create_date, update_date, mb_convert_kana_option, size_const_type, error_check_types) VALUES (49, 1, 'sale_limit', '販売制限数', 49, 1, 1, CURRENT_TIMESTAMP, CURRENT_TIMESTAMP, 'n', 'AMOUNT_LEN', 'NUM_CHECK,MAX_LENGTH_CHECK');
INSERT INTO dtb_csv (no, csv_id, col, disp_name, rank, rw_flg, status, create_date, update_date, mb_convert_kana_option, size_const_type, error_check_types) VALUES (50, 1, 'price01', '通常価格', 50, 1, 1, CURRENT_TIMESTAMP, CURRENT_TIMESTAMP, 'n', 'PRICE_LEN', 'NUM_CHECK,MAX_LENGTH_CHECK');
INSERT INTO dtb_csv (no, csv_id, col, disp_name, rank, rw_flg, status, create_date, update_date, mb_convert_kana_option, size_const_type, error_check_types) VALUES (51, 1, 'price02', '販売価格', 51, 1, 1, CURRENT_TIMESTAMP, CURRENT_TIMESTAMP, 'n', 'PRICE_LEN', 'NUM_CHECK,MAX_LENGTH_CHECK,EXIST_CHECK');
INSERT INTO dtb_csv (no, csv_id, col, disp_name, rank, rw_flg, status, create_date, update_date, mb_convert_kana_option, size_const_type, error_check_types) VALUES (52, 1, 'deliv_fee', '送料', 52, 1, 1, CURRENT_TIMESTAMP, CURRENT_TIMESTAMP, 'n', 'PRICE_LEN', 'NUM_CHECK,MAX_LENGTH_CHECK');
INSERT INTO dtb_csv (no, csv_id, col, disp_name, rank, rw_flg, status, create_date, update_date, mb_convert_kana_option, size_const_type, error_check_types) VALUES (53, 1, 'point_rate', 'ポイント付与率', 53, 1, 1, CURRENT_TIMESTAMP, CURRENT_TIMESTAMP, 'n', 'PERCENTAGE_LEN', 'NUM_CHECK,MAX_LENGTH_CHECK');
INSERT INTO dtb_csv (no, csv_id, col, disp_name, rank, rw_flg, status, create_date, update_date, mb_convert_kana_option, size_const_type, error_check_types) VALUES (54, 1, 'down_filename', 'ダウンロードファイル名', 54, 1, 1, CURRENT_TIMESTAMP, CURRENT_TIMESTAMP, 'KVa', 'STEXT_LEN', 'SPTAB_CHECK,MAX_LENGTH_CHECK');
INSERT INTO dtb_csv (no, csv_id, col, disp_name, rank, rw_flg, status, create_date, update_date, mb_convert_kana_option, size_const_type, error_check_types) VALUES (55, 1, 'down_realfilename', 'ダウンロード実ファイル', 55, 1, 1, CURRENT_TIMESTAMP, CURRENT_TIMESTAMP, NULL, 'LTEXT_LEN', 'SPTAB_CHECK,MAX_LENGTH_CHECK,DOWN_FILE_EXISTS');
INSERT INTO dtb_csv (no, csv_id, col, disp_name, rank, rw_flg, status, create_date, update_date, mb_convert_kana_option, size_const_type, error_check_types) VALUES (56, 1, '(SELECT recommend_product_id FROM dtb_recommend_products WHERE prdcls.product_id = dtb_recommend_products.product_id ORDER BY rank DESC, recommend_product_id DESC limit 1 offset 0) AS recommend_product_id1', '関連商品ID(1)', 56, 1, 1, CURRENT_TIMESTAMP, CURRENT_TIMESTAMP, 'n', 'INT_LEN', 'NUM_CHECK,MAX_LENGTH_CHECK');
INSERT INTO dtb_csv (no, csv_id, col, disp_name, rank, rw_flg, status, create_date, update_date, mb_convert_kana_option, size_const_type, error_check_types) VALUES (57, 1, '(SELECT comment FROM dtb_recommend_products WHERE prdcls.product_id = dtb_recommend_products.product_id ORDER BY rank DESC, recommend_product_id DESC limit 1 offset 0) AS recommend_comment1', '関連商品コメント(1)', 57, 1, 1, CURRENT_TIMESTAMP, CURRENT_TIMESTAMP, 'KVa', 'LLTEXT_LEN', 'SPTAB_CHECK,MAX_LENGTH_CHECK');
INSERT INTO dtb_csv (no, csv_id, col, disp_name, rank, rw_flg, status, create_date, update_date, mb_convert_kana_option, size_const_type, error_check_types) VALUES (58, 1, '(SELECT recommend_product_id FROM dtb_recommend_products WHERE prdcls.product_id = dtb_recommend_products.product_id ORDER BY rank DESC, recommend_product_id DESC limit 1 offset 1) AS recommend_product_id2', '関連商品ID(2)', 58, 1, 1, CURRENT_TIMESTAMP, CURRENT_TIMESTAMP, 'n', 'INT_LEN', 'NUM_CHECK,MAX_LENGTH_CHECK');
INSERT INTO dtb_csv (no, csv_id, col, disp_name, rank, rw_flg, status, create_date, update_date, mb_convert_kana_option, size_const_type, error_check_types) VALUES (59, 1, '(SELECT comment FROM dtb_recommend_products WHERE prdcls.product_id = dtb_recommend_products.product_id ORDER BY rank DESC, recommend_product_id DESC limit 1 offset 1) AS recommend_comment2', '関連商品コメント(2)', 59, 1, 1, CURRENT_TIMESTAMP, CURRENT_TIMESTAMP, 'KVa', 'LLTEXT_LEN', 'SPTAB_CHECK,MAX_LENGTH_CHECK');
INSERT INTO dtb_csv (no, csv_id, col, disp_name, rank, rw_flg, status, create_date, update_date, mb_convert_kana_option, size_const_type, error_check_types) VALUES (60, 1, '(SELECT recommend_product_id FROM dtb_recommend_products WHERE prdcls.product_id = dtb_recommend_products.product_id ORDER BY rank DESC, recommend_product_id DESC limit 1 offset 2) AS recommend_product_id3', '関連商品ID(3)', 60, 1, 1, CURRENT_TIMESTAMP, CURRENT_TIMESTAMP, 'n', 'INT_LEN', 'NUM_CHECK,MAX_LENGTH_CHECK');
INSERT INTO dtb_csv (no, csv_id, col, disp_name, rank, rw_flg, status, create_date, update_date, mb_convert_kana_option, size_const_type, error_check_types) VALUES (61, 1, '(SELECT comment FROM dtb_recommend_products WHERE prdcls.product_id = dtb_recommend_products.product_id ORDER BY rank DESC, recommend_product_id DESC limit 1 offset 2) AS recommend_comment3', '関連商品コメント(3)', 61, 1, 1, CURRENT_TIMESTAMP, CURRENT_TIMESTAMP, 'KVa', 'LLTEXT_LEN', 'SPTAB_CHECK,MAX_LENGTH_CHECK');
INSERT INTO dtb_csv (no, csv_id, col, disp_name, rank, rw_flg, status, create_date, update_date, mb_convert_kana_option, size_const_type, error_check_types) VALUES (62, 1, '(SELECT recommend_product_id FROM dtb_recommend_products WHERE prdcls.product_id = dtb_recommend_products.product_id ORDER BY rank DESC, recommend_product_id DESC limit 1 offset 3) AS recommend_product_id4', '関連商品ID(4)', 62, 1, 1, CURRENT_TIMESTAMP, CURRENT_TIMESTAMP, 'n', 'INT_LEN', 'NUM_CHECK,MAX_LENGTH_CHECK');
INSERT INTO dtb_csv (no, csv_id, col, disp_name, rank, rw_flg, status, create_date, update_date, mb_convert_kana_option, size_const_type, error_check_types) VALUES (63, 1, '(SELECT comment FROM dtb_recommend_products WHERE prdcls.product_id = dtb_recommend_products.product_id ORDER BY rank DESC, recommend_product_id DESC limit 1 offset 3) AS recommend_comment4', '関連商品コメント(4)', 63, 1, 1, CURRENT_TIMESTAMP, CURRENT_TIMESTAMP, 'KVa', 'LLTEXT_LEN', 'SPTAB_CHECK,MAX_LENGTH_CHECK');
INSERT INTO dtb_csv (no, csv_id, col, disp_name, rank, rw_flg, status, create_date, update_date, mb_convert_kana_option, size_const_type, error_check_types) VALUES (64, 1, '(SELECT recommend_product_id FROM dtb_recommend_products WHERE prdcls.product_id = dtb_recommend_products.product_id ORDER BY rank DESC, recommend_product_id DESC limit 1 offset 4) AS recommend_product_id5', '関連商品ID(5)', 64, 1, 1, CURRENT_TIMESTAMP, CURRENT_TIMESTAMP, 'n', 'INT_LEN', 'NUM_CHECK,MAX_LENGTH_CHECK');
INSERT INTO dtb_csv (no, csv_id, col, disp_name, rank, rw_flg, status, create_date, update_date, mb_convert_kana_option, size_const_type, error_check_types) VALUES (65, 1, '(SELECT comment FROM dtb_recommend_products WHERE prdcls.product_id = dtb_recommend_products.product_id ORDER BY rank DESC, recommend_product_id DESC limit 1 offset 4) AS recommend_comment5', '関連商品コメント(5)', 65, 1, 1, CURRENT_TIMESTAMP, CURRENT_TIMESTAMP, 'KVa', 'LLTEXT_LEN', 'SPTAB_CHECK,MAX_LENGTH_CHECK');
INSERT INTO dtb_csv (no, csv_id, col, disp_name, rank, rw_flg, status, create_date, update_date, mb_convert_kana_option, size_const_type, error_check_types) VALUES (66, 1, '(SELECT recommend_product_id FROM dtb_recommend_products WHERE prdcls.product_id = dtb_recommend_products.product_id ORDER BY rank DESC, recommend_product_id DESC limit 1 offset 5) AS recommend_product_id6', '関連商品ID(6)', 66, 1, 1, CURRENT_TIMESTAMP, CURRENT_TIMESTAMP, 'n', 'INT_LEN', 'NUM_CHECK,MAX_LENGTH_CHECK');
INSERT INTO dtb_csv (no, csv_id, col, disp_name, rank, rw_flg, status, create_date, update_date, mb_convert_kana_option, size_const_type, error_check_types) VALUES (67, 1, '(SELECT comment FROM dtb_recommend_products WHERE prdcls.product_id = dtb_recommend_products.product_id ORDER BY rank DESC, recommend_product_id DESC limit 1 offset 5) AS recommend_comment6', '関連商品コメント(6)', 67, 1, 1, CURRENT_TIMESTAMP, CURRENT_TIMESTAMP, 'KVa', 'LLTEXT_LEN', 'SPTAB_CHECK,MAX_LENGTH_CHECK');
INSERT INTO dtb_csv (no, csv_id, col, disp_name, rank, rw_flg, status, create_date, update_date, mb_convert_kana_option, size_const_type, error_check_types) VALUES (68, 1, '(SELECT ARRAY_TO_STRING(ARRAY(SELECT product_status_id FROM dtb_product_status WHERE dtb_product_status.product_id = prdcls.product_id and del_flg = 0 ORDER BY dtb_product_status.product_status_id), '','')) as product_statuses', '商品ステータス', 68, 1, 1, CURRENT_TIMESTAMP, CURRENT_TIMESTAMP, 'KVa', 'STEXT_LEN', 'SPTAB_CHECK,MAX_LENGTH_CHECK');
INSERT INTO dtb_csv (no, csv_id, col, disp_name, rank, rw_flg, status, create_date, update_date, mb_convert_kana_option, size_const_type, error_check_types) VALUES (69, 1, '(SELECT ARRAY_TO_STRING(ARRAY(SELECT name FROM dtb_product_status LEFT JOIN mtb_status ON  dtb_product_status.product_status_id = mtb_status.id  WHERE dtb_product_status.product_id = prdcls.product_id and del_flg = 0 ORDER BY dtb_product_status.product_status_id), '','')) as product_status_names', '商品ステータス名', 69, 2, 1, CURRENT_TIMESTAMP, CURRENT_TIMESTAMP, 'KVa', 'LTEXT_LEN', 'SPTAB_CHECK,MAX_LENGTH_CHECK');
INSERT INTO dtb_csv (no, csv_id, col, disp_name, rank, rw_flg, status, create_date, update_date, mb_convert_kana_option, size_const_type, error_check_types) VALUES (70, 1, '(SELECT ARRAY_TO_STRING(ARRAY(SELECT category_id FROM dtb_product_categories WHERE dtb_product_categories.product_id = prdcls.product_id ORDER BY dtb_product_categories.rank), '','')) as category_ids', 'カテゴリID', 70, 1, 1, CURRENT_TIMESTAMP, CURRENT_TIMESTAMP, 'KVa', 'STEXT_LEN', 'SPTAB_CHECK,MAX_LENGTH_CHECK');
INSERT INTO dtb_csv (no, csv_id, col, disp_name, rank, rw_flg, status, create_date, update_date, mb_convert_kana_option, size_const_type, error_check_types) VALUES (71, 1, '(SELECT ARRAY_TO_STRING(ARRAY(SELECT category_name FROM dtb_product_categories LEFT JOIN dtb_category ON dtb_product_categories.category_id = dtb_category.category_id WHERE dtb_product_categories.product_id = prdcls.product_id ORDER BY dtb_product_categories.rank), '','')) as category_names', 'カテゴリ名', 71, 2, 1, CURRENT_TIMESTAMP, CURRENT_TIMESTAMP, 'KVa', 'LTEXT_LEN', 'SPTAB_CHECK,MAX_LENGTH_CHECK');
INSERT INTO dtb_csv (no, csv_id, col, disp_name, rank, status, create_date, update_date) VALUES (72, 2, 'customer_id', '会員ID', 1, 1, CURRENT_TIMESTAMP, CURRENT_TIMESTAMP);
INSERT INTO dtb_csv (no, csv_id, col, disp_name, rank, status, create_date, update_date) VALUES (73, 2, 'name01', 'お名前(姓)', 2, 1, CURRENT_TIMESTAMP, CURRENT_TIMESTAMP);
INSERT INTO dtb_csv (no, csv_id, col, disp_name, rank, status, create_date, update_date) VALUES (74, 2, 'name02', 'お名前(名)', 3, 1, CURRENT_TIMESTAMP, CURRENT_TIMESTAMP);
INSERT INTO dtb_csv (no, csv_id, col, disp_name, rank, status, create_date, update_date) VALUES (75, 2, 'kana01', 'お名前(フリガナ・姓)', 4, 1, CURRENT_TIMESTAMP, CURRENT_TIMESTAMP);
INSERT INTO dtb_csv (no, csv_id, col, disp_name, rank, status, create_date, update_date) VALUES (76, 2, 'kana02', 'お名前(フリガナ・名)', 5, 1, CURRENT_TIMESTAMP, CURRENT_TIMESTAMP);
INSERT INTO dtb_csv (no, csv_id, col, disp_name, rank, status, create_date, update_date) VALUES (77, 2, 'zip01', '郵便番号1', 6, 1, CURRENT_TIMESTAMP, CURRENT_TIMESTAMP);
INSERT INTO dtb_csv (no, csv_id, col, disp_name, rank, status, create_date, update_date) VALUES (78, 2, 'zip02', '郵便番号2', 7, 1, CURRENT_TIMESTAMP, CURRENT_TIMESTAMP);
INSERT INTO dtb_csv (no, csv_id, col, disp_name, rank, status, create_date, update_date) VALUES (79, 2, '(SELECT name FROM mtb_pref WHERE mtb_pref.id = dtb_customer.pref) as pref', '都道府県', 8, 1, CURRENT_TIMESTAMP, CURRENT_TIMESTAMP);
INSERT INTO dtb_csv (no, csv_id, col, disp_name, rank, status, create_date, update_date) VALUES (80, 2, 'addr01', '住所1', 9, 1, CURRENT_TIMESTAMP, CURRENT_TIMESTAMP);
INSERT INTO dtb_csv (no, csv_id, col, disp_name, rank, status, create_date, update_date) VALUES (81, 2, 'addr02', '住所2', 10, 1, CURRENT_TIMESTAMP, CURRENT_TIMESTAMP);
INSERT INTO dtb_csv (no, csv_id, col, disp_name, rank, status, create_date, update_date) VALUES (82, 2, 'email', 'E-MAIL', 11, 1, CURRENT_TIMESTAMP, CURRENT_TIMESTAMP);
INSERT INTO dtb_csv (no, csv_id, col, disp_name, rank, status, create_date, update_date) VALUES (83, 2, 'tel01', 'TEL1', 12, 1, CURRENT_TIMESTAMP, CURRENT_TIMESTAMP);
INSERT INTO dtb_csv (no, csv_id, col, disp_name, rank, status, create_date, update_date) VALUES (84, 2, 'tel02', 'TEL2', 13, 1, CURRENT_TIMESTAMP, CURRENT_TIMESTAMP);
INSERT INTO dtb_csv (no, csv_id, col, disp_name, rank, status, create_date, update_date) VALUES (85, 2, 'tel03', 'TEL3', 14, 1, CURRENT_TIMESTAMP, CURRENT_TIMESTAMP);
INSERT INTO dtb_csv (no, csv_id, col, disp_name, rank, status, create_date, update_date) VALUES (86, 2, 'fax01', 'FAX1', 15, 1, CURRENT_TIMESTAMP, CURRENT_TIMESTAMP);
INSERT INTO dtb_csv (no, csv_id, col, disp_name, rank, status, create_date, update_date) VALUES (87, 2, 'fax02', 'FAX2', 16, 1, CURRENT_TIMESTAMP, CURRENT_TIMESTAMP);
INSERT INTO dtb_csv (no, csv_id, col, disp_name, rank, status, create_date, update_date) VALUES (88, 2, 'fax03', 'FAX3', 17, 1, CURRENT_TIMESTAMP, CURRENT_TIMESTAMP);
INSERT INTO dtb_csv (no, csv_id, col, disp_name, rank, status, create_date, update_date) VALUES (89, 2, '(SELECT name FROM mtb_sex WHERE mtb_sex.id = dtb_customer.sex) as sex', '性別', 18, 1, CURRENT_TIMESTAMP, CURRENT_TIMESTAMP);
INSERT INTO dtb_csv (no, csv_id, col, disp_name, rank, status, create_date, update_date) VALUES (90, 2, '(SELECT name FROM mtb_job WHERE mtb_job.id = dtb_customer.job) as job', '職業', 19, 1, CURRENT_TIMESTAMP, CURRENT_TIMESTAMP);
INSERT INTO dtb_csv (no, csv_id, col, disp_name, rank, status, create_date, update_date) VALUES (91, 2, 'birth', '誕生日', 20, 1, CURRENT_TIMESTAMP, CURRENT_TIMESTAMP);
INSERT INTO dtb_csv (no, csv_id, col, disp_name, rank, status, create_date, update_date) VALUES (92, 2, 'first_buy_date', '初回購入日', 21, 1, CURRENT_TIMESTAMP, CURRENT_TIMESTAMP);
INSERT INTO dtb_csv (no, csv_id, col, disp_name, rank, status, create_date, update_date) VALUES (93, 2, 'last_buy_date', '最終購入日', 22, 1, CURRENT_TIMESTAMP, CURRENT_TIMESTAMP);
INSERT INTO dtb_csv (no, csv_id, col, disp_name, rank, status, create_date, update_date) VALUES (94, 2, 'buy_times', '購入回数', 23, 1, CURRENT_TIMESTAMP, CURRENT_TIMESTAMP);
INSERT INTO dtb_csv (no, csv_id, col, disp_name, rank, status, create_date, update_date) VALUES (95, 2, 'point', 'ポイント残高', 24, 1, CURRENT_TIMESTAMP, CURRENT_TIMESTAMP);
INSERT INTO dtb_csv (no, csv_id, col, disp_name, rank, status, create_date, update_date) VALUES (96, 2, 'note', '備考', 25, 1, CURRENT_TIMESTAMP, CURRENT_TIMESTAMP);
INSERT INTO dtb_csv (no, csv_id, col, disp_name, rank, status, create_date, update_date) VALUES (97, 2, 'create_date', '登録日', 26, 1, CURRENT_TIMESTAMP, CURRENT_TIMESTAMP);
INSERT INTO dtb_csv (no, csv_id, col, disp_name, rank, status, create_date, update_date) VALUES (98, 2, 'update_date', '更新日', 27, 1, CURRENT_TIMESTAMP, CURRENT_TIMESTAMP);
INSERT INTO dtb_csv (no, csv_id, col, disp_name, rank, rw_flg, status, create_date, update_date, mb_convert_kana_option, size_const_type, error_check_types) VALUES (99, 3, 'order_id', '注文番号', 1, 3, 1, CURRENT_TIMESTAMP, CURRENT_TIMESTAMP, 'n', 'INT_LEN', 'NUM_CHECK,MAX_LENGTH_CHECK');
INSERT INTO dtb_csv (no, csv_id, col, disp_name, rank, rw_flg, status, create_date, update_date, mb_convert_kana_option, size_const_type, error_check_types) VALUES (100, 3, 'customer_id', '会員ID', 2, 1, 1, CURRENT_TIMESTAMP, CURRENT_TIMESTAMP, 'n', 'INT_LEN', 'NUM_CHECK,MAX_LENGTH_CHECK');
INSERT INTO dtb_csv (no, csv_id, col, disp_name, rank, rw_flg, status, create_date, update_date, mb_convert_kana_option, size_const_type, error_check_types) VALUES (101, 3, 'message', '要望等', 3, 1, 1, CURRENT_TIMESTAMP, CURRENT_TIMESTAMP, 'KVa', 'STEXT_LEN', 'SPTAB_CHECK,MAX_LENGTH_CHECK');
INSERT INTO dtb_csv (no, csv_id, col, disp_name, rank, rw_flg, status, create_date, update_date, mb_convert_kana_option, size_const_type, error_check_types) VALUES (102, 3, 'order_name01', 'お名前(姓)', 4, 1, 1, CURRENT_TIMESTAMP, CURRENT_TIMESTAMP, 'KVa', 'STEXT_LEN', 'SPTAB_CHECK,MAX_LENGTH_CHECK,EXIST_CHECK');
INSERT INTO dtb_csv (no, csv_id, col, disp_name, rank, rw_flg, status, create_date, update_date, mb_convert_kana_option, size_const_type, error_check_types) VALUES (103, 3, 'order_name02', 'お名前(名)', 5, 1, 1, CURRENT_TIMESTAMP, CURRENT_TIMESTAMP, 'KVa', 'STEXT_LEN', 'SPTAB_CHECK,MAX_LENGTH_CHECK,EXIST_CHECK');
INSERT INTO dtb_csv (no, csv_id, col, disp_name, rank, rw_flg, status, create_date, update_date, mb_convert_kana_option, size_const_type, error_check_types) VALUES (104, 3, 'order_kana01', 'お名前(フリガナ・姓)', 6, 1, 1, CURRENT_TIMESTAMP, CURRENT_TIMESTAMP, 'KVCa', 'STEXT_LEN', 'SPTAB_CHECK,MAX_LENGTH_CHECK');
INSERT INTO dtb_csv (no, csv_id, col, disp_name, rank, rw_flg, status, create_date, update_date, mb_convert_kana_option, size_const_type, error_check_types) VALUES (105, 3, 'order_kana02', 'お名前(フリガナ名)', 7, 1, 1, CURRENT_TIMESTAMP, CURRENT_TIMESTAMP, 'KVCa', 'STEXT_LEN', 'SPTAB_CHECK,MAX_LENGTH_CHECK');
INSERT INTO dtb_csv (no, csv_id, col, disp_name, rank, rw_flg, status, create_date, update_date, mb_convert_kana_option, size_const_type, error_check_types) VALUES (106, 3, 'order_email', 'メールアドレス', 8, 1, 1, CURRENT_TIMESTAMP, CURRENT_TIMESTAMP, 'a', 'null', 'NO_SPTAB,EMAIL_CHECK,EMAIL_CHAR_CHECK');
INSERT INTO dtb_csv (no, csv_id, col, disp_name, rank, rw_flg, status, create_date, update_date, mb_convert_kana_option, size_const_type, error_check_types) VALUES (107, 3, 'order_tel01', '電話番号1', 9, 1, 1, CURRENT_TIMESTAMP, CURRENT_TIMESTAMP, 'n', 'TEL_ITEM_LEN', 'MAX_LENGTH_CHECK,NUM_CHECK');
INSERT INTO dtb_csv (no, csv_id, col, disp_name, rank, rw_flg, status, create_date, update_date, mb_convert_kana_option, size_const_type, error_check_types) VALUES (108, 3, 'order_tel02', '電話番号2', 10, 1, 1, CURRENT_TIMESTAMP, CURRENT_TIMESTAMP, 'n', 'TEL_ITEM_LEN', 'MAX_LENGTH_CHECK,NUM_CHECK');
INSERT INTO dtb_csv (no, csv_id, col, disp_name, rank, rw_flg, status, create_date, update_date, mb_convert_kana_option, size_const_type, error_check_types) VALUES (109, 3, 'order_tel03', '電話番号3', 11, 1, 1, CURRENT_TIMESTAMP, CURRENT_TIMESTAMP, 'n', 'TEL_ITEM_LEN', 'MAX_LENGTH_CHECK,NUM_CHECK');
INSERT INTO dtb_csv (no, csv_id, col, disp_name, rank, rw_flg, status, create_date, update_date, mb_convert_kana_option, size_const_type, error_check_types) VALUES (110, 3, 'order_fax01', 'FAX1', 12, 1, 1, CURRENT_TIMESTAMP, CURRENT_TIMESTAMP, 'n', 'TEL_ITEM_LEN', 'MAX_LENGTH_CHECK,NUM_CHECK');
INSERT INTO dtb_csv (no, csv_id, col, disp_name, rank, rw_flg, status, create_date, update_date, mb_convert_kana_option, size_const_type, error_check_types) VALUES (111, 3, 'order_fax02', 'FAX2', 13, 1, 1, CURRENT_TIMESTAMP, CURRENT_TIMESTAMP, 'n', 'TEL_ITEM_LEN', 'MAX_LENGTH_CHECK,NUM_CHECK');
INSERT INTO dtb_csv (no, csv_id, col, disp_name, rank, rw_flg, status, create_date, update_date, mb_convert_kana_option, size_const_type, error_check_types) VALUES (112, 3, 'order_fax03', 'FAX3', 14, 1, 1, CURRENT_TIMESTAMP, CURRENT_TIMESTAMP, 'n', 'TEL_ITEM_LEN', 'MAX_LENGTH_CHECK,NUM_CHECK');
INSERT INTO dtb_csv (no, csv_id, col, disp_name, rank, rw_flg, status, create_date, update_date, mb_convert_kana_option, size_const_type, error_check_types) VALUES (113, 3, 'order_zip01', '郵便番号1', 15, 1, 1, CURRENT_TIMESTAMP, CURRENT_TIMESTAMP, 'n', 'ZIP01_LEN', 'MAX_LENGTH_CHECK,NUM_CHECK,NUM_COUNT_CHECK');
INSERT INTO dtb_csv (no, csv_id, col, disp_name, rank, rw_flg, status, create_date, update_date, mb_convert_kana_option, size_const_type, error_check_types) VALUES (114, 3, 'order_zip02', '郵便番号2', 16, 1, 1, CURRENT_TIMESTAMP, CURRENT_TIMESTAMP, 'n', 'ZIP02_LEN', 'MAX_LENGTH_CHECK,NUM_CHECK,NUM_COUNT_CHECK');
INSERT INTO dtb_csv (no, csv_id, col, disp_name, rank, rw_flg, status, create_date, update_date, mb_convert_kana_option, size_const_type, error_check_types) VALUES (115, 3, '(SELECT name FROM mtb_pref WHERE mtb_pref.id = dtb_order.order_pref) as pref', '都道府県', 17, 2, 1, CURRENT_TIMESTAMP, CURRENT_TIMESTAMP, 'n', 'INT_LEN', 'MAX_LENGTH_CHECK,NUM_CHECK');
INSERT INTO dtb_csv (no, csv_id, col, disp_name, rank, rw_flg, status, create_date, update_date, mb_convert_kana_option, size_const_type, error_check_types) VALUES (116, 3, 'order_addr01', '住所１', 18, 1, 1, CURRENT_TIMESTAMP, CURRENT_TIMESTAMP, 'KVa', 'MTEXT_LEN', 'SPTAB_CHECK,MAX_LENGTH_CHECK,NUM_CHECK');
INSERT INTO dtb_csv (no, csv_id, col, disp_name, rank, rw_flg, status, create_date, update_date, mb_convert_kana_option, size_const_type, error_check_types) VALUES (117, 3, 'order_addr02', '住所２', 19, 1, 1, CURRENT_TIMESTAMP, CURRENT_TIMESTAMP, 'KVa', 'MTEXT_LEN', 'SPTAB_CHECK,MAX_LENGTH_CHECK,NUM_CHECK');
INSERT INTO dtb_csv (no, csv_id, col, disp_name, rank, rw_flg, status, create_date, update_date, mb_convert_kana_option, size_const_type, error_check_types) VALUES (118, 3, 'order_sex', '性別', 20, 1, 1, CURRENT_TIMESTAMP, CURRENT_TIMESTAMP, 'n', 'INT_LEN', 'MAX_LENGTH_CHECK,NUM_CHECK');
INSERT INTO dtb_csv (no, csv_id, col, disp_name, rank, rw_flg, status, create_date, update_date, mb_convert_kana_option, size_const_type, error_check_types) VALUES (119, 3, 'order_birth', '生年月日', 21, 1, 1, CURRENT_TIMESTAMP, CURRENT_TIMESTAMP, 'n', 'INT_LEN', 'MAX_LENGTH_CHECK,NUM_CHECK');
INSERT INTO dtb_csv (no, csv_id, col, disp_name, rank, rw_flg, status, create_date, update_date, mb_convert_kana_option, size_const_type, error_check_types) VALUES (120, 3, 'order_job', '職種', 22, 1, 1, CURRENT_TIMESTAMP, CURRENT_TIMESTAMP, 'n', 'INT_LEN', 'MAX_LENGTH_CHECK,NUM_CHECK');
INSERT INTO dtb_csv (no, csv_id, col, disp_name, rank, rw_flg, status, create_date, update_date, mb_convert_kana_option, size_const_type, error_check_types) VALUES (121, 3, 'subtotal', '小計', 38, 1, 1, CURRENT_TIMESTAMP, CURRENT_TIMESTAMP, 'n', 'PRICE_LEN', 'MAX_LENGTH_CHECK,NUM_CHECK');
INSERT INTO dtb_csv (no, csv_id, col, disp_name, rank, rw_flg, status, create_date, update_date, mb_convert_kana_option, size_const_type, error_check_types) VALUES (122, 3, 'discount', '値引き', 39, 1, 1, CURRENT_TIMESTAMP, CURRENT_TIMESTAMP, 'n', 'PRICE_LEN', 'MAX_LENGTH_CHECK,NUM_CHECK');
INSERT INTO dtb_csv (no, csv_id, col, disp_name, rank, rw_flg, status, create_date, update_date, mb_convert_kana_option, size_const_type, error_check_types) VALUES (123, 3, 'deliv_fee', '送料', 40, 1, 1, CURRENT_TIMESTAMP, CURRENT_TIMESTAMP, 'n', 'PRICE_LEN', 'MAX_LENGTH_CHECK,NUM_CHECK');
INSERT INTO dtb_csv (no, csv_id, col, disp_name, rank, rw_flg, status, create_date, update_date, mb_convert_kana_option, size_const_type, error_check_types) VALUES (124, 3, 'charge', '手数料', 41, 1, 1, CURRENT_TIMESTAMP, CURRENT_TIMESTAMP, 'n', 'PRICE_LEN', 'MAX_LENGTH_CHECK,NUM_CHECK');
INSERT INTO dtb_csv (no, csv_id, col, disp_name, rank, rw_flg, status, create_date, update_date, mb_convert_kana_option, size_const_type, error_check_types) VALUES (125, 3, 'use_point', '使用ポイント', 42, 1, 1, CURRENT_TIMESTAMP, CURRENT_TIMESTAMP, 'n', 'PRICE_LEN', 'MAX_LENGTH_CHECK,NUM_CHECK');
INSERT INTO dtb_csv (no, csv_id, col, disp_name, rank, rw_flg, status, create_date, update_date, mb_convert_kana_option, size_const_type, error_check_types) VALUES (126, 3, 'add_point', '加算ポイント', 43, 1, 1, CURRENT_TIMESTAMP, CURRENT_TIMESTAMP, 'n', 'PRICE_LEN', 'MAX_LENGTH_CHECK,NUM_CHECK');
INSERT INTO dtb_csv (no, csv_id, col, disp_name, rank, rw_flg, status, create_date, update_date, mb_convert_kana_option, size_const_type, error_check_types) VALUES (127, 3, 'tax', '税金', 44, 1, 1, CURRENT_TIMESTAMP, CURRENT_TIMESTAMP, 'n', 'PRICE_LEN', 'MAX_LENGTH_CHECK,NUM_CHECK');
INSERT INTO dtb_csv (no, csv_id, col, disp_name, rank, rw_flg, status, create_date, update_date, mb_convert_kana_option, size_const_type, error_check_types) VALUES (128, 3, 'total', '合計', 45, 1, 1, CURRENT_TIMESTAMP, CURRENT_TIMESTAMP, 'n', 'PRICE_LEN', 'MAX_LENGTH_CHECK,NUM_CHECK');
INSERT INTO dtb_csv (no, csv_id, col, disp_name, rank, rw_flg, status, create_date, update_date, mb_convert_kana_option, size_const_type, error_check_types) VALUES (129, 3, 'payment_total', 'お支払い合計', 46, 1, 1, CURRENT_TIMESTAMP, CURRENT_TIMESTAMP, 'n', 'PRICE_LEN', 'MAX_LENGTH_CHECK,NUM_CHECK');
INSERT INTO dtb_csv (no, csv_id, col, disp_name, rank, rw_flg, status, create_date, update_date, mb_convert_kana_option, size_const_type, error_check_types) VALUES (130, 3, 'deliv_id', '配送業者ID', 47, 2, 1, CURRENT_TIMESTAMP, CURRENT_TIMESTAMP, 'n', 'INT_LEN', 'NUM_CHECK,MAX_LENGTH_CHECK');
INSERT INTO dtb_csv (no, csv_id, col, disp_name, rank, rw_flg, status, create_date, update_date, mb_convert_kana_option, size_const_type, error_check_types) VALUES (131, 3, 'payment_method', '支払い方法', 48, 2, 1, CURRENT_TIMESTAMP, CURRENT_TIMESTAMP, 'KVa', 'STEXT_LEN', 'SPTAB_CHECK,MAX_LENGTH_CHECK');
INSERT INTO dtb_csv (no, csv_id, col, disp_name, rank, rw_flg, status, create_date, update_date, mb_convert_kana_option, size_const_type, error_check_types) VALUES (132, 3, 'note', 'SHOPメモ', 50, 2, 1, CURRENT_TIMESTAMP, CURRENT_TIMESTAMP, 'KVa', 'LLTEXT_LEN', 'SPTAB_CHECK,MAX_LENGTH_CHECK');
INSERT INTO dtb_csv (no, csv_id, col, disp_name, rank, rw_flg, status, create_date, update_date, mb_convert_kana_option, size_const_type, error_check_types) VALUES (133, 3, 'status', '対応状況', 51, 1, 1, CURRENT_TIMESTAMP, CURRENT_TIMESTAMP, 'KVa', 'INT_LEN', 'NUM_CHECK,MAX_LENGTH_CHECK');
INSERT INTO dtb_csv (no, csv_id, col, disp_name, rank, rw_flg, status, create_date, update_date, mb_convert_kana_option, size_const_type, error_check_types) VALUES (134, 3, 'create_date', '注文日時', 52, 1, 1, CURRENT_TIMESTAMP, CURRENT_TIMESTAMP, 'a', '', 'CHECK_DATE');
INSERT INTO dtb_csv (no, csv_id, col, disp_name, rank, rw_flg, status, create_date, update_date, mb_convert_kana_option, size_const_type, error_check_types) VALUES (135, 3, 'update_date', '更新日時', 53, 1, 1, CURRENT_TIMESTAMP, CURRENT_TIMESTAMP, 'a', '', 'CHECK_DATE');
INSERT INTO dtb_csv (no, csv_id, col, disp_name, rank, rw_flg, status, create_date, update_date, mb_convert_kana_option, size_const_type, error_check_types) VALUES (136, 3, 'commit_date', '発送完了日時', 54, 1, 1, CURRENT_TIMESTAMP, CURRENT_TIMESTAMP, 'a', '', 'CHECK_DATE');
INSERT INTO dtb_csv (no, csv_id, col, disp_name, rank, rw_flg, status, create_date, update_date, mb_convert_kana_option, size_const_type, error_check_types) VALUES (137, 3, 'device_type_id', '端末種別ID', 55, 1, 1, CURRENT_TIMESTAMP, CURRENT_TIMESTAMP, 'n', 'INT_LEN', 'NUM_CHECK,MAX_LENGTH_CHECK');
INSERT INTO dtb_csv (no, csv_id, col, disp_name, rank, rw_flg, status, create_date, update_date, mb_convert_kana_option, size_const_type, error_check_types) VALUES (138, 3, '(SELECT COUNT(shipping_id) as shipping_target_num FROM dtb_shipping WHERE dtb_shipping.order_id = dtb_order.order_id) as shipping_num', '配送先数', 56, 1, 1, CURRENT_TIMESTAMP, CURRENT_TIMESTAMP, 'n', 'INT_LEN', 'SPTAB_CHECK,MAX_LENGTH_CHECK');
INSERT INTO dtb_csv (no, csv_id, col, disp_name, rank, rw_flg, status, create_date, update_date, mb_convert_kana_option, size_const_type, error_check_types) VALUES (139, 3, '(SELECT ARRAY_TO_STRING(ARRAY(SELECT shipping_id FROM dtb_shipping WHERE dtb_shipping.order_id = dtb_order.order_id), '','')) as shipping_ids', '配送情報ID', 57, 1, 1, CURRENT_TIMESTAMP, CURRENT_TIMESTAMP, 'KVa', 'STEXT_LEN', 'SPTAB_CHECK,MAX_LENGTH_CHECK');
INSERT INTO dtb_csv (no, csv_id, col, disp_name, rank, rw_flg, status, create_date, update_date, mb_convert_kana_option, size_const_type, error_check_types) VALUES (140, 4, 'B.name', '商品名', 1, 2, 1, CURRENT_TIMESTAMP, CURRENT_TIMESTAMP, 'KVa', 'STEXT_LEN', 'MAX_LENGTH_CHECK');
INSERT INTO dtb_csv (no, csv_id, col, disp_name, rank, rw_flg, status, create_date, update_date, mb_convert_kana_option, size_const_type, error_check_types) VALUES (141, 4, '(SELECT name FROM mtb_disp WHERE mtb_disp.id = A.status) as status', 'レビュー表示', 2, 1, 1, CURRENT_TIMESTAMP, CURRENT_TIMESTAMP, 'KVa', 'STEXT_LEN', 'MAX_LENGTH_CHECK');
INSERT INTO dtb_csv (no, csv_id, col, disp_name, rank, rw_flg, status, create_date, update_date, mb_convert_kana_option, size_const_type, error_check_types) VALUES (142, 4, 'A.create_date', '投稿日', 3, 1, 1, CURRENT_TIMESTAMP, CURRENT_TIMESTAMP, 'a', '', 'CHECK_DATE,EXIST_CHECK');
INSERT INTO dtb_csv (no, csv_id, col, disp_name, rank, rw_flg, status, create_date, update_date, mb_convert_kana_option, size_const_type, error_check_types) VALUES (143, 4, 'A.reviewer_name', '投稿者名', 4, 1, 1, CURRENT_TIMESTAMP, CURRENT_TIMESTAMP, 'KVa', 'STEXT_LEN', 'MAX_LENGTH_CHECK');
INSERT INTO dtb_csv (no, csv_id, col, disp_name, rank, rw_flg, status, create_date, update_date, mb_convert_kana_option, size_const_type, error_check_types) VALUES (144, 4, '(SELECT name FROM mtb_sex WHERE mtb_sex.id = A.sex) as sex', '性別', 5, 1, 1, CURRENT_TIMESTAMP, CURRENT_TIMESTAMP, 'KVa', 'STEXT_LEN', 'MAX_LENGTH_CHECK');
INSERT INTO dtb_csv (no, csv_id, col, disp_name, rank, rw_flg, status, create_date, update_date, mb_convert_kana_option, size_const_type, error_check_types) VALUES (145, 4, '(SELECT name FROM mtb_recommend WHERE mtb_recommend.id = A.recommend_level) as recommend_level', 'おすすめレベル', 6, 1, 1, CURRENT_TIMESTAMP, CURRENT_TIMESTAMP, 'n', 'INT_LEN', 'NUM_CHECK,MAX_LENGTH_CHECK');
INSERT INTO dtb_csv (no, csv_id, col, disp_name, rank, rw_flg, status, create_date, update_date, mb_convert_kana_option, size_const_type, error_check_types) VALUES (146, 4, 'A.title', 'タイトル', 7, 1, 1, CURRENT_TIMESTAMP, CURRENT_TIMESTAMP, 'KVa', 'STEXT_LEN', 'MAX_LENGTH_CHECK');
INSERT INTO dtb_csv (no, csv_id, col, disp_name, rank, rw_flg, status, create_date, update_date, mb_convert_kana_option, size_const_type, error_check_types) VALUES (147, 4, 'A.comment', 'コメント', 8, 1, 1, CURRENT_TIMESTAMP, CURRENT_TIMESTAMP, 'KVa', 'LTEXT_LEN', 'MAX_LENGTH_CHECK');
INSERT INTO dtb_csv (no, csv_id, col, disp_name, rank, rw_flg, status, create_date, update_date, mb_convert_kana_option, size_const_type, error_check_types) VALUES (148, 5, 'category_id', 'カテゴリID', 1, 3, 1, CURRENT_TIMESTAMP, CURRENT_TIMESTAMP, 'n', 'INT_LEN', 'NUM_CHECK,MAX_LENGTH_CHECK');
INSERT INTO dtb_csv (no, csv_id, col, disp_name, rank, rw_flg, status, create_date, update_date, mb_convert_kana_option, size_const_type, error_check_types) VALUES (149, 5, 'category_name', 'カテゴリ名', 2, 1, 1, CURRENT_TIMESTAMP, CURRENT_TIMESTAMP, 'KVa', 'STEXT_LEN', 'SPTAB_CHECK,MAX_LENGTH_CHECK,EXIST_CHECK');
INSERT INTO dtb_csv (no, csv_id, col, disp_name, rank, rw_flg, status, create_date, update_date, mb_convert_kana_option, size_const_type, error_check_types) VALUES (150, 5, 'parent_category_id', '親カテゴリID', 3, 1, 1, CURRENT_TIMESTAMP, CURRENT_TIMESTAMP, 'n', 'INT_LEN', 'NUM_CHECK,MAX_LENGTH_CHECK');
INSERT INTO dtb_csv (no, csv_id, col, disp_name, rank, rw_flg, status, create_date, update_date, mb_convert_kana_option, size_const_type, error_check_types) VALUES (151, 5, 'level', '階層', NULL, 2, 2, CURRENT_TIMESTAMP, CURRENT_TIMESTAMP, 'n', 'INT_LEN', 'NUM_CHECK,MAX_LENGTH_CHECK');
INSERT INTO dtb_csv (no, csv_id, col, disp_name, rank, rw_flg, status, create_date, update_date, mb_convert_kana_option, size_const_type, error_check_types) VALUES (152, 5, 'rank', '表示ランク', NULL, 2, 2, CURRENT_TIMESTAMP, CURRENT_TIMESTAMP, 'n', 'INT_LEN', 'NUM_CHECK,MAX_LENGTH_CHECK');
INSERT INTO dtb_csv (no, csv_id, col, disp_name, rank, rw_flg, status, create_date, update_date, mb_convert_kana_option, size_const_type, error_check_types) VALUES (153, 5, 'del_flg', '削除フラグ', NULL, 1, 2, CURRENT_TIMESTAMP, CURRENT_TIMESTAMP, 'n', 'INT_LEN', 'NUM_CHECK,MAX_LENGTH_CHECK');

INSERT INTO dtb_deliv (deliv_id, product_type_id, name, service_name, confirm_url, rank, status, del_flg, creator_id, create_date, update_date) VALUES (1, 1, 'サンプル業者', 'サンプル業者', NULL, 2, 1, 0, 2, CURRENT_TIMESTAMP, CURRENT_TIMESTAMP);
INSERT INTO dtb_deliv (deliv_id, product_type_id, name, service_name, confirm_url, rank, status, del_flg, creator_id, create_date, update_date) VALUES (2, 2, '配送無し(ダウンロード商品用)', 'なし', NULL, 1, 1, 0, 2, CURRENT_TIMESTAMP, CURRENT_TIMESTAMP);

INSERT INTO dtb_payment_options (deliv_id, payment_id, rank) VALUES (1, 1, 1);
INSERT INTO dtb_payment_options (deliv_id, payment_id, rank) VALUES (1, 2, 2);
INSERT INTO dtb_payment_options (deliv_id, payment_id, rank) VALUES (1, 3, 3);
INSERT INTO dtb_payment_options (deliv_id, payment_id, rank) VALUES (1, 4, 4);
INSERT INTO dtb_payment_options (deliv_id, payment_id, rank) VALUES (2, 3, 1);

INSERT INTO dtb_delivfee (deliv_id, fee_id, fee, pref) VALUES (1, 1, 1000, 1);
INSERT INTO dtb_delivfee (deliv_id, fee_id, fee, pref) VALUES (1, 2, 1000, 2);
INSERT INTO dtb_delivfee (deliv_id, fee_id, fee, pref) VALUES (1, 3, 1000, 3);
INSERT INTO dtb_delivfee (deliv_id, fee_id, fee, pref) VALUES (1, 4, 1000, 4);
INSERT INTO dtb_delivfee (deliv_id, fee_id, fee, pref) VALUES (1, 5, 1000, 5);
INSERT INTO dtb_delivfee (deliv_id, fee_id, fee, pref) VALUES (1, 6, 1000, 6);
INSERT INTO dtb_delivfee (deliv_id, fee_id, fee, pref) VALUES (1, 7, 1000, 7);
INSERT INTO dtb_delivfee (deliv_id, fee_id, fee, pref) VALUES (1, 8, 1000, 8);
INSERT INTO dtb_delivfee (deliv_id, fee_id, fee, pref) VALUES (1, 9, 1000, 9);
INSERT INTO dtb_delivfee (deliv_id, fee_id, fee, pref) VALUES (1, 10, 1000, 10);
INSERT INTO dtb_delivfee (deliv_id, fee_id, fee, pref) VALUES (1, 11, 1000, 11);
INSERT INTO dtb_delivfee (deliv_id, fee_id, fee, pref) VALUES (1, 12, 1000, 12);
INSERT INTO dtb_delivfee (deliv_id, fee_id, fee, pref) VALUES (1, 13, 1000, 13);
INSERT INTO dtb_delivfee (deliv_id, fee_id, fee, pref) VALUES (1, 14, 1000, 14);
INSERT INTO dtb_delivfee (deliv_id, fee_id, fee, pref) VALUES (1, 15, 1000, 15);
INSERT INTO dtb_delivfee (deliv_id, fee_id, fee, pref) VALUES (1, 16, 1000, 16);
INSERT INTO dtb_delivfee (deliv_id, fee_id, fee, pref) VALUES (1, 17, 1000, 17);
INSERT INTO dtb_delivfee (deliv_id, fee_id, fee, pref) VALUES (1, 18, 1000, 18);
INSERT INTO dtb_delivfee (deliv_id, fee_id, fee, pref) VALUES (1, 19, 1000, 19);
INSERT INTO dtb_delivfee (deliv_id, fee_id, fee, pref) VALUES (1, 20, 1000, 20);
INSERT INTO dtb_delivfee (deliv_id, fee_id, fee, pref) VALUES (1, 21, 1000, 21);
INSERT INTO dtb_delivfee (deliv_id, fee_id, fee, pref) VALUES (1, 22, 1000, 22);
INSERT INTO dtb_delivfee (deliv_id, fee_id, fee, pref) VALUES (1, 23, 1000, 23);
INSERT INTO dtb_delivfee (deliv_id, fee_id, fee, pref) VALUES (1, 24, 1000, 24);
INSERT INTO dtb_delivfee (deliv_id, fee_id, fee, pref) VALUES (1, 25, 1000, 25);
INSERT INTO dtb_delivfee (deliv_id, fee_id, fee, pref) VALUES (1, 26, 1000, 26);
INSERT INTO dtb_delivfee (deliv_id, fee_id, fee, pref) VALUES (1, 27, 1000, 27);
INSERT INTO dtb_delivfee (deliv_id, fee_id, fee, pref) VALUES (1, 28, 1000, 28);
INSERT INTO dtb_delivfee (deliv_id, fee_id, fee, pref) VALUES (1, 29, 1000, 29);
INSERT INTO dtb_delivfee (deliv_id, fee_id, fee, pref) VALUES (1, 30, 1000, 30);
INSERT INTO dtb_delivfee (deliv_id, fee_id, fee, pref) VALUES (1, 31, 1000, 31);
INSERT INTO dtb_delivfee (deliv_id, fee_id, fee, pref) VALUES (1, 32, 1000, 32);
INSERT INTO dtb_delivfee (deliv_id, fee_id, fee, pref) VALUES (1, 33, 1000, 33);
INSERT INTO dtb_delivfee (deliv_id, fee_id, fee, pref) VALUES (1, 34, 1000, 34);
INSERT INTO dtb_delivfee (deliv_id, fee_id, fee, pref) VALUES (1, 35, 1000, 35);
INSERT INTO dtb_delivfee (deliv_id, fee_id, fee, pref) VALUES (1, 36, 1000, 36);
INSERT INTO dtb_delivfee (deliv_id, fee_id, fee, pref) VALUES (1, 37, 1000, 37);
INSERT INTO dtb_delivfee (deliv_id, fee_id, fee, pref) VALUES (1, 38, 1000, 38);
INSERT INTO dtb_delivfee (deliv_id, fee_id, fee, pref) VALUES (1, 39, 1000, 39);
INSERT INTO dtb_delivfee (deliv_id, fee_id, fee, pref) VALUES (1, 40, 1000, 40);
INSERT INTO dtb_delivfee (deliv_id, fee_id, fee, pref) VALUES (1, 41, 1000, 41);
INSERT INTO dtb_delivfee (deliv_id, fee_id, fee, pref) VALUES (1, 42, 1000, 42);
INSERT INTO dtb_delivfee (deliv_id, fee_id, fee, pref) VALUES (1, 43, 1000, 43);
INSERT INTO dtb_delivfee (deliv_id, fee_id, fee, pref) VALUES (1, 44, 1000, 44);
INSERT INTO dtb_delivfee (deliv_id, fee_id, fee, pref) VALUES (1, 45, 1000, 45);
INSERT INTO dtb_delivfee (deliv_id, fee_id, fee, pref) VALUES (1, 46, 1000, 46);
INSERT INTO dtb_delivfee (deliv_id, fee_id, fee, pref) VALUES (1, 47, 1000, 47);
INSERT INTO dtb_delivfee (deliv_id, fee_id, fee, pref) VALUES (2, 1, 0, 1);
INSERT INTO dtb_delivfee (deliv_id, fee_id, fee, pref) VALUES (2, 2, 0, 2);
INSERT INTO dtb_delivfee (deliv_id, fee_id, fee, pref) VALUES (2, 3, 0, 3);
INSERT INTO dtb_delivfee (deliv_id, fee_id, fee, pref) VALUES (2, 4, 0, 4);
INSERT INTO dtb_delivfee (deliv_id, fee_id, fee, pref) VALUES (2, 5, 0, 5);
INSERT INTO dtb_delivfee (deliv_id, fee_id, fee, pref) VALUES (2, 6, 0, 6);
INSERT INTO dtb_delivfee (deliv_id, fee_id, fee, pref) VALUES (2, 7, 0, 7);
INSERT INTO dtb_delivfee (deliv_id, fee_id, fee, pref) VALUES (2, 8, 0, 8);
INSERT INTO dtb_delivfee (deliv_id, fee_id, fee, pref) VALUES (2, 9, 0, 9);
INSERT INTO dtb_delivfee (deliv_id, fee_id, fee, pref) VALUES (2, 10, 0, 10);
INSERT INTO dtb_delivfee (deliv_id, fee_id, fee, pref) VALUES (2, 11, 0, 11);
INSERT INTO dtb_delivfee (deliv_id, fee_id, fee, pref) VALUES (2, 12, 0, 12);
INSERT INTO dtb_delivfee (deliv_id, fee_id, fee, pref) VALUES (2, 13, 0, 13);
INSERT INTO dtb_delivfee (deliv_id, fee_id, fee, pref) VALUES (2, 14, 0, 14);
INSERT INTO dtb_delivfee (deliv_id, fee_id, fee, pref) VALUES (2, 15, 0, 15);
INSERT INTO dtb_delivfee (deliv_id, fee_id, fee, pref) VALUES (2, 16, 0, 16);
INSERT INTO dtb_delivfee (deliv_id, fee_id, fee, pref) VALUES (2, 17, 0, 17);
INSERT INTO dtb_delivfee (deliv_id, fee_id, fee, pref) VALUES (2, 18, 0, 18);
INSERT INTO dtb_delivfee (deliv_id, fee_id, fee, pref) VALUES (2, 19, 0, 19);
INSERT INTO dtb_delivfee (deliv_id, fee_id, fee, pref) VALUES (2, 20, 0, 20);
INSERT INTO dtb_delivfee (deliv_id, fee_id, fee, pref) VALUES (2, 21, 0, 21);
INSERT INTO dtb_delivfee (deliv_id, fee_id, fee, pref) VALUES (2, 22, 0, 22);
INSERT INTO dtb_delivfee (deliv_id, fee_id, fee, pref) VALUES (2, 23, 0, 23);
INSERT INTO dtb_delivfee (deliv_id, fee_id, fee, pref) VALUES (2, 24, 0, 24);
INSERT INTO dtb_delivfee (deliv_id, fee_id, fee, pref) VALUES (2, 25, 0, 25);
INSERT INTO dtb_delivfee (deliv_id, fee_id, fee, pref) VALUES (2, 26, 0, 26);
INSERT INTO dtb_delivfee (deliv_id, fee_id, fee, pref) VALUES (2, 27, 0, 27);
INSERT INTO dtb_delivfee (deliv_id, fee_id, fee, pref) VALUES (2, 28, 0, 28);
INSERT INTO dtb_delivfee (deliv_id, fee_id, fee, pref) VALUES (2, 29, 0, 29);
INSERT INTO dtb_delivfee (deliv_id, fee_id, fee, pref) VALUES (2, 30, 0, 30);
INSERT INTO dtb_delivfee (deliv_id, fee_id, fee, pref) VALUES (2, 31, 0, 31);
INSERT INTO dtb_delivfee (deliv_id, fee_id, fee, pref) VALUES (2, 32, 0, 32);
INSERT INTO dtb_delivfee (deliv_id, fee_id, fee, pref) VALUES (2, 33, 0, 33);
INSERT INTO dtb_delivfee (deliv_id, fee_id, fee, pref) VALUES (2, 34, 0, 34);
INSERT INTO dtb_delivfee (deliv_id, fee_id, fee, pref) VALUES (2, 35, 0, 35);
INSERT INTO dtb_delivfee (deliv_id, fee_id, fee, pref) VALUES (2, 36, 0, 36);
INSERT INTO dtb_delivfee (deliv_id, fee_id, fee, pref) VALUES (2, 37, 0, 37);
INSERT INTO dtb_delivfee (deliv_id, fee_id, fee, pref) VALUES (2, 38, 0, 38);
INSERT INTO dtb_delivfee (deliv_id, fee_id, fee, pref) VALUES (2, 39, 0, 39);
INSERT INTO dtb_delivfee (deliv_id, fee_id, fee, pref) VALUES (2, 40, 0, 40);
INSERT INTO dtb_delivfee (deliv_id, fee_id, fee, pref) VALUES (2, 41, 0, 41);
INSERT INTO dtb_delivfee (deliv_id, fee_id, fee, pref) VALUES (2, 42, 0, 42);
INSERT INTO dtb_delivfee (deliv_id, fee_id, fee, pref) VALUES (2, 43, 0, 43);
INSERT INTO dtb_delivfee (deliv_id, fee_id, fee, pref) VALUES (2, 44, 0, 44);
INSERT INTO dtb_delivfee (deliv_id, fee_id, fee, pref) VALUES (2, 45, 0, 45);
INSERT INTO dtb_delivfee (deliv_id, fee_id, fee, pref) VALUES (2, 46, 0, 46);
INSERT INTO dtb_delivfee (deliv_id, fee_id, fee, pref) VALUES (2, 47, 0, 47);

INSERT INTO dtb_delivtime (deliv_id, time_id, deliv_time) VALUES (1, 1, '午前');
INSERT INTO dtb_delivtime (deliv_id, time_id, deliv_time) VALUES (1, 2, '午後');

INSERT INTO dtb_holiday (holiday_id, title, month, day, rank, creator_id, create_date, update_date, del_flg) VALUES (1, '元旦(1月1日)', 1, 1, 100, 0, CURRENT_TIMESTAMP, CURRENT_TIMESTAMP, 0);
INSERT INTO dtb_holiday (holiday_id, title, month, day, rank, creator_id, create_date, update_date, del_flg) VALUES (2, '成人の日(1月第2月曜日)', 1, 14, 99, 0, CURRENT_TIMESTAMP, CURRENT_TIMESTAMP, 0);
INSERT INTO dtb_holiday (holiday_id, title, month, day, rank, creator_id, create_date, update_date, del_flg) VALUES (3, '建国記念の日(2月11日)', 2, 11, 98, 0, CURRENT_TIMESTAMP, CURRENT_TIMESTAMP, 0);
INSERT INTO dtb_holiday (holiday_id, title, month, day, rank, creator_id, create_date, update_date, del_flg) VALUES (4, '春分の日(3月21日)', 3, 21, 97, 0, CURRENT_TIMESTAMP, CURRENT_TIMESTAMP, 0);
INSERT INTO dtb_holiday (holiday_id, title, month, day, rank, creator_id, create_date, update_date, del_flg) VALUES (5, '昭和の日(4月29日)', 4, 29, 96, 0, CURRENT_TIMESTAMP, CURRENT_TIMESTAMP, 0);
INSERT INTO dtb_holiday (holiday_id, title, month, day, rank, creator_id, create_date, update_date, del_flg) VALUES (6, '憲法記念日(5月3日)', 5, 3, 95, 0, CURRENT_TIMESTAMP, CURRENT_TIMESTAMP, 0);
INSERT INTO dtb_holiday (holiday_id, title, month, day, rank, creator_id, create_date, update_date, del_flg) VALUES (7, 'みどりの日(5月4日)', 5, 4, 94, 0, CURRENT_TIMESTAMP, CURRENT_TIMESTAMP, 0);
INSERT INTO dtb_holiday (holiday_id, title, month, day, rank, creator_id, create_date, update_date, del_flg) VALUES (8, 'こどもの日(5月5日)', 5, 5, 93, 0, CURRENT_TIMESTAMP, CURRENT_TIMESTAMP, 0);
INSERT INTO dtb_holiday (holiday_id, title, month, day, rank, creator_id, create_date, update_date, del_flg) VALUES (9, '海の日(7月第3月曜日)', 7, 21, 92, 0, CURRENT_TIMESTAMP, CURRENT_TIMESTAMP, 0);
INSERT INTO dtb_holiday (holiday_id, title, month, day, rank, creator_id, create_date, update_date, del_flg) VALUES (10, '敬老の日(9月第3月曜日)', 9, 15, 91, 0, CURRENT_TIMESTAMP, CURRENT_TIMESTAMP, 0);
INSERT INTO dtb_holiday (holiday_id, title, month, day, rank, creator_id, create_date, update_date, del_flg) VALUES (11, '秋分の日(9月23日)', 9, 23, 90, 0, CURRENT_TIMESTAMP, CURRENT_TIMESTAMP, 0);
INSERT INTO dtb_holiday (holiday_id, title, month, day, rank, creator_id, create_date, update_date, del_flg) VALUES (12, '体育の日(10月第2月曜日)', 10, 13, 89, 0, CURRENT_TIMESTAMP, CURRENT_TIMESTAMP, 0);
INSERT INTO dtb_holiday (holiday_id, title, month, day, rank, creator_id, create_date, update_date, del_flg) VALUES (13, '文化の日(11月3日)', 11, 3, 88, 0, CURRENT_TIMESTAMP, CURRENT_TIMESTAMP, 0);
INSERT INTO dtb_holiday (holiday_id, title, month, day, rank, creator_id, create_date, update_date, del_flg) VALUES (14, '勤労感謝の日(11月23日)', 11, 23, 87, 0, CURRENT_TIMESTAMP, CURRENT_TIMESTAMP, 0);
INSERT INTO dtb_holiday (holiday_id, title, month, day, rank, creator_id, create_date, update_date, del_flg) VALUES (15, '天皇誕生日(12月23日)', 12, 23, 86, 0, CURRENT_TIMESTAMP, CURRENT_TIMESTAMP, 0);

INSERT INTO dtb_kiyaku (kiyaku_id, kiyaku_title, kiyaku_text, rank, creator_id, create_date, update_date, del_flg) VALUES (1, '第1条 (会員)', '1. 「会員」とは、当社が定める手続に従い本規約に同意の上、入会の申し込みを行う個人をいいます。
2. 「会員情報」とは、会員が当社に開示した会員の属性に関する情報および会員の取引に関する履歴等の情報をいいます。
3. 本規約は、すべての会員に適用され、登録手続時および登録後にお守りいただく規約です。', 12, 0, CURRENT_TIMESTAMP, CURRENT_TIMESTAMP, 0);
INSERT INTO dtb_kiyaku (kiyaku_id, kiyaku_title, kiyaku_text, rank, creator_id, create_date, update_date, del_flg) VALUES (2, '第2条 (登録)', '1. 会員資格
本規約に同意の上、所定の入会申込みをされたお客様は、所定の登録手続完了後に会員としての資格を有します。会員登録手続は、会員となるご本人が行ってください。代理による登録は一切認められません。なお、過去に会員資格が取り消された方やその他当社が相応しくないと判断した方からの会員申込はお断りする場合があります。

2. 会員情報の入力
会員登録手続の際には、入力上の注意をよく読み、所定の入力フォームに必要事項を正確に入力してください。会員情報の登録において、特殊記号・旧漢字・ローマ数字などはご使用になれません。これらの文字が登録された場合は当社にて変更致します。

3. パスワードの管理
(1)パスワードは会員本人のみが利用できるものとし、第三者に譲渡・貸与できないものとします。
(2)パスワードは、他人に知られることがないよう定期的に変更する等、会員本人が責任をもって管理してください。
(3)パスワードを用いて当社に対して行われた意思表示は、会員本人の意思表示とみなし、そのために生じる支払等はすべて会員の責任となります。', 11, 0, CURRENT_TIMESTAMP, CURRENT_TIMESTAMP, 0);
INSERT INTO dtb_kiyaku (kiyaku_id, kiyaku_title, kiyaku_text, rank, creator_id, create_date, update_date, del_flg) VALUES (3, '第3条 (変更)', '1. 会員は、氏名、住所など当社に届け出た事項に変更があった場合には、速やかに当社に連絡するものとします。
2. 変更登録がなされなかったことにより生じた損害について、当社は一切責任を負いません。また、変更登録がなされた場合でも、変更登録前にすでに手続がなされた取引は、変更登録前の情報に基づいて行われますのでご注意ください。', 10, 0, CURRENT_TIMESTAMP, CURRENT_TIMESTAMP, 0);
INSERT INTO dtb_kiyaku (kiyaku_id, kiyaku_title, kiyaku_text, rank, creator_id, create_date, update_date, del_flg) VALUES (4, '第4条 (退会)', '会員が退会を希望する場合には、会員本人が退会手続きを行ってください。所定の退会手続の終了後に、退会となります。', 9, 0, CURRENT_TIMESTAMP, CURRENT_TIMESTAMP, 0);
INSERT INTO dtb_kiyaku (kiyaku_id, kiyaku_title, kiyaku_text, rank, creator_id, create_date, update_date, del_flg) VALUES (5, '第5条 (会員資格の喪失及び賠償義務)', '1. 会員が、会員資格取得申込の際に虚偽の申告をしたとき、通信販売による代金支払債務を怠ったとき、その他当社が会員として不適当と認める事由があるときは、当社は、会員資格を取り消すことができることとします。
2. 会員が、以下の各号に定める行為をしたときは、これにより当社が被った損害を賠償する責任を負います。
(1)会員番号、パスワードを不正に使用すること
(2)当ホームページにアクセスして情報を改ざんしたり、当ホームページに有害なコンピュータープログラムを送信するなどして、当社の営業を妨害すること
(3)当社が扱う商品の知的所有権を侵害する行為をすること
(4)その他、この利用規約に反する行為をすること', 8, 0, CURRENT_TIMESTAMP, CURRENT_TIMESTAMP, 0);
INSERT INTO dtb_kiyaku (kiyaku_id, kiyaku_title, kiyaku_text, rank, creator_id, create_date, update_date, del_flg) VALUES (6, '第6条 (会員情報の取扱い)', '1. 当社は、原則として会員情報を会員の事前の同意なく第三者に対して開示することはありません。ただし、次の各号の場合には、会員の事前の同意なく、当社は会員情報その他のお客様情報を開示できるものとします。
(1)法令に基づき開示を求められた場合
(2)当社の権利、利益、名誉等を保護するために必要であると当社が判断した場合
2. 会員情報につきましては、当社の「個人情報保護への取組み」に従い、当社が管理します。当社は、会員情報を、会員へのサービス提供、サービス内容の向上、サービスの利用促進、およびサービスの健全かつ円滑な運営の確保を図る目的のために、当社おいて利用することができるものとします。
3. 当社は、会員に対して、メールマガジンその他の方法による情報提供(広告を含みます)を行うことができるものとします。会員が情報提供を希望しない場合は、当社所定の方法に従い、その旨を通知して頂ければ、情報提供を停止します。ただし、本サービス運営に必要な情報提供につきましては、会員の希望により停止をすることはできません。', 7, 0, CURRENT_TIMESTAMP, CURRENT_TIMESTAMP, 0);
INSERT INTO dtb_kiyaku (kiyaku_id, kiyaku_title, kiyaku_text, rank, creator_id, create_date, update_date, del_flg) VALUES (7, '第7条 (禁止事項)', '本サービスの利用に際して、会員に対し次の各号の行為を行うことを禁止します。

1. 法令または本規約、本サービスご利用上のご注意、本サービスでのお買い物上のご注意その他の本規約等に違反すること
2. 当社、およびその他の第三者の権利、利益、名誉等を損ねること
3. 青少年の心身に悪影響を及ぼす恐れがある行為、その他公序良俗に反する行為を行うこと
4. 他の利用者その他の第三者に迷惑となる行為や不快感を抱かせる行為を行うこと
5. 虚偽の情報を入力すること
6. 有害なコンピュータープログラム、メール等を送信または書き込むこと
7. 当社のサーバーその他のコンピューターに不正にアクセスすること
8. パスワードを第三者に貸与・譲渡すること、または第三者と共用すること
9. その他当社が不適切と判断すること', 6, 0, CURRENT_TIMESTAMP, CURRENT_TIMESTAMP, 0);
INSERT INTO dtb_kiyaku (kiyaku_id, kiyaku_title, kiyaku_text, rank, creator_id, create_date, update_date, del_flg) VALUES (8, '第8条 (サービスの中断・停止等)', '1. 当社は、本サービスの稼動状態を良好に保つために、次の各号の一に該当する場合、予告なしに、本サービスの提供全てあるいは一部を停止することがあります。
(1)システムの定期保守および緊急保守のために必要な場合
(2)システムに負荷が集中した場合
(3)火災、停電、第三者による妨害行為などによりシステムの運用が困難になった場合
(4)その他、止むを得ずシステムの停止が必要と当社が判断した場合', 5, 0, CURRENT_TIMESTAMP, CURRENT_TIMESTAMP, 0);
INSERT INTO dtb_kiyaku (kiyaku_id, kiyaku_title, kiyaku_text, rank, creator_id, create_date, update_date, del_flg) VALUES (9, '第9条 (サービスの変更・廃止)', '当社は、その判断によりサービスの全部または一部を事前の通知なく、適宜変更・廃止できるものとします。', 4, 0, CURRENT_TIMESTAMP, CURRENT_TIMESTAMP, 0);
INSERT INTO dtb_kiyaku (kiyaku_id, kiyaku_title, kiyaku_text, rank, creator_id, create_date, update_date, del_flg) VALUES (10, '第10条 (免責)', '1. 通信回線やコンピューターなどの障害によるシステムの中断・遅滞・中止・データの消失、データへの不正アクセスにより生じた損害、その他当社のサービスに関して会員に生じた損害について、当社は一切責任を負わないものとします。
2. 当社は、当社のウェブページ・サーバー・ドメインなどから送られるメール・コンテンツに、コンピューター・ウィルスなどの有害なものが含まれていないことを保証いたしません。
3. 会員が本規約等に違反したことによって生じた損害については、当社は一切責任を負いません。', 3, 0, CURRENT_TIMESTAMP, CURRENT_TIMESTAMP, 0);
INSERT INTO dtb_kiyaku (kiyaku_id, kiyaku_title, kiyaku_text, rank, creator_id, create_date, update_date, del_flg) VALUES (11, '第11条 (本規約の改定)', '当社は、本規約を任意に改定できるものとし、また、当社において本規約を補充する規約(以下「補充規約」といいます)を定めることができます。本規約の改定または補充は、改定後の本規約または補充規約を当社所定のサイトに掲示したときにその効力を生じるものとします。この場合、会員は、改定後の規約および補充規約に従うものと致します。', 2, 0, CURRENT_TIMESTAMP, CURRENT_TIMESTAMP, 0);
INSERT INTO dtb_kiyaku (kiyaku_id, kiyaku_title, kiyaku_text, rank, creator_id, create_date, update_date, del_flg) VALUES (12, '第12条 (準拠法、管轄裁判所)', '本規約に関して紛争が生じた場合、当社本店所在地を管轄する地方裁判所を第一審の専属的合意管轄裁判所とします。 ', 1, 0, CURRENT_TIMESTAMP, CURRENT_TIMESTAMP, 0);

INSERT INTO dtb_mailtemplate (template_id, subject, header, footer, creator_id, del_flg, create_date, update_date) VALUES (1, 'ご注文ありがとうございます', 'この度はご注文いただき誠にありがとうございます。
下記ご注文内容にお間違えがないかご確認下さい。

', '
============================================


このメッセージはお客様へのお知らせ専用ですので、
このメッセージへの返信としてご質問をお送りいただいても回答できません。
ご了承ください。

ご質問やご不明な点がございましたら、こちらからお願いいたします。

', 0, 0, CURRENT_TIMESTAMP, CURRENT_TIMESTAMP);
INSERT INTO dtb_mailtemplate (template_id, subject, header, footer, creator_id, del_flg, create_date, update_date) VALUES (5, 'お問い合わせを受け付けました', NULL, NULL, 0, 0, CURRENT_TIMESTAMP, CURRENT_TIMESTAMP);

INSERT INTO dtb_module (module_id, module_code, module_name, sub_data, auto_update_flg, del_flg, create_date, update_date) VALUES (0, '0', 'patch', NULL, 0, 0, CURRENT_TIMESTAMP, CURRENT_TIMESTAMP);

INSERT INTO dtb_news (news_id, news_date, rank, news_title, news_comment, news_url, news_select, link_method, creator_id, create_date, update_date, del_flg) VALUES (1, CURRENT_TIMESTAMP, 1, 'サイトオープンいたしました!', '一人暮らしからオフィスなどさまざまなシーンで あなたの生活をサポートするグッズをご家庭へお届けします！一人暮らしからオフィスなどさまざまなシーンで あなたの生活をサポートするグッズをご家庭へお届けします！一人暮らしからオフィスなどさまざまなシーンで あなたの生活をサポートするグッズをご家庭へお届けします！', NULL, 0, NULL, 1, CURRENT_TIMESTAMP, CURRENT_TIMESTAMP, 0);

INSERT INTO dtb_pagelayout (device_type_id, page_id, page_name, url, filename, header_chk, footer_chk, edit_flg, author, description, keyword, update_url, create_date, update_date) VALUES (10, 0, 'プレビューデータ', 'preview', NULL, 1, 1, 1, NULL, NULL, NULL, NULL, CURRENT_TIMESTAMP, CURRENT_TIMESTAMP);
INSERT INTO dtb_pagelayout (device_type_id, page_id, page_name, url, filename, header_chk, footer_chk, edit_flg, author, description, keyword, update_url, create_date, update_date) VALUES (10, 1, 'TOPページ', 'index.php', 'index', 1, 1, 2, NULL, NULL, NULL, NULL, CURRENT_TIMESTAMP, CURRENT_TIMESTAMP);
INSERT INTO dtb_pagelayout (device_type_id, page_id, page_name, url, filename, header_chk, footer_chk, edit_flg, author, description, keyword, update_url, create_date, update_date) VALUES (10, 2, '商品一覧ページ', 'products/list.php', 'products/list', 1, 1, 2, NULL, NULL, NULL, NULL, CURRENT_TIMESTAMP, CURRENT_TIMESTAMP);
INSERT INTO dtb_pagelayout (device_type_id, page_id, page_name, url, filename, header_chk, footer_chk, edit_flg, author, description, keyword, update_url, create_date, update_date) VALUES (10, 3, '商品詳細ページ', 'products/detail.php', 'products/detail', 1, 1, 2, NULL, NULL, NULL, NULL, CURRENT_TIMESTAMP, CURRENT_TIMESTAMP);
INSERT INTO dtb_pagelayout (device_type_id, page_id, page_name, url, filename, header_chk, footer_chk, edit_flg, author, description, keyword, update_url, create_date, update_date) VALUES (10, 4, 'MYページ', 'mypage/index.php', 'mypage/index', 1, 1, 2, NULL, NULL, NULL, NULL, CURRENT_TIMESTAMP, CURRENT_TIMESTAMP);
INSERT INTO dtb_pagelayout (device_type_id, page_id, page_name, url, filename, header_chk, footer_chk, edit_flg, author, description, keyword, update_url, create_date, update_date) VALUES (10, 5, 'MYページ/会員登録内容変更(入力ページ)', 'mypage/change.php', 'mypage/change', 1, 1, 2, NULL, NULL, NULL, NULL, CURRENT_TIMESTAMP, CURRENT_TIMESTAMP);
INSERT INTO dtb_pagelayout (device_type_id, page_id, page_name, url, filename, header_chk, footer_chk, edit_flg, author, description, keyword, update_url, create_date, update_date) VALUES (10, 6, 'MYページ/会員登録内容変更(完了ページ)', 'mypage/change_complete.php', 'mypage/change_complete', 1, 1, 2, NULL, NULL, NULL, NULL, CURRENT_TIMESTAMP, CURRENT_TIMESTAMP);
INSERT INTO dtb_pagelayout (device_type_id, page_id, page_name, url, filename, header_chk, footer_chk, edit_flg, author, description, keyword, update_url, create_date, update_date) VALUES (10, 7, 'MYページ/お届け先追加･変更', 'mypage/delivery.php', 'mypage/delivery', 1, 1, 2, NULL, NULL, NULL, NULL, CURRENT_TIMESTAMP, CURRENT_TIMESTAMP);
INSERT INTO dtb_pagelayout (device_type_id, page_id, page_name, url, filename, header_chk, footer_chk, edit_flg, author, description, keyword, update_url, create_date, update_date) VALUES (10, 8, 'MYページ/お気に入り一覧', 'mypage/favorite.php', 'mypage/favorite', 1, 1, 2, NULL, NULL, NULL, NULL, CURRENT_TIMESTAMP, CURRENT_TIMESTAMP);
INSERT INTO dtb_pagelayout (device_type_id, page_id, page_name, url, filename, header_chk, footer_chk, edit_flg, author, description, keyword, update_url, create_date, update_date) VALUES (10, 9, 'MYページ/購入履歴詳細', 'mypage/history.php', 'mypage/history', 1, 1, 2, NULL, NULL, NULL, NULL, CURRENT_TIMESTAMP, CURRENT_TIMESTAMP);
INSERT INTO dtb_pagelayout (device_type_id, page_id, page_name, url, filename, header_chk, footer_chk, edit_flg, author, description, keyword, update_url, create_date, update_date) VALUES (10, 10, 'MYページ/ログイン', 'mypage/login.php', 'mypage/login', 1, 1, 2, NULL, NULL, NULL, NULL, CURRENT_TIMESTAMP, CURRENT_TIMESTAMP);
INSERT INTO dtb_pagelayout (device_type_id, page_id, page_name, url, filename, header_chk, footer_chk, edit_flg, author, description, keyword, update_url, create_date, update_date) VALUES (10, 11, 'MYページ/退会手続き(入力ページ)', 'mypage/refusal.php', 'mypage/refusal', 1, 1, 2, NULL, NULL, NULL, NULL, CURRENT_TIMESTAMP, CURRENT_TIMESTAMP);
INSERT INTO dtb_pagelayout (device_type_id, page_id, page_name, url, filename, header_chk, footer_chk, edit_flg, author, description, keyword, update_url, create_date, update_date) VALUES (10, 12, 'MYページ/退会手続き(完了ページ)', 'mypage/refusal_complete.php', 'mypage/refusal_complete', 1, 1, 2, NULL, NULL, NULL, NULL, CURRENT_TIMESTAMP, CURRENT_TIMESTAMP);
INSERT INTO dtb_pagelayout (device_type_id, page_id, page_name, url, filename, header_chk, footer_chk, edit_flg, author, description, keyword, update_url, create_date, update_date) VALUES (10, 13, '当サイトについて', 'abouts/index.php', 'abouts/index', 1, 1, 2, NULL, NULL, NULL, NULL, CURRENT_TIMESTAMP, CURRENT_TIMESTAMP);
INSERT INTO dtb_pagelayout (device_type_id, page_id, page_name, url, filename, header_chk, footer_chk, edit_flg, author, description, keyword, update_url, create_date, update_date) VALUES (10, 14, '現在のカゴの中', 'cart/index.php', 'cart/index', 1, 1, 2, NULL, NULL, NULL, NULL, CURRENT_TIMESTAMP, CURRENT_TIMESTAMP);
INSERT INTO dtb_pagelayout (device_type_id, page_id, page_name, url, filename, header_chk, footer_chk, edit_flg, author, description, keyword, update_url, create_date, update_date) VALUES (10, 15, 'お問い合わせ(入力ページ)', 'contact/index.php', 'contact/index', 1, 1, 2, NULL, NULL, NULL, NULL, CURRENT_TIMESTAMP, CURRENT_TIMESTAMP);
INSERT INTO dtb_pagelayout (device_type_id, page_id, page_name, url, filename, header_chk, footer_chk, edit_flg, author, description, keyword, update_url, create_date, update_date) VALUES (10, 16, 'お問い合わせ(完了ページ)', 'contact/complete.php', 'contact/complete', 1, 1, 2, NULL, NULL, NULL, NULL, CURRENT_TIMESTAMP, CURRENT_TIMESTAMP);
INSERT INTO dtb_pagelayout (device_type_id, page_id, page_name, url, filename, header_chk, footer_chk, edit_flg, author, description, keyword, update_url, create_date, update_date) VALUES (10, 17, '会員登録(入力ページ)', 'entry/index.php', 'entry/index', 1, 1, 2, NULL, NULL, NULL, NULL, CURRENT_TIMESTAMP, CURRENT_TIMESTAMP);
INSERT INTO dtb_pagelayout (device_type_id, page_id, page_name, url, filename, header_chk, footer_chk, edit_flg, author, description, keyword, update_url, create_date, update_date) VALUES (10, 18, 'ご利用規約', 'entry/kiyaku.php', 'entry/kiyaku', 1, 1, 2, NULL, NULL, NULL, NULL, CURRENT_TIMESTAMP, CURRENT_TIMESTAMP);
INSERT INTO dtb_pagelayout (device_type_id, page_id, page_name, url, filename, header_chk, footer_chk, edit_flg, author, description, keyword, update_url, create_date, update_date) VALUES (10, 19, '会員登録(完了ページ)', 'entry/complete.php', 'entry/complete', 1, 1, 2, NULL, NULL, NULL, NULL, CURRENT_TIMESTAMP, CURRENT_TIMESTAMP);
INSERT INTO dtb_pagelayout (device_type_id, page_id, page_name, url, filename, header_chk, footer_chk, edit_flg, author, description, keyword, update_url, create_date, update_date) VALUES (10, 20, '特定商取引に関する法律に基づく表記', 'order/index.php', 'order/index', 1, 1, 2, NULL, NULL, NULL, NULL, CURRENT_TIMESTAMP, CURRENT_TIMESTAMP);
INSERT INTO dtb_pagelayout (device_type_id, page_id, page_name, url, filename, header_chk, footer_chk, edit_flg, author, description, keyword, update_url, create_date, update_date) VALUES (10, 21, '本会員登録(完了ページ)', 'regist/complete.php', 'regist/complete', 1, 1, 2, NULL, NULL, NULL, NULL, CURRENT_TIMESTAMP, CURRENT_TIMESTAMP);
INSERT INTO dtb_pagelayout (device_type_id, page_id, page_name, url, filename, header_chk, footer_chk, edit_flg, author, description, keyword, update_url, create_date, update_date) VALUES (10, 22, '商品購入/ログイン', 'shopping/index.php', 'shopping/index', 1, 1, 2, NULL, NULL, NULL, NULL, CURRENT_TIMESTAMP, CURRENT_TIMESTAMP);
INSERT INTO dtb_pagelayout (device_type_id, page_id, page_name, url, filename, header_chk, footer_chk, edit_flg, author, description, keyword, update_url, create_date, update_date) VALUES (10, 23, '商品購入/お届け先の指定', 'shopping/deliv.php', 'shopping/deliv', 1, 1, 2, NULL, NULL, NULL, NULL, CURRENT_TIMESTAMP, CURRENT_TIMESTAMP);
INSERT INTO dtb_pagelayout (device_type_id, page_id, page_name, url, filename, header_chk, footer_chk, edit_flg, author, description, keyword, update_url, create_date, update_date) VALUES (10, 24, '商品購入/お届け先の複数指定', 'shopping/multiple.php', 'shopping/multiple', 1, 1, 2, NULL, NULL, NULL, NULL, CURRENT_TIMESTAMP, CURRENT_TIMESTAMP);
INSERT INTO dtb_pagelayout (device_type_id, page_id, page_name, url, filename, header_chk, footer_chk, edit_flg, author, description, keyword, update_url, create_date, update_date) VALUES (10, 25, '商品購入/お支払方法・お届け時間等の指定', 'shopping/payment.php', 'shopping/payment', 1, 1, 2, NULL, NULL, NULL, NULL, CURRENT_TIMESTAMP, CURRENT_TIMESTAMP);
INSERT INTO dtb_pagelayout (device_type_id, page_id, page_name, url, filename, header_chk, footer_chk, edit_flg, author, description, keyword, update_url, create_date, update_date) VALUES (10, 26, '商品購入/ご入力内容のご確認', 'shopping/confirm.php', 'shopping/confirm', 1, 1, 2, NULL, NULL, NULL, NULL, CURRENT_TIMESTAMP, CURRENT_TIMESTAMP);
INSERT INTO dtb_pagelayout (device_type_id, page_id, page_name, url, filename, header_chk, footer_chk, edit_flg, author, description, keyword, update_url, create_date, update_date) VALUES (10, 27, '商品購入/ご注文完了', 'shopping/complete.php', 'shopping/complete', 1, 1, 2, NULL, NULL, NULL, NULL, CURRENT_TIMESTAMP, CURRENT_TIMESTAMP);
INSERT INTO dtb_pagelayout (device_type_id, page_id, page_name, url, filename, header_chk, footer_chk, edit_flg, author, description, keyword, update_url, create_date, update_date) VALUES (10, 28, 'プライバシーポリシー', 'guide/privacy.php', 'guide/privacy', 1, 1, 2, NULL, NULL, NULL, NULL, CURRENT_TIMESTAMP, CURRENT_TIMESTAMP);
INSERT INTO dtb_pagelayout (device_type_id, page_id, page_name, url, filename, header_chk, footer_chk, edit_flg, author, description, keyword, update_url, create_date, update_date) VALUES (2, 0, NULL, 'preview', 'preview', 1, 1, 1, NULL, NULL, NULL, NULL, CURRENT_TIMESTAMP, CURRENT_TIMESTAMP);
INSERT INTO dtb_pagelayout (device_type_id, page_id, page_name, url, filename, header_chk, footer_chk, edit_flg, author, description, keyword, update_url, create_date, update_date) VALUES (2, 1, 'TOPページ', 'index.php', 'index', 1, 1, 2, NULL, NULL, NULL, NULL, CURRENT_TIMESTAMP, CURRENT_TIMESTAMP);
INSERT INTO dtb_pagelayout (device_type_id, page_id, page_name, url, filename, header_chk, footer_chk, edit_flg, author, description, keyword, update_url, create_date, update_date) VALUES (2, 2, '商品一覧ページ', 'products/list.php', 'products/list', 1, 1, 2, NULL, NULL, NULL, NULL, CURRENT_TIMESTAMP, CURRENT_TIMESTAMP);
INSERT INTO dtb_pagelayout (device_type_id, page_id, page_name, url, filename, header_chk, footer_chk, edit_flg, author, description, keyword, update_url, create_date, update_date) VALUES (2, 3, '商品詳細ページ', 'products/detail.php', 'products/detail', 1, 1, 2, NULL, NULL, NULL, NULL, CURRENT_TIMESTAMP, CURRENT_TIMESTAMP);
INSERT INTO dtb_pagelayout (device_type_id, page_id, page_name, url, filename, header_chk, footer_chk, edit_flg, author, description, keyword, update_url, create_date, update_date) VALUES (2, 4, 'MYページ', 'mypage/index.php', 'mypage/index', 1, 1, 2, NULL, NULL, NULL, NULL, CURRENT_TIMESTAMP, CURRENT_TIMESTAMP);
INSERT INTO dtb_pagelayout (device_type_id, page_id, page_name, url, filename, header_chk, footer_chk, edit_flg, author, description, keyword, update_url, create_date, update_date) VALUES (2, 5, 'MYページ/会員登録内容変更(入力ページ)', 'mypage/change.php', 'mypage/change', 1, 1, 2, NULL, NULL, NULL, NULL, CURRENT_TIMESTAMP, CURRENT_TIMESTAMP);
INSERT INTO dtb_pagelayout (device_type_id, page_id, page_name, url, filename, header_chk, footer_chk, edit_flg, author, description, keyword, update_url, create_date, update_date) VALUES (2, 6, 'MYページ/会員登録内容変更(完了ページ)', 'mypage/change_complete.php', 'mypage/change_complete', 1, 1, 2, NULL, NULL, NULL, NULL, CURRENT_TIMESTAMP, CURRENT_TIMESTAMP);
INSERT INTO dtb_pagelayout (device_type_id, page_id, page_name, url, filename, header_chk, footer_chk, edit_flg, author, description, keyword, update_url, create_date, update_date) VALUES (2, 7, 'MYページ/お届け先追加･変更', 'mypage/delivery.php', 'mypage/delivery', 1, 1, 2, NULL, NULL, NULL, NULL, CURRENT_TIMESTAMP, CURRENT_TIMESTAMP);
INSERT INTO dtb_pagelayout (device_type_id, page_id, page_name, url, filename, header_chk, footer_chk, edit_flg, author, description, keyword, update_url, create_date, update_date) VALUES (2, 8, 'MYページ/お気に入り一覧', 'mypage/favorite.php', 'mypage/favorite', 1, 1, 2, NULL, NULL, NULL, NULL, CURRENT_TIMESTAMP, CURRENT_TIMESTAMP);
INSERT INTO dtb_pagelayout (device_type_id, page_id, page_name, url, filename, header_chk, footer_chk, edit_flg, author, description, keyword, update_url, create_date, update_date) VALUES (2, 9, 'MYページ/購入履歴詳細', 'mypage/history.php', 'mypage/history', 1, 1, 2, NULL, NULL, NULL, NULL, CURRENT_TIMESTAMP, CURRENT_TIMESTAMP);
INSERT INTO dtb_pagelayout (device_type_id, page_id, page_name, url, filename, header_chk, footer_chk, edit_flg, author, description, keyword, update_url, create_date, update_date) VALUES (2, 10, 'MYページ/ログイン', 'mypage/login.php', 'mypage/login', 1, 1, 2, NULL, NULL, NULL, NULL, CURRENT_TIMESTAMP, CURRENT_TIMESTAMP);
INSERT INTO dtb_pagelayout (device_type_id, page_id, page_name, url, filename, header_chk, footer_chk, edit_flg, author, description, keyword, update_url, create_date, update_date) VALUES (2, 11, 'MYページ/退会手続き(入力ページ)', 'mypage/refusal.php', 'mypage/refusal', 1, 1, 2, NULL, NULL, NULL, NULL, CURRENT_TIMESTAMP, CURRENT_TIMESTAMP);
INSERT INTO dtb_pagelayout (device_type_id, page_id, page_name, url, filename, header_chk, footer_chk, edit_flg, author, description, keyword, update_url, create_date, update_date) VALUES (2, 12, 'MYページ/退会手続き(完了ページ)', 'mypage/refusal_complete.php', 'mypage/refusal_complete', 1, 1, 2, NULL, NULL, NULL, NULL, CURRENT_TIMESTAMP, CURRENT_TIMESTAMP);
INSERT INTO dtb_pagelayout (device_type_id, page_id, page_name, url, filename, header_chk, footer_chk, edit_flg, author, description, keyword, update_url, create_date, update_date) VALUES (2, 13, '当サイトについて', 'abouts/index.php', 'abouts/index', 1, 1, 2, NULL, NULL, NULL, NULL, CURRENT_TIMESTAMP, CURRENT_TIMESTAMP);
INSERT INTO dtb_pagelayout (device_type_id, page_id, page_name, url, filename, header_chk, footer_chk, edit_flg, author, description, keyword, update_url, create_date, update_date) VALUES (2, 14, '現在のカゴの中', 'cart/index.php', 'cart/index', 1, 1, 2, NULL, NULL, NULL, NULL, CURRENT_TIMESTAMP, CURRENT_TIMESTAMP);
INSERT INTO dtb_pagelayout (device_type_id, page_id, page_name, url, filename, header_chk, footer_chk, edit_flg, author, description, keyword, update_url, create_date, update_date) VALUES (2, 15, 'お問い合わせ(入力ページ)', 'contact/index.php', 'contact/index', 1, 1, 2, NULL, NULL, NULL, NULL, CURRENT_TIMESTAMP, CURRENT_TIMESTAMP);
INSERT INTO dtb_pagelayout (device_type_id, page_id, page_name, url, filename, header_chk, footer_chk, edit_flg, author, description, keyword, update_url, create_date, update_date) VALUES (2, 16, 'お問い合わせ(完了ページ)', 'contact/complete.php', 'contact/complete', 1, 1, 2, NULL, NULL, NULL, NULL, CURRENT_TIMESTAMP, CURRENT_TIMESTAMP);
INSERT INTO dtb_pagelayout (device_type_id, page_id, page_name, url, filename, header_chk, footer_chk, edit_flg, author, description, keyword, update_url, create_date, update_date) VALUES (2, 17, '会員登録(入力ページ)', 'entry/index.php', 'entry/index', 1, 1, 2, NULL, NULL, NULL, NULL, CURRENT_TIMESTAMP, CURRENT_TIMESTAMP);
INSERT INTO dtb_pagelayout (device_type_id, page_id, page_name, url, filename, header_chk, footer_chk, edit_flg, author, description, keyword, update_url, create_date, update_date) VALUES (2, 18, 'ご利用規約', 'entry/kiyaku.php', 'entry/kiyaku', 1, 1, 2, NULL, NULL, NULL, NULL, CURRENT_TIMESTAMP, CURRENT_TIMESTAMP);
INSERT INTO dtb_pagelayout (device_type_id, page_id, page_name, url, filename, header_chk, footer_chk, edit_flg, author, description, keyword, update_url, create_date, update_date) VALUES (2, 19, '会員登録(完了ページ)', 'entry/complete.php', 'entry/complete', 1, 1, 2, NULL, NULL, NULL, NULL, CURRENT_TIMESTAMP, CURRENT_TIMESTAMP);
INSERT INTO dtb_pagelayout (device_type_id, page_id, page_name, url, filename, header_chk, footer_chk, edit_flg, author, description, keyword, update_url, create_date, update_date) VALUES (2, 20, '特定商取引に関する法律に基づく表記', 'order/index.php', 'order/index', 1, 1, 2, NULL, NULL, NULL, NULL, CURRENT_TIMESTAMP, CURRENT_TIMESTAMP);
INSERT INTO dtb_pagelayout (device_type_id, page_id, page_name, url, filename, header_chk, footer_chk, edit_flg, author, description, keyword, update_url, create_date, update_date) VALUES (2, 21, '本会員登録(完了ページ)', 'regist/complete.php', 'regist/complete', 1, 1, 2, NULL, NULL, NULL, NULL, CURRENT_TIMESTAMP, CURRENT_TIMESTAMP);
INSERT INTO dtb_pagelayout (device_type_id, page_id, page_name, url, filename, header_chk, footer_chk, edit_flg, author, description, keyword, update_url, create_date, update_date) VALUES (2, 22, '商品購入/ログイン', 'shopping/index.php', 'shopping/index', 1, 1, 2, NULL, NULL, NULL, NULL, CURRENT_TIMESTAMP, CURRENT_TIMESTAMP);
INSERT INTO dtb_pagelayout (device_type_id, page_id, page_name, url, filename, header_chk, footer_chk, edit_flg, author, description, keyword, update_url, create_date, update_date) VALUES (2, 23, '商品購入/お届け先の指定', 'shopping/deliv.php', 'shopping/deliv', 1, 1, 2, NULL, NULL, NULL, NULL, CURRENT_TIMESTAMP, CURRENT_TIMESTAMP);
INSERT INTO dtb_pagelayout (device_type_id, page_id, page_name, url, filename, header_chk, footer_chk, edit_flg, author, description, keyword, update_url, create_date, update_date) VALUES (2, 24, '商品購入/お届け先の複数指定', 'shopping/multiple.php', 'shopping/multiple', 1, 1, 2, NULL, NULL, NULL, NULL, CURRENT_TIMESTAMP, CURRENT_TIMESTAMP);
INSERT INTO dtb_pagelayout (device_type_id, page_id, page_name, url, filename, header_chk, footer_chk, edit_flg, author, description, keyword, update_url, create_date, update_date) VALUES (2, 25, '商品購入/お支払方法・お届け時間等の指定', 'shopping/payment.php', 'shopping/payment', 1, 1, 2, NULL, NULL, NULL, NULL, CURRENT_TIMESTAMP, CURRENT_TIMESTAMP);
INSERT INTO dtb_pagelayout (device_type_id, page_id, page_name, url, filename, header_chk, footer_chk, edit_flg, author, description, keyword, update_url, create_date, update_date) VALUES (2, 26, '商品購入/ご入力内容のご確認', 'shopping/confirm.php', 'shopping/confirm', 1, 1, 2, NULL, NULL, NULL, NULL, CURRENT_TIMESTAMP, CURRENT_TIMESTAMP);
INSERT INTO dtb_pagelayout (device_type_id, page_id, page_name, url, filename, header_chk, footer_chk, edit_flg, author, description, keyword, update_url, create_date, update_date) VALUES (2, 27, '商品購入/ご注文完了', 'shopping/complete.php', 'shopping/complete', 1, 1, 2, NULL, NULL, NULL, NULL, CURRENT_TIMESTAMP, CURRENT_TIMESTAMP);
INSERT INTO dtb_pagelayout (device_type_id, page_id, page_name, url, filename, header_chk, footer_chk, edit_flg, author, description, keyword, update_url, create_date, update_date) VALUES (2, 28, 'プライバシーポリシー', 'guide/privacy.php', 'guide/privacy', 1, 1, 2, NULL, NULL, NULL, NULL, CURRENT_TIMESTAMP, CURRENT_TIMESTAMP);
INSERT INTO dtb_pagelayout (device_type_id, page_id, page_name, url, filename, header_chk, footer_chk, edit_flg, author, description, keyword, update_url, create_date, update_date) VALUES (2, 29, 'パスワードを忘れた方', 'forgot/index.php', 'forgot/index', 1, 1, 2, NULL, NULL, NULL, NULL, CURRENT_TIMESTAMP, CURRENT_TIMESTAMP);
INSERT INTO dtb_pagelayout (device_type_id, page_id, page_name, url, filename, header_chk, footer_chk, edit_flg, author, description, keyword, update_url, create_date, update_date) VALUES (1, 0, NULL, 'preview', 'preview', 1, 1, 1, NULL, NULL, NULL, NULL, CURRENT_TIMESTAMP, CURRENT_TIMESTAMP);
INSERT INTO dtb_pagelayout (device_type_id, page_id, page_name, url, filename, header_chk, footer_chk, edit_flg, author, description, keyword, update_url, create_date, update_date) VALUES (1, 1, 'TOPページ', 'index.php', 'index', 1, 1, 2, NULL, NULL, NULL, NULL, CURRENT_TIMESTAMP, CURRENT_TIMESTAMP);
INSERT INTO dtb_pagelayout (device_type_id, page_id, page_name, url, filename, header_chk, footer_chk, edit_flg, author, description, keyword, update_url, create_date, update_date) VALUES (1, 2, '商品一覧ページ', 'products/list.php', 'products/list', 1, 1, 2, NULL, NULL, NULL, NULL, CURRENT_TIMESTAMP, CURRENT_TIMESTAMP);
INSERT INTO dtb_pagelayout (device_type_id, page_id, page_name, url, filename, header_chk, footer_chk, edit_flg, author, description, keyword, update_url, create_date, update_date) VALUES (1, 3, '商品検索ページ', 'products/search.php', 'products/search', 1, 1, 2, NULL, NULL, NULL, NULL, CURRENT_TIMESTAMP, CURRENT_TIMESTAMP);
INSERT INTO dtb_pagelayout (device_type_id, page_id, page_name, url, filename, header_chk, footer_chk, edit_flg, author, description, keyword, update_url, create_date, update_date) VALUES (1, 4, '商品カテゴリページ', 'products/category_list.php', 'products/category_list', 1, 1, 2, NULL, NULL, NULL, NULL, CURRENT_TIMESTAMP, CURRENT_TIMESTAMP);
INSERT INTO dtb_pagelayout (device_type_id, page_id, page_name, url, filename, header_chk, footer_chk, edit_flg, author, description, keyword, update_url, create_date, update_date) VALUES (1, 5, '商品詳細ページ', 'products/detail.php', 'products/detail', 1, 1, 2, NULL, NULL, NULL, NULL, CURRENT_TIMESTAMP, CURRENT_TIMESTAMP);
INSERT INTO dtb_pagelayout (device_type_id, page_id, page_name, url, filename, header_chk, footer_chk, edit_flg, author, description, keyword, update_url, create_date, update_date) VALUES (1, 6, 'MYページ', 'mypage/index.php', 'mypage/index', 1, 1, 2, NULL, NULL, NULL, NULL, CURRENT_TIMESTAMP, CURRENT_TIMESTAMP);
INSERT INTO dtb_pagelayout (device_type_id, page_id, page_name, url, filename, header_chk, footer_chk, edit_flg, author, description, keyword, update_url, create_date, update_date) VALUES (1, 7, 'MYページ/会員登録内容変更(入力ページ)', 'mypage/change.php', 'mypage/change', 1, 1, 2, NULL, NULL, NULL, NULL, CURRENT_TIMESTAMP, CURRENT_TIMESTAMP);
INSERT INTO dtb_pagelayout (device_type_id, page_id, page_name, url, filename, header_chk, footer_chk, edit_flg, author, description, keyword, update_url, create_date, update_date) VALUES (1, 8, 'MYページ/会員登録内容変更(完了ページ)', 'mypage/change_complete.php', 'mypage/change_complete', 1, 1, 2, NULL, NULL, NULL, NULL, CURRENT_TIMESTAMP, CURRENT_TIMESTAMP);
INSERT INTO dtb_pagelayout (device_type_id, page_id, page_name, url, filename, header_chk, footer_chk, edit_flg, author, description, keyword, update_url, create_date, update_date) VALUES (1, 9, 'MYページ/お届け先追加･変更', 'mypage/delivery.php', 'mypage/delivery', 1, 1, 2, NULL, NULL, NULL, NULL, CURRENT_TIMESTAMP, CURRENT_TIMESTAMP);
INSERT INTO dtb_pagelayout (device_type_id, page_id, page_name, url, filename, header_chk, footer_chk, edit_flg, author, description, keyword, update_url, create_date, update_date) VALUES (1, 10, 'MYページ/お気に入り一覧', 'mypage/favorite.php', 'mypage/favorite', 1, 1, 2, NULL, NULL, NULL, NULL, CURRENT_TIMESTAMP, CURRENT_TIMESTAMP);
INSERT INTO dtb_pagelayout (device_type_id, page_id, page_name, url, filename, header_chk, footer_chk, edit_flg, author, description, keyword, update_url, create_date, update_date) VALUES (1, 11, 'MYページ/購入履歴詳細', 'mypage/history.php', 'mypage/history', 1, 1, 2, NULL, NULL, NULL, NULL, CURRENT_TIMESTAMP, CURRENT_TIMESTAMP);
INSERT INTO dtb_pagelayout (device_type_id, page_id, page_name, url, filename, header_chk, footer_chk, edit_flg, author, description, keyword, update_url, create_date, update_date) VALUES (1, 12, 'MYページ/ログイン', 'mypage/login.php', 'mypage/login', 1, 1, 2, NULL, NULL, NULL, NULL, CURRENT_TIMESTAMP, CURRENT_TIMESTAMP);
INSERT INTO dtb_pagelayout (device_type_id, page_id, page_name, url, filename, header_chk, footer_chk, edit_flg, author, description, keyword, update_url, create_date, update_date) VALUES (1, 13, 'MYページ/退会手続き(入力ページ)', 'mypage/refusal.php', 'mypage/refusal', 1, 1, 2, NULL, NULL, NULL, NULL, CURRENT_TIMESTAMP, CURRENT_TIMESTAMP);
INSERT INTO dtb_pagelayout (device_type_id, page_id, page_name, url, filename, header_chk, footer_chk, edit_flg, author, description, keyword, update_url, create_date, update_date) VALUES (1, 14, 'MYページ/退会手続き(完了ページ)', 'mypage/refusal_complete.php', 'mypage/refusal_complete', 1, 1, 2, NULL, NULL, NULL, NULL, CURRENT_TIMESTAMP, CURRENT_TIMESTAMP);
INSERT INTO dtb_pagelayout (device_type_id, page_id, page_name, url, filename, header_chk, footer_chk, edit_flg, author, description, keyword, update_url, create_date, update_date) VALUES (1, 15, '当サイトについて', 'abouts/index.php', 'abouts/index', 1, 1, 2, NULL, NULL, NULL, NULL, CURRENT_TIMESTAMP, CURRENT_TIMESTAMP);
INSERT INTO dtb_pagelayout (device_type_id, page_id, page_name, url, filename, header_chk, footer_chk, edit_flg, author, description, keyword, update_url, create_date, update_date) VALUES (1, 16, '現在のカゴの中', 'cart/index.php', 'cart/index', 1, 1, 2, NULL, NULL, NULL, NULL, CURRENT_TIMESTAMP, CURRENT_TIMESTAMP);
INSERT INTO dtb_pagelayout (device_type_id, page_id, page_name, url, filename, header_chk, footer_chk, edit_flg, author, description, keyword, update_url, create_date, update_date) VALUES (1, 17, 'お問い合わせ(入力ページ)', 'contact/index.php', 'contact/index', 1, 1, 2, NULL, NULL, NULL, NULL, CURRENT_TIMESTAMP, CURRENT_TIMESTAMP);
INSERT INTO dtb_pagelayout (device_type_id, page_id, page_name, url, filename, header_chk, footer_chk, edit_flg, author, description, keyword, update_url, create_date, update_date) VALUES (1, 18, 'お問い合わせ(完了ページ)', 'contact/complete.php', 'contact/complete', 1, 1, 2, NULL, NULL, NULL, NULL, CURRENT_TIMESTAMP, CURRENT_TIMESTAMP);
INSERT INTO dtb_pagelayout (device_type_id, page_id, page_name, url, filename, header_chk, footer_chk, edit_flg, author, description, keyword, update_url, create_date, update_date) VALUES (1, 19, '会員登録(入力ページ)', 'entry/index.php', 'entry/index', 1, 1, 2, NULL, NULL, NULL, NULL, CURRENT_TIMESTAMP, CURRENT_TIMESTAMP);
INSERT INTO dtb_pagelayout (device_type_id, page_id, page_name, url, filename, header_chk, footer_chk, edit_flg, author, description, keyword, update_url, create_date, update_date) VALUES (1, 20, 'ご利用規約', 'entry/kiyaku.php', 'entry/kiyaku', 1, 1, 2, NULL, NULL, NULL, NULL, CURRENT_TIMESTAMP, CURRENT_TIMESTAMP);
INSERT INTO dtb_pagelayout (device_type_id, page_id, page_name, url, filename, header_chk, footer_chk, edit_flg, author, description, keyword, update_url, create_date, update_date) VALUES (1, 21, '会員登録(完了ページ)', 'entry/complete.php', 'entry/complete', 1, 1, 2, NULL, NULL, NULL, NULL, CURRENT_TIMESTAMP, CURRENT_TIMESTAMP);
INSERT INTO dtb_pagelayout (device_type_id, page_id, page_name, url, filename, header_chk, footer_chk, edit_flg, author, description, keyword, update_url, create_date, update_date) VALUES (1, 22, '携帯メール登録', 'entry/email_mobile.php', 'entry/email_mobile', 1, 1, 2, NULL, NULL, NULL, NULL, CURRENT_TIMESTAMP, CURRENT_TIMESTAMP);
INSERT INTO dtb_pagelayout (device_type_id, page_id, page_name, url, filename, header_chk, footer_chk, edit_flg, author, description, keyword, update_url, create_date, update_date) VALUES (1, 23, '特定商取引に関する法律に基づく表記', 'order/index.php', 'order/index', 1, 1, 2, NULL, NULL, NULL, NULL, CURRENT_TIMESTAMP, CURRENT_TIMESTAMP);
INSERT INTO dtb_pagelayout (device_type_id, page_id, page_name, url, filename, header_chk, footer_chk, edit_flg, author, description, keyword, update_url, create_date, update_date) VALUES (1, 24, '本会員登録(完了ページ)', 'regist/complete.php', 'regist/complete', 1, 1, 2, NULL, NULL, NULL, NULL, CURRENT_TIMESTAMP, CURRENT_TIMESTAMP);
INSERT INTO dtb_pagelayout (device_type_id, page_id, page_name, url, filename, header_chk, footer_chk, edit_flg, author, description, keyword, update_url, create_date, update_date) VALUES (1, 25, '商品購入/ログイン', 'shopping/index.php', 'shopping/index', 1, 1, 2, NULL, NULL, NULL, NULL, CURRENT_TIMESTAMP, CURRENT_TIMESTAMP);
INSERT INTO dtb_pagelayout (device_type_id, page_id, page_name, url, filename, header_chk, footer_chk, edit_flg, author, description, keyword, update_url, create_date, update_date) VALUES (1, 26, '商品購入/お届け先の指定', 'shopping/deliv.php', 'shopping/deliv', 1, 1, 2, NULL, NULL, NULL, NULL, CURRENT_TIMESTAMP, CURRENT_TIMESTAMP);
INSERT INTO dtb_pagelayout (device_type_id, page_id, page_name, url, filename, header_chk, footer_chk, edit_flg, author, description, keyword, update_url, create_date, update_date) VALUES (1, 27, '商品購入/お届け先の複数指定', 'shopping/multiple.php', 'shopping/multiple', 1, 1, 2, NULL, NULL, NULL, NULL, CURRENT_TIMESTAMP, CURRENT_TIMESTAMP);
INSERT INTO dtb_pagelayout (device_type_id, page_id, page_name, url, filename, header_chk, footer_chk, edit_flg, author, description, keyword, update_url, create_date, update_date) VALUES (1, 28, '商品購入/お支払方法・お届け時間等の指定', 'shopping/payment.php', 'shopping/payment', 1, 1, 2, NULL, NULL, NULL, NULL, CURRENT_TIMESTAMP, CURRENT_TIMESTAMP);
INSERT INTO dtb_pagelayout (device_type_id, page_id, page_name, url, filename, header_chk, footer_chk, edit_flg, author, description, keyword, update_url, create_date, update_date) VALUES (1, 29, '商品購入/ご入力内容のご確認', 'shopping/confirm.php', 'shopping/confirm', 1, 1, 2, NULL, NULL, NULL, NULL, CURRENT_TIMESTAMP, CURRENT_TIMESTAMP);
INSERT INTO dtb_pagelayout (device_type_id, page_id, page_name, url, filename, header_chk, footer_chk, edit_flg, author, description, keyword, update_url, create_date, update_date) VALUES (1, 30, '商品購入/ご注文完了', 'shopping/complete.php', 'shopping/complete', 1, 1, 2, NULL, NULL, NULL, NULL, CURRENT_TIMESTAMP, CURRENT_TIMESTAMP);
INSERT INTO dtb_pagelayout (device_type_id, page_id, page_name, url, filename, header_chk, footer_chk, edit_flg, author, description, keyword, update_url, create_date, update_date) VALUES (1, 31, '非対応デバイス', 'unsupported/index.php', 'unsupported/index', 1, 1, 2, NULL, NULL, NULL, NULL, CURRENT_TIMESTAMP, CURRENT_TIMESTAMP);
INSERT INTO dtb_pagelayout (device_type_id, page_id, page_name, url, filename, header_chk, footer_chk, edit_flg, author, description, keyword, update_url, create_date, update_date) VALUES (1, 32, 'ご利用ガイド', 'guide/index.php', 'guide/index', 1, 1, 2, NULL, NULL, NULL, NULL, CURRENT_TIMESTAMP, CURRENT_TIMESTAMP);
INSERT INTO dtb_pagelayout (device_type_id, page_id, page_name, url, filename, header_chk, footer_chk, edit_flg, author, description, keyword, update_url, create_date, update_date) VALUES (1, 33, 'ご利用ガイド/ご利用方法', 'guide/usage.php', 'guide/usage', 1, 1, 2, NULL, NULL, NULL, NULL, CURRENT_TIMESTAMP, CURRENT_TIMESTAMP);
INSERT INTO dtb_pagelayout (device_type_id, page_id, page_name, url, filename, header_chk, footer_chk, edit_flg, author, description, keyword, update_url, create_date, update_date) VALUES (1, 34, 'ご利用ガイド/プライバシーポリシー', 'guide/privacy.php', 'guide/privacy', 1, 1, 2, NULL, NULL, NULL, NULL, CURRENT_TIMESTAMP, CURRENT_TIMESTAMP);
INSERT INTO dtb_pagelayout (device_type_id, page_id, page_name, url, filename, header_chk, footer_chk, edit_flg, author, description, keyword, update_url, create_date, update_date) VALUES (1, 35, 'ご利用ガイド/通信料について', 'guide/charge.php', 'guide/charge', 1, 1, 2, NULL, NULL, NULL, NULL, CURRENT_TIMESTAMP, CURRENT_TIMESTAMP);
INSERT INTO dtb_pagelayout (device_type_id, page_id, page_name, url, filename, header_chk, footer_chk, edit_flg, author, description, keyword, update_url, create_date, update_date) VALUES (1, 36, 'ご利用ガイド/ご利用規約', 'guide/kiyaku.php', 'guide/kiyaku', 1, 1, 2, NULL, NULL, NULL, NULL, CURRENT_TIMESTAMP, CURRENT_TIMESTAMP);
INSERT INTO dtb_pagelayout (device_type_id, page_id, page_name, url, filename, header_chk, footer_chk, edit_flg, author, description, keyword, update_url, create_date, update_date) VALUES (1, 37, 'ご利用ガイド/運営会社紹介', 'guide/about.php', 'guide/about', 1, 1, 2, NULL, NULL, NULL, NULL, CURRENT_TIMESTAMP, CURRENT_TIMESTAMP);

INSERT INTO dtb_payment (payment_id, payment_method, charge, rule, rank, note, fix, status, del_flg, creator_id, create_date, update_date, payment_image, upper_rule, charge_flg, rule_min, upper_rule_max, module_id, module_path, memo01, memo02, memo03, memo04, memo05, memo06, memo07, memo08, memo09, memo10) VALUES (1, '郵便振替', 0, NULL, 4, NULL, 2, 1, 0, 1, CURRENT_TIMESTAMP, CURRENT_TIMESTAMP, NULL, NULL, 1, NULL, NULL, NULL, NULL, NULL, NULL, NULL, NULL, NULL, NULL, NULL, NULL, NULL, NULL);
INSERT INTO dtb_payment (payment_id, payment_method, charge, rule, rank, note, fix, status, del_flg, creator_id, create_date, update_date, payment_image, upper_rule, charge_flg, rule_min, upper_rule_max, module_id, module_path, memo01, memo02, memo03, memo04, memo05, memo06, memo07, memo08, memo09, memo10) VALUES (2, '現金書留', 0, NULL, 3, NULL, 2, 1, 0, 1, CURRENT_TIMESTAMP, CURRENT_TIMESTAMP, NULL, NULL, 1, NULL, NULL, NULL, NULL, NULL, NULL, NULL, NULL, NULL, NULL, NULL, NULL, NULL, NULL);
INSERT INTO dtb_payment (payment_id, payment_method, charge, rule, rank, note, fix, status, del_flg, creator_id, create_date, update_date, payment_image, upper_rule, charge_flg, rule_min, upper_rule_max, module_id, module_path, memo01, memo02, memo03, memo04, memo05, memo06, memo07, memo08, memo09, memo10) VALUES (3, '銀行振込', 0, NULL, 2, NULL, 2, 1, 0, 1, CURRENT_TIMESTAMP, CURRENT_TIMESTAMP, NULL, NULL, 1, NULL, NULL, NULL, NULL, NULL, NULL, NULL, NULL, NULL, NULL, NULL, NULL, NULL, NULL);
INSERT INTO dtb_payment (payment_id, payment_method, charge, rule, rank, note, fix, status, del_flg, creator_id, create_date, update_date, payment_image, upper_rule, charge_flg, rule_min, upper_rule_max, module_id, module_path, memo01, memo02, memo03, memo04, memo05, memo06, memo07, memo08, memo09, memo10) VALUES (4, '代金引換', 0, NULL, 1, NULL, 2, 1, 0, 1, CURRENT_TIMESTAMP, CURRENT_TIMESTAMP, NULL, NULL, 1, NULL, NULL, NULL, NULL, NULL, NULL, NULL, NULL, NULL, NULL, NULL, NULL, NULL, NULL);

INSERT INTO dtb_product_categories (product_id, category_id, rank) VALUES (1, 5, 1);
INSERT INTO dtb_product_categories (product_id, category_id, rank) VALUES (2, 4, 2);
INSERT INTO dtb_product_categories (product_id, category_id, rank) VALUES (3, 4, 1);
INSERT INTO dtb_product_categories (product_id, category_id, rank) VALUES (3, 6, 1);

INSERT INTO dtb_products (product_id, name, maker_id, status, comment1, comment2, comment3, comment4, comment5, comment6, note, main_list_comment, main_list_image, main_comment, main_image, main_large_image, sub_title1, sub_comment1, sub_image1, sub_large_image1, sub_title2, sub_comment2, sub_image2, sub_large_image2, sub_title3, sub_comment3, sub_image3, sub_large_image3, sub_title4, sub_comment4, sub_image4, sub_large_image4, sub_title5, sub_comment5, sub_image5, sub_large_image5, sub_title6, sub_comment6, sub_image6, sub_large_image6, del_flg, creator_id, create_date, update_date, deliv_date_id) VALUES (1, 'アイスクリーム', NULL, 1, NULL, NULL, 'アイス,バニラ,チョコ,抹茶', NULL, NULL, NULL, NULL, '暑い夏にどうぞ。', 'ice130.jpg', '冷たいものはいかがですか?', 'ice260.jpg', 'ice500.jpg', NULL, '<b>おいしいよ<b>', NULL, NULL, NULL, NULL, NULL, NULL, NULL, NULL, NULL, NULL, NULL, NULL, NULL, NULL, NULL, NULL, NULL, NULL, NULL, NULL, NULL, NULL, 0, 2, CURRENT_TIMESTAMP, CURRENT_TIMESTAMP, 2);
INSERT INTO dtb_products (product_id, name, maker_id, status, comment1, comment2, comment3, comment4, comment5, comment6, note, main_list_comment, main_list_image, main_comment, main_image, main_large_image, sub_title1, sub_comment1, sub_image1, sub_large_image1, sub_title2, sub_comment2, sub_image2, sub_large_image2, sub_title3, sub_comment3, sub_image3, sub_large_image3, sub_title4, sub_comment4, sub_image4, sub_large_image4, sub_title5, sub_comment5, sub_image5, sub_large_image5, sub_title6, sub_comment6, sub_image6, sub_large_image6, del_flg, creator_id, create_date, update_date, deliv_date_id) VALUES (2, 'おなべ', NULL, 1, NULL, NULL, '鍋,なべ,ナベ', NULL, NULL, NULL, NULL, '一人用からあります。', 'nabe130.jpg', 'たまには鍋でもどうでしょう。', 'nabe260.jpg', 'nabe500.jpg', NULL, NULL, NULL, NULL, NULL, NULL, NULL, NULL, NULL, NULL, NULL, NULL, NULL, NULL, NULL, NULL, NULL, NULL, NULL, NULL, NULL, NULL, NULL, NULL, 0, 2, CURRENT_TIMESTAMP, CURRENT_TIMESTAMP, 3);
INSERT INTO dtb_products (product_id, name, maker_id, status, comment1, comment2, comment3, comment4, comment5, comment6, note, main_list_comment, main_list_image, main_comment, main_image, main_large_image, sub_title1, sub_comment1, sub_image1, sub_large_image1, sub_title2, sub_comment2, sub_image2, sub_large_image2, sub_title3, sub_comment3, sub_image3, sub_large_image3, sub_title4, sub_comment4, sub_image4, sub_large_image4, sub_title5, sub_comment5, sub_image5, sub_large_image5, sub_title6, sub_comment6, sub_image6, sub_large_image6, del_flg, creator_id, create_date, update_date, deliv_date_id) VALUES (3, 'おなべレシピ', NULL, 1, NULL, NULL, '鍋,なべ,ナベ,レシピ,作り方', NULL, NULL, NULL, NULL, 'あの、秘伝のお鍋レシピです。', 'recipe130.jpg', '<b>この商品はダウンロード商品です</b><br />自分でチャレンジしてみたい方に。', 'recipe260.jpg', 'recipe500.jpg', NULL, NULL, NULL, NULL, NULL, NULL, NULL, NULL, NULL, NULL, NULL, NULL, NULL, NULL, NULL, NULL, NULL, NULL, NULL, NULL, NULL, NULL, NULL, NULL, 0, 2, CURRENT_TIMESTAMP, CURRENT_TIMESTAMP, 1);

INSERT INTO dtb_products_class (product_class_id, product_id, classcategory_id1, classcategory_id2, product_code, stock, stock_unlimited, sale_limit, price01, price02, deliv_fee, point_rate, creator_id, create_date, update_date, del_flg, product_type_id, down_filename, down_realfilename) VALUES(0, 1, 0, 0, 'ice-01', NULL, 1, NULL, 1000, 933, NULL, 10, 2, CURRENT_TIMESTAMP, CURRENT_TIMESTAMP, 1, 1, NULL, NULL);
INSERT INTO dtb_products_class (product_class_id, product_id, classcategory_id1, classcategory_id2, product_code, stock, stock_unlimited, sale_limit, price01, price02, deliv_fee, point_rate, creator_id, create_date, update_date, del_flg, product_type_id, down_filename, down_realfilename) VALUES(1, 1, 3, 6, 'ice-01', NULL, 1, NULL, 1000, 933, NULL, 10, 2, CURRENT_TIMESTAMP, CURRENT_TIMESTAMP, 0, 1, NULL, NULL);
INSERT INTO dtb_products_class (product_class_id, product_id, classcategory_id1, classcategory_id2, product_code, stock, stock_unlimited, sale_limit, price01, price02, deliv_fee, point_rate, creator_id, create_date, update_date, del_flg, product_type_id, down_filename, down_realfilename) VALUES(2, 1, 3, 5, 'ice-02', NULL, 1, NULL, 1000, 933, NULL, 10, 2, CURRENT_TIMESTAMP, CURRENT_TIMESTAMP, 0, 1, NULL, NULL);
INSERT INTO dtb_products_class (product_class_id, product_id, classcategory_id1, classcategory_id2, product_code, stock, stock_unlimited, sale_limit, price01, price02, deliv_fee, point_rate, creator_id, create_date, update_date, del_flg, product_type_id, down_filename, down_realfilename) VALUES(3, 1, 3, 4, 'ice-03', NULL, 1, NULL, 1000, 933, NULL, 10, 2, CURRENT_TIMESTAMP, CURRENT_TIMESTAMP, 0, 1, NULL, NULL);
INSERT INTO dtb_products_class (product_class_id, product_id, classcategory_id1, classcategory_id2, product_code, stock, stock_unlimited, sale_limit, price01, price02, deliv_fee, point_rate, creator_id, create_date, update_date, del_flg, product_type_id, down_filename, down_realfilename) VALUES(4, 1, 2, 6, 'ice-04', NULL, 1, NULL, 1000, 933, NULL, 10, 2, CURRENT_TIMESTAMP, CURRENT_TIMESTAMP, 0, 1, NULL, NULL);
INSERT INTO dtb_products_class (product_class_id, product_id, classcategory_id1, classcategory_id2, product_code, stock, stock_unlimited, sale_limit, price01, price02, deliv_fee, point_rate, creator_id, create_date, update_date, del_flg, product_type_id, down_filename, down_realfilename) VALUES(5, 1, 2, 5, 'ice-05', NULL, 1, NULL, 1000, 933, NULL, 10, 2, CURRENT_TIMESTAMP, CURRENT_TIMESTAMP, 0, 1, NULL, NULL);
INSERT INTO dtb_products_class (product_class_id, product_id, classcategory_id1, classcategory_id2, product_code, stock, stock_unlimited, sale_limit, price01, price02, deliv_fee, point_rate, creator_id, create_date, update_date, del_flg, product_type_id, down_filename, down_realfilename) VALUES(6, 1, 2, 4, 'ice-06', NULL, 1, NULL, 1000, 933, NULL, 10, 2, CURRENT_TIMESTAMP, CURRENT_TIMESTAMP, 0, 1, NULL, NULL);
INSERT INTO dtb_products_class (product_class_id, product_id, classcategory_id1, classcategory_id2, product_code, stock, stock_unlimited, sale_limit, price01, price02, deliv_fee, point_rate, creator_id, create_date, update_date, del_flg, product_type_id, down_filename, down_realfilename) VALUES(7, 1, 1, 6, 'ice-07', NULL, 1, NULL, 1000, 933, NULL, 10, 2, CURRENT_TIMESTAMP, CURRENT_TIMESTAMP, 0, 1, NULL, NULL);
INSERT INTO dtb_products_class (product_class_id, product_id, classcategory_id1, classcategory_id2, product_code, stock, stock_unlimited, sale_limit, price01, price02, deliv_fee, point_rate, creator_id, create_date, update_date, del_flg, product_type_id, down_filename, down_realfilename) VALUES(8, 1, 1, 5, 'ice-08', NULL, 1, NULL, 1000, 933, NULL, 10, 2, CURRENT_TIMESTAMP, CURRENT_TIMESTAMP, 0, 1, NULL, NULL);
INSERT INTO dtb_products_class (product_class_id, product_id, classcategory_id1, classcategory_id2, product_code, stock, stock_unlimited, sale_limit, price01, price02, deliv_fee, point_rate, creator_id, create_date, update_date, del_flg, product_type_id, down_filename, down_realfilename) VALUES(9, 1, 1, 4, 'ice-09', NULL, 1, NULL, 1000, 933, NULL, 10, 2, CURRENT_TIMESTAMP, CURRENT_TIMESTAMP, 0, 1, NULL, NULL);
INSERT INTO dtb_products_class (product_class_id, product_id, classcategory_id1, classcategory_id2, product_code, stock, stock_unlimited, sale_limit, price01, price02, deliv_fee, point_rate, creator_id, create_date, update_date, del_flg, product_type_id, down_filename, down_realfilename) VALUES(10, 2, 0, 0, 'nabe-01', 100, 0, 5, 1700, 1650, NULL, 10, 2, CURRENT_TIMESTAMP, CURRENT_TIMESTAMP, 0, 1, NULL, NULL);
INSERT INTO dtb_products_class (product_class_id, product_id, classcategory_id1, classcategory_id2, product_code, stock, stock_unlimited, sale_limit, price01, price02, deliv_fee, point_rate, creator_id, create_date, update_date, del_flg, product_type_id, down_filename, down_realfilename) VALUES(11, 3, 0, 0, 'recipe-01', NULL, 1, NULL, NULL, 100, NULL, 10, 2, CURRENT_TIMESTAMP, CURRENT_TIMESTAMP, 0, 2, 'おなべレシピ.pdf', 'recipe_onabe.pdf');

INSERT INTO dtb_product_status (product_status_id, product_id, creator_id, create_date, update_date, del_flg) VALUES (1, 1, 2, CURRENT_TIMESTAMP, CURRENT_TIMESTAMP, 0);
INSERT INTO dtb_product_status (product_status_id, product_id, creator_id, create_date, update_date, del_flg) VALUES (4, 3, 2, CURRENT_TIMESTAMP, CURRENT_TIMESTAMP, 0);
INSERT INTO dtb_product_status (product_status_id, product_id, creator_id, create_date, update_date, del_flg) VALUES (5, 3, 2, CURRENT_TIMESTAMP, CURRENT_TIMESTAMP, 0);

INSERT INTO dtb_recommend_products (product_id, recommend_product_id, rank, comment, status, creator_id, create_date, update_date) VALUES (2, 1, 4, 'お口直しに。', 0, 2, CURRENT_TIMESTAMP, CURRENT_TIMESTAMP);

INSERT INTO dtb_best_products (best_id, category_id, rank, product_id, title, comment, creator_id, create_date, update_date, del_flg) VALUES (1, 0, 1, 2, NULL, 'たまには鍋でもどうでしょう。', 2, CURRENT_TIMESTAMP, CURRENT_TIMESTAMP, 0);
INSERT INTO dtb_best_products (best_id, category_id, rank, product_id, title, comment, creator_id, create_date, update_date, del_flg) VALUES (2, 0, 2, 1, NULL, 'お口直しに。', 2, CURRENT_TIMESTAMP, CURRENT_TIMESTAMP, 0);

INSERT INTO dtb_templates (template_code, device_type_id, template_name, create_date, update_date) VALUES ('default', 10, 'デフォルト', CURRENT_TIMESTAMP, CURRENT_TIMESTAMP);
INSERT INTO dtb_templates (template_code, device_type_id, template_name, create_date, update_date) VALUES ('mobile', 1, 'モバイル', CURRENT_TIMESTAMP, CURRENT_TIMESTAMP);
INSERT INTO dtb_templates (template_code, device_type_id, template_name, create_date, update_date) VALUES ('sphone', 2, 'スマートフォン', CURRENT_TIMESTAMP, CURRENT_TIMESTAMP);

INSERT INTO mtb_allowed_tag (id, name, rank) VALUES (0, 'table', 0);
INSERT INTO mtb_allowed_tag (id, name, rank) VALUES (1, 'tr', 1);
INSERT INTO mtb_allowed_tag (id, name, rank) VALUES (2, 'td', 2);
INSERT INTO mtb_allowed_tag (id, name, rank) VALUES (3, 'a', 3);
INSERT INTO mtb_allowed_tag (id, name, rank) VALUES (4, 'b', 4);
INSERT INTO mtb_allowed_tag (id, name, rank) VALUES (5, 'blink', 5);
INSERT INTO mtb_allowed_tag (id, name, rank) VALUES (6, 'br', 6);
INSERT INTO mtb_allowed_tag (id, name, rank) VALUES (7, 'center', 7);
INSERT INTO mtb_allowed_tag (id, name, rank) VALUES (8, 'font', 8);
INSERT INTO mtb_allowed_tag (id, name, rank) VALUES (9, 'h', 9);
INSERT INTO mtb_allowed_tag (id, name, rank) VALUES (10, 'hr', 10);
INSERT INTO mtb_allowed_tag (id, name, rank) VALUES (11, 'img', 11);
INSERT INTO mtb_allowed_tag (id, name, rank) VALUES (12, 'li', 12);
INSERT INTO mtb_allowed_tag (id, name, rank) VALUES (13, 'strong', 13);
INSERT INTO mtb_allowed_tag (id, name, rank) VALUES (14, 'p', 14);
INSERT INTO mtb_allowed_tag (id, name, rank) VALUES (15, 'div', 15);
INSERT INTO mtb_allowed_tag (id, name, rank) VALUES (16, 'i', 16);
INSERT INTO mtb_allowed_tag (id, name, rank) VALUES (17, 'u', 17);
INSERT INTO mtb_allowed_tag (id, name, rank) VALUES (18, 's', 18);
INSERT INTO mtb_allowed_tag (id, name, rank) VALUES (19, '/table', 19);
INSERT INTO mtb_allowed_tag (id, name, rank) VALUES (20, '/tr', 20);
INSERT INTO mtb_allowed_tag (id, name, rank) VALUES (21, '/td', 21);
INSERT INTO mtb_allowed_tag (id, name, rank) VALUES (22, '/a', 22);
INSERT INTO mtb_allowed_tag (id, name, rank) VALUES (23, '/b', 23);
INSERT INTO mtb_allowed_tag (id, name, rank) VALUES (24, '/blink', 24);
INSERT INTO mtb_allowed_tag (id, name, rank) VALUES (25, '/br', 25);
INSERT INTO mtb_allowed_tag (id, name, rank) VALUES (26, '/center', 26);
INSERT INTO mtb_allowed_tag (id, name, rank) VALUES (27, '/font', 27);
INSERT INTO mtb_allowed_tag (id, name, rank) VALUES (28, '/h', 28);
INSERT INTO mtb_allowed_tag (id, name, rank) VALUES (29, '/hr', 29);
INSERT INTO mtb_allowed_tag (id, name, rank) VALUES (30, '/img', 30);
INSERT INTO mtb_allowed_tag (id, name, rank) VALUES (31, '/li', 31);
INSERT INTO mtb_allowed_tag (id, name, rank) VALUES (32, '/strong', 32);
INSERT INTO mtb_allowed_tag (id, name, rank) VALUES (33, '/p', 33);
INSERT INTO mtb_allowed_tag (id, name, rank) VALUES (34, '/div', 34);
INSERT INTO mtb_allowed_tag (id, name, rank) VALUES (35, '/i', 35);
INSERT INTO mtb_allowed_tag (id, name, rank) VALUES (36, '/u', 36);
INSERT INTO mtb_allowed_tag (id, name, rank) VALUES (37, '/s', 37);

INSERT INTO mtb_authority (id, name, rank) VALUES (0, 'システム管理者', 0);
INSERT INTO mtb_authority (id, name, rank) VALUES (1, '店舗オーナー', 1);

INSERT INTO mtb_auth_excludes (id, name, rank) VALUES (0, 'index.php', 0);
INSERT INTO mtb_auth_excludes (id, name, rank) VALUES (1, 'logout.php', 1);

INSERT INTO mtb_class (id, name, rank) VALUES (1, '規格無し', 0);
INSERT INTO mtb_class (id, name, rank) VALUES (2, '規格有り', 1);

INSERT INTO mtb_db (id, name, rank) VALUES (1, 'PostgreSQL', 0);
INSERT INTO mtb_db (id, name, rank) VALUES (2, 'MySQL', 1);

INSERT INTO mtb_delivery_date (id, name, rank) VALUES (1, '即日', 0);
INSERT INTO mtb_delivery_date (id, name, rank) VALUES (2, '1～2日後', 1);
INSERT INTO mtb_delivery_date (id, name, rank) VALUES (3, '3～4日後', 2);
INSERT INTO mtb_delivery_date (id, name, rank) VALUES (4, '1週間以降', 3);
INSERT INTO mtb_delivery_date (id, name, rank) VALUES (5, '2週間以降', 4);
INSERT INTO mtb_delivery_date (id, name, rank) VALUES (6, '3週間以降', 5);
INSERT INTO mtb_delivery_date (id, name, rank) VALUES (7, '1ヶ月以降', 6);
INSERT INTO mtb_delivery_date (id, name, rank) VALUES (8, '2ヶ月以降', 7);
INSERT INTO mtb_delivery_date (id, name, rank) VALUES (9, 'お取り寄せ(商品入荷後)', 8);

INSERT INTO mtb_disable_logout (id, name, rank) VALUES (1, '/shopping/deliv.php', 0);
INSERT INTO mtb_disable_logout (id, name, rank) VALUES (2, '/shopping/payment.php', 1);
INSERT INTO mtb_disable_logout (id, name, rank) VALUES (3, '/shopping/confirm.php', 2);
INSERT INTO mtb_disable_logout (id, name, rank) VALUES (4, '/shopping/card.php', 3);
INSERT INTO mtb_disable_logout (id, name, rank) VALUES (5, '/shopping/loan.php', 4);

INSERT INTO mtb_disp (id, name, rank) VALUES (1, '公開', 0);
INSERT INTO mtb_disp (id, name, rank) VALUES (2, '非公開', 1);

INSERT INTO mtb_product_type (id, name, rank) VALUES (1, '通常商品', 0);
INSERT INTO mtb_product_type (id, name, rank) VALUES (2, 'ダウンロード商品', 1);

INSERT INTO mtb_device_type (id, name, rank) VALUES (1, 'モバイル', 0);
INSERT INTO mtb_device_type (id, name, rank) VALUES (2, 'スマートフォン', 1);
INSERT INTO mtb_device_type (id, name, rank) VALUES (10, 'PC', 2);
INSERT INTO mtb_device_type (id, name, rank) VALUES (99, '管理画面', 3);

INSERT INTO mtb_job (id, name, rank) VALUES (1, '公務員', 0);
INSERT INTO mtb_job (id, name, rank) VALUES (2, 'コンサルタント', 1);
INSERT INTO mtb_job (id, name, rank) VALUES (3, 'コンピューター関連技術職', 2);
INSERT INTO mtb_job (id, name, rank) VALUES (4, 'コンピューター関連以外の技術職', 3);
INSERT INTO mtb_job (id, name, rank) VALUES (5, '金融関係', 4);
INSERT INTO mtb_job (id, name, rank) VALUES (6, '医師', 5);
INSERT INTO mtb_job (id, name, rank) VALUES (7, '弁護士', 6);
INSERT INTO mtb_job (id, name, rank) VALUES (8, '総務・人事・事務', 7);
INSERT INTO mtb_job (id, name, rank) VALUES (9, '営業・販売', 8);
INSERT INTO mtb_job (id, name, rank) VALUES (10, '研究・開発', 9);
INSERT INTO mtb_job (id, name, rank) VALUES (11, '広報・宣伝', 10);
INSERT INTO mtb_job (id, name, rank) VALUES (12, '企画・マーケティング', 11);
INSERT INTO mtb_job (id, name, rank) VALUES (13, 'デザイン関係', 12);
INSERT INTO mtb_job (id, name, rank) VALUES (14, '会社経営・役員', 13);
INSERT INTO mtb_job (id, name, rank) VALUES (15, '出版・マスコミ関係', 14);
INSERT INTO mtb_job (id, name, rank) VALUES (16, '学生・フリーター', 15);
INSERT INTO mtb_job (id, name, rank) VALUES (17, '主婦', 16);
INSERT INTO mtb_job (id, name, rank) VALUES (18, 'その他', 17);

INSERT INTO mtb_magazine_type (id, name, rank) VALUES (1, 'HTML', 0);
INSERT INTO mtb_magazine_type (id, name, rank) VALUES (2, 'テキスト', 1);

INSERT INTO mtb_mail_magazine_type (id, name, rank) VALUES (1, 'HTMLメール', 0);
INSERT INTO mtb_mail_magazine_type (id, name, rank) VALUES (2, 'テキストメール', 1);
INSERT INTO mtb_mail_magazine_type (id, name, rank) VALUES (3, '希望しない', 2);

INSERT INTO mtb_mail_template (id, name, rank) VALUES (1, '注文受付メール', 0);
INSERT INTO mtb_mail_template (id, name, rank) VALUES (2, '注文受付メール(携帯)', 1);
INSERT INTO mtb_mail_template (id, name, rank) VALUES (3, '注文キャンセル受付メール', 2);
INSERT INTO mtb_mail_template (id, name, rank) VALUES (4, '取り寄せ確認メール', 3);
INSERT INTO mtb_mail_template (id, name, rank) VALUES (5, 'お問い合わせ受付メール', 4);

INSERT INTO mtb_mail_tpl_path (id, name, rank) VALUES (1, 'mail_templates/order_mail.tpl', 0);
INSERT INTO mtb_mail_tpl_path (id, name, rank) VALUES (2, 'mail_templates/order_mail.tpl', 1);
INSERT INTO mtb_mail_tpl_path (id, name, rank) VALUES (3, 'mail_templates/order_mail.tpl', 2);
INSERT INTO mtb_mail_tpl_path (id, name, rank) VALUES (4, 'mail_templates/order_mail.tpl', 3);
INSERT INTO mtb_mail_tpl_path (id, name, rank) VALUES (5, 'mail_templates/contact_mail.tpl', 4);

INSERT INTO mtb_mail_type (id, name, rank) VALUES (1, 'PCメールアドレス', 0);
INSERT INTO mtb_mail_type (id, name, rank) VALUES (2, '携帯メールアドレス', 1);
INSERT INTO mtb_mail_type (id, name, rank) VALUES (3, 'PCメールアドレス (携帯メールアドレスを登録している会員は除外)', 2);
INSERT INTO mtb_mail_type (id, name, rank) VALUES (4, '携帯メールアドレス (PCメールアドレスを登録している会員は除外)', 3);

INSERT INTO mtb_mobile_domain (id, name, rank) VALUES (1, 'docomo.ne.jp', 0);
INSERT INTO mtb_mobile_domain (id, name, rank) VALUES (2, 'ezweb.ne.jp', 1);
INSERT INTO mtb_mobile_domain (id, name, rank) VALUES (3, 'softbank.ne.jp', 2);
INSERT INTO mtb_mobile_domain (id, name, rank) VALUES (4, 'vodafone.ne.jp', 3);
INSERT INTO mtb_mobile_domain (id, name, rank) VALUES (5, 'pdx.ne.jp', 4);
INSERT INTO mtb_mobile_domain (id, name, rank) VALUES (6, 'disney.ne.jp', 5);
INSERT INTO mtb_mobile_domain (id, name, rank) VALUES (7, 'willcom.com', 6);

INSERT INTO mtb_order_status (id, name, rank) VALUES (7, '決済処理中', 0);
INSERT INTO mtb_order_status (id, name, rank) VALUES (1, '新規受付', 1);
INSERT INTO mtb_order_status (id, name, rank) VALUES (2, '入金待ち', 2);
INSERT INTO mtb_order_status (id, name, rank) VALUES (6, '入金済み', 3);
INSERT INTO mtb_order_status (id, name, rank) VALUES (3, 'キャンセル', 4);
INSERT INTO mtb_order_status (id, name, rank) VALUES (4, '取り寄せ中', 5);
INSERT INTO mtb_order_status (id, name, rank) VALUES (5, '発送済み', 6);


INSERT INTO mtb_order_status_color (id, name, rank) VALUES (1, '#FFFFFF', 0);
INSERT INTO mtb_order_status_color (id, name, rank) VALUES (2, '#FFDE9B', 1);
INSERT INTO mtb_order_status_color (id, name, rank) VALUES (3, '#C9C9C9', 2);
INSERT INTO mtb_order_status_color (id, name, rank) VALUES (4, '#FFD9D9', 3);
INSERT INTO mtb_order_status_color (id, name, rank) VALUES (5, '#BFDFFF', 4);
INSERT INTO mtb_order_status_color (id, name, rank) VALUES (6, '#FFFFAB', 5);
INSERT INTO mtb_order_status_color (id, name, rank) VALUES (7, '#FFCCCC', 6);

INSERT INTO mtb_ownersstore_err (id, name, rank) VALUES ('1000', '不明なエラーが発生しました。', 0);
INSERT INTO mtb_ownersstore_err (id, name, rank) VALUES ('1001', '不正なパラメーターが送信されました。', 1);
INSERT INTO mtb_ownersstore_err (id, name, rank) VALUES ('1002', '認証に失敗しました。<br />・仮会員の方は、本会員登録を行ってください<br />・認証キーが正しく設定されているか確認してください', 2);
INSERT INTO mtb_ownersstore_err (id, name, rank) VALUES ('1003', '認証に失敗しました。<br />・仮会員の方は、本会員登録を行ってください<br />・認証キーが正しく設定されているか確認してください', 3);
INSERT INTO mtb_ownersstore_err (id, name, rank) VALUES ('1004', '購入済みの商品はありません。', 4);
INSERT INTO mtb_ownersstore_err (id, name, rank) VALUES ('1005', 'ダウンロード可能なアップデータはありません。<br />・ステータスが「入金待ち」の可能性があります<br />・インストールされているモジュールが既に最新版の可能性があります。', 5);
INSERT INTO mtb_ownersstore_err (id, name, rank) VALUES ('1006', '配信サーバーでエラーが発生しました。', 6);
INSERT INTO mtb_ownersstore_err (id, name, rank) VALUES ('1007', 'ダウンロード完了通知に失敗しました。', 7);
INSERT INTO mtb_ownersstore_err (id, name, rank) VALUES ('2001', '管理画面の認証に失敗しました。<br />管理画面トップページへ戻り、ログインし直してください。', 8);
INSERT INTO mtb_ownersstore_err (id, name, rank) VALUES ('2002', '配信サーバーへ接続できません。', 9);
INSERT INTO mtb_ownersstore_err (id, name, rank) VALUES ('2003', '配信サーバーへ接続できません。', 10);
INSERT INTO mtb_ownersstore_err (id, name, rank) VALUES ('2004', '配信サーバーでエラーが発生しました。', 11);
INSERT INTO mtb_ownersstore_err (id, name, rank) VALUES ('2005', '認証キーが設定されていません。<br />・「認証キー設定」で認証キーを設定してください。', 12);
INSERT INTO mtb_ownersstore_err (id, name, rank) VALUES ('2006', '不正なアクセスです。', 13);
INSERT INTO mtb_ownersstore_err (id, name, rank) VALUES ('2007', '不正なパラメーターが送信されました。', 14);
INSERT INTO mtb_ownersstore_err (id, name, rank) VALUES ('2008', '自動アップデートが無効です', 15);
INSERT INTO mtb_ownersstore_err (id, name, rank) VALUES ('2009', 'ファイルの書き込みに失敗しました。<br />・書き込み権限が正しく設定されていません。<br />・data/downloads/tmpディレクトリに書き込み権限があるかどうか確認してください', 16);
INSERT INTO mtb_ownersstore_err (id, name, rank) VALUES ('2010', 'ファイルの書き込みに失敗しました。<br />・「ログ管理」で詳細を確認してください。', 17);

INSERT INTO mtb_ownersstore_ips (id, name, rank) VALUES ('0', '210.188.195.143', 0);

INSERT INTO mtb_page_max (id, name, rank) VALUES (10, '10', 0);
INSERT INTO mtb_page_max (id, name, rank) VALUES (20, '20', 1);
INSERT INTO mtb_page_max (id, name, rank) VALUES (30, '30', 2);
INSERT INTO mtb_page_max (id, name, rank) VALUES (40, '40', 3);
INSERT INTO mtb_page_max (id, name, rank) VALUES (50, '50', 4);
INSERT INTO mtb_page_max (id, name, rank) VALUES (60, '60', 5);
INSERT INTO mtb_page_max (id, name, rank) VALUES (70, '70', 6);
INSERT INTO mtb_page_max (id, name, rank) VALUES (80, '80', 7);
INSERT INTO mtb_page_max (id, name, rank) VALUES (90, '90', 8);
INSERT INTO mtb_page_max (id, name, rank) VALUES (100, '100', 9);

INSERT INTO mtb_permission (id, name, rank) VALUES ('/admin/system/index.php', '0', 0);
INSERT INTO mtb_permission (id, name, rank) VALUES ('/admin/system/delete.php', '0', 1);
INSERT INTO mtb_permission (id, name, rank) VALUES ('/admin/system/input.php', '0', 2);
INSERT INTO mtb_permission (id, name, rank) VALUES ('/admin/system/master.php', '0', 3);
INSERT INTO mtb_permission (id, name, rank) VALUES ('/admin/system/master_delete.php', '0', 4);
INSERT INTO mtb_permission (id, name, rank) VALUES ('/admin/system/master_rank.php', '0', 5);
INSERT INTO mtb_permission (id, name, rank) VALUES ('/admin/system/mastercsv.php', '0', 6);
INSERT INTO mtb_permission (id, name, rank) VALUES ('/admin/system/rank.php', '0', 7);
INSERT INTO mtb_permission (id, name, rank) VALUES ('/admin/entry/index.php', '1', 8);
INSERT INTO mtb_permission (id, name, rank) VALUES ('/admin/entry/delete.php', '1', 9);
INSERT INTO mtb_permission (id, name, rank) VALUES ('/admin/entry/inputzip.php', '1', 10);
INSERT INTO mtb_permission (id, name, rank) VALUES ('/admin/search/delete_note.php', '1', 11);

INSERT INTO mtb_pref (id, name, rank) VALUES (1, '北海道', 1);
INSERT INTO mtb_pref (id, name, rank) VALUES (2, '青森県', 2);
INSERT INTO mtb_pref (id, name, rank) VALUES (3, '岩手県', 3);
INSERT INTO mtb_pref (id, name, rank) VALUES (4, '宮城県', 4);
INSERT INTO mtb_pref (id, name, rank) VALUES (5, '秋田県', 5);
INSERT INTO mtb_pref (id, name, rank) VALUES (6, '山形県', 6);
INSERT INTO mtb_pref (id, name, rank) VALUES (7, '福島県', 7);
INSERT INTO mtb_pref (id, name, rank) VALUES (8, '茨城県', 8);
INSERT INTO mtb_pref (id, name, rank) VALUES (9, '栃木県', 9);
INSERT INTO mtb_pref (id, name, rank) VALUES (10, '群馬県', 10);
INSERT INTO mtb_pref (id, name, rank) VALUES (11, '埼玉県', 11);
INSERT INTO mtb_pref (id, name, rank) VALUES (12, '千葉県', 12);
INSERT INTO mtb_pref (id, name, rank) VALUES (13, '東京都', 13);
INSERT INTO mtb_pref (id, name, rank) VALUES (14, '神奈川県', 14);
INSERT INTO mtb_pref (id, name, rank) VALUES (15, '新潟県', 15);
INSERT INTO mtb_pref (id, name, rank) VALUES (16, '富山県', 16);
INSERT INTO mtb_pref (id, name, rank) VALUES (17, '石川県', 17);
INSERT INTO mtb_pref (id, name, rank) VALUES (18, '福井県', 18);
INSERT INTO mtb_pref (id, name, rank) VALUES (19, '山梨県', 19);
INSERT INTO mtb_pref (id, name, rank) VALUES (20, '長野県', 20);
INSERT INTO mtb_pref (id, name, rank) VALUES (21, '岐阜県', 21);
INSERT INTO mtb_pref (id, name, rank) VALUES (22, '静岡県', 22);
INSERT INTO mtb_pref (id, name, rank) VALUES (23, '愛知県', 23);
INSERT INTO mtb_pref (id, name, rank) VALUES (24, '三重県', 24);
INSERT INTO mtb_pref (id, name, rank) VALUES (25, '滋賀県', 25);
INSERT INTO mtb_pref (id, name, rank) VALUES (26, '京都府', 26);
INSERT INTO mtb_pref (id, name, rank) VALUES (27, '大阪府', 27);
INSERT INTO mtb_pref (id, name, rank) VALUES (28, '兵庫県', 28);
INSERT INTO mtb_pref (id, name, rank) VALUES (29, '奈良県', 29);
INSERT INTO mtb_pref (id, name, rank) VALUES (30, '和歌山県', 30);
INSERT INTO mtb_pref (id, name, rank) VALUES (31, '鳥取県', 31);
INSERT INTO mtb_pref (id, name, rank) VALUES (32, '島根県', 32);
INSERT INTO mtb_pref (id, name, rank) VALUES (33, '岡山県', 33);
INSERT INTO mtb_pref (id, name, rank) VALUES (34, '広島県', 34);
INSERT INTO mtb_pref (id, name, rank) VALUES (35, '山口県', 35);
INSERT INTO mtb_pref (id, name, rank) VALUES (36, '徳島県', 36);
INSERT INTO mtb_pref (id, name, rank) VALUES (37, '香川県', 37);
INSERT INTO mtb_pref (id, name, rank) VALUES (38, '愛媛県', 38);
INSERT INTO mtb_pref (id, name, rank) VALUES (39, '高知県', 39);
INSERT INTO mtb_pref (id, name, rank) VALUES (40, '福岡県', 40);
INSERT INTO mtb_pref (id, name, rank) VALUES (41, '佐賀県', 41);
INSERT INTO mtb_pref (id, name, rank) VALUES (42, '長崎県', 42);
INSERT INTO mtb_pref (id, name, rank) VALUES (43, '熊本県', 43);
INSERT INTO mtb_pref (id, name, rank) VALUES (44, '大分県', 44);
INSERT INTO mtb_pref (id, name, rank) VALUES (45, '宮崎県', 45);
INSERT INTO mtb_pref (id, name, rank) VALUES (46, '鹿児島県', 46);
INSERT INTO mtb_pref (id, name, rank) VALUES (47, '沖縄県', 47);

INSERT INTO mtb_product_list_max (id, name, rank) VALUES (15, '15件', 0);
INSERT INTO mtb_product_list_max (id, name, rank) VALUES (30, '30件', 1);
INSERT INTO mtb_product_list_max (id, name, rank) VALUES (50, '50件', 2);

INSERT INTO mtb_product_status_color (id, name, rank) VALUES (1, '#FFFFFF', 0);
INSERT INTO mtb_product_status_color (id, name, rank) VALUES (2, '#C9C9C9', 1);
INSERT INTO mtb_product_status_color (id, name, rank) VALUES (3, '#DDE6F2', 2);

INSERT INTO mtb_recommend (id, name, rank) VALUES (5, '★★★★★', 0);
INSERT INTO mtb_recommend (id, name, rank) VALUES (4, '★★★★', 1);
INSERT INTO mtb_recommend (id, name, rank) VALUES (3, '★★★', 2);
INSERT INTO mtb_recommend (id, name, rank) VALUES (2, '★★', 3);
INSERT INTO mtb_recommend (id, name, rank) VALUES (1, '★', 4);

INSERT INTO mtb_reminder (id, name, rank) VALUES (1, '母親の旧姓は？', 0);
INSERT INTO mtb_reminder (id, name, rank) VALUES (2, 'お気に入りのマンガは？', 1);
INSERT INTO mtb_reminder (id, name, rank) VALUES (3, '大好きなペットの名前は？', 2);
INSERT INTO mtb_reminder (id, name, rank) VALUES (4, '初恋の人の名前は？', 3);
INSERT INTO mtb_reminder (id, name, rank) VALUES (5, '面白かった映画は？', 4);
INSERT INTO mtb_reminder (id, name, rank) VALUES (6, '尊敬していた先生の名前は？', 5);
INSERT INTO mtb_reminder (id, name, rank) VALUES (7, '好きな食べ物は？', 6);

INSERT INTO mtb_review_deny_url (id, name, rank) VALUES (0, 'http://', 0);
INSERT INTO mtb_review_deny_url (id, name, rank) VALUES (1, 'https://', 1);
INSERT INTO mtb_review_deny_url (id, name, rank) VALUES (2, 'ttp://', 2);
INSERT INTO mtb_review_deny_url (id, name, rank) VALUES (3, 'ttps://', 3);

INSERT INTO mtb_sex (id, name, rank) VALUES (1, '男性', 0);
INSERT INTO mtb_sex (id, name, rank) VALUES (2, '女性', 1);

INSERT INTO mtb_customer_status (id, name, rank) VALUES (1, '仮会員', 0);
INSERT INTO mtb_customer_status (id, name, rank) VALUES (2, '本会員', 1);

INSERT INTO mtb_status (id, name, rank) VALUES (1, 'NEW', 0);
INSERT INTO mtb_status (id, name, rank) VALUES (2, '残りわずか', 1);
INSERT INTO mtb_status (id, name, rank) VALUES (3, 'ポイント２倍', 2);
INSERT INTO mtb_status (id, name, rank) VALUES (4, 'オススメ', 3);
INSERT INTO mtb_status (id, name, rank) VALUES (5, '限定品', 4);

INSERT INTO mtb_status_image (id, name, rank) VALUES (1, 'img/icon/ico_01.gif', 0);
INSERT INTO mtb_status_image (id, name, rank) VALUES (2, 'img/icon/ico_02.gif', 1);
INSERT INTO mtb_status_image (id, name, rank) VALUES (3, 'img/icon/ico_03.gif', 2);
INSERT INTO mtb_status_image (id, name, rank) VALUES (4, 'img/icon/ico_04.gif', 3);
INSERT INTO mtb_status_image (id, name, rank) VALUES (5, 'img/icon/ico_05.gif', 4);

INSERT INTO mtb_target (id, name, rank) VALUES (0, 'Unused', 0);
INSERT INTO mtb_target (id, name, rank) VALUES (1, 'LeftNavi', 1);
INSERT INTO mtb_target (id, name, rank) VALUES (2, 'MainHead', 2);
INSERT INTO mtb_target (id, name, rank) VALUES (3, 'RightNavi', 3);
INSERT INTO mtb_target (id, name, rank) VALUES (4, 'MainFoot', 4);
INSERT INTO mtb_target (id, name, rank) VALUES (5, 'TopNavi', 5);
INSERT INTO mtb_target (id, name, rank) VALUES (6, 'BottomNavi', 6);
INSERT INTO mtb_target (id, name, rank) VALUES (7, 'HeadNavi', 7);
INSERT INTO mtb_target (id, name, rank) VALUES (8, 'HeaderTopNavi', 8);
INSERT INTO mtb_target (id, name, rank) VALUES (9, 'FooterBottomNavi', 9);
INSERT INTO mtb_target (id, name, rank) VALUES (10, 'HeaderInternalNavi', 10);

INSERT INTO mtb_taxrule (id, name, rank) VALUES (1, '四捨五入', 0);
INSERT INTO mtb_taxrule (id, name, rank) VALUES (2, '切り捨て', 1);
INSERT INTO mtb_taxrule (id, name, rank) VALUES (3, '切り上げ', 2);

INSERT INTO mtb_wday (id, name, rank) VALUES (0, '日', 0);
INSERT INTO mtb_wday (id, name, rank) VALUES (1, '月', 1);
INSERT INTO mtb_wday (id, name, rank) VALUES (2, '火', 2);
INSERT INTO mtb_wday (id, name, rank) VALUES (3, '水', 3);
INSERT INTO mtb_wday (id, name, rank) VALUES (4, '木', 4);
INSERT INTO mtb_wday (id, name, rank) VALUES (5, '金', 5);
INSERT INTO mtb_wday (id, name, rank) VALUES (6, '土', 6);

INSERT INTO mtb_work (id, name, rank) VALUES (0, '非稼働', 0);
INSERT INTO mtb_work (id, name, rank) VALUES (1, '稼働', 1);

INSERT INTO mtb_constants (id, name, rank, remarks) VALUES ('SAMPLE_ADDRESS1', '"市区町村名 (例：千代田区神田神保町)"', 1, 'フロント表示関連');
INSERT INTO mtb_constants (id, name, rank, remarks) VALUES ('SAMPLE_ADDRESS2', '"番地・ビル名 (例：1-3-5)"', 2, 'フロント表示関連');
INSERT INTO mtb_constants (id, name, rank, remarks) VALUES ('USER_DIR', '"user_data/"', 3, 'ユーザファイル保存先');
INSERT INTO mtb_constants (id, name, rank, remarks) VALUES ('USER_REALDIR', 'HTML_REALDIR . USER_DIR', 4, 'ユーザファイル保存先');
INSERT INTO mtb_constants (id, name, rank, remarks) VALUES ('ZIP_DSN', 'DEFAULT_DSN', 8, '郵便番号専用DB');
INSERT INTO mtb_constants (id, name, rank, remarks) VALUES ('USER_URL', 'HTTP_URL . USER_DIR', 9, 'ユーザー作成ページ等');
INSERT INTO mtb_constants (id, name, rank, remarks) VALUES ('AUTH_TYPE', '"HMAC"', 10, '認証方式');
INSERT INTO mtb_constants (id, name, rank, remarks) VALUES ('USER_PACKAGE_DIR', '"packages/"', 17, 'テンプレートファイル保存先');
INSERT INTO mtb_constants (id, name, rank, remarks) VALUES ('USER_TEMPLATE_REALDIR', 'USER_REALDIR . USER_PACKAGE_DIR', 18, 'テンプレートファイル保存先');
INSERT INTO mtb_constants (id, name, rank, remarks) VALUES ('TEMPLATE_TEMP_REALDIR', 'HTML_REALDIR . "upload/temp_template/"', 19, 'テンプレートファイル一時保存先');
INSERT INTO mtb_constants (id, name, rank, remarks) VALUES ('USER_DEF_PHP_REALFILE', 'USER_REALDIR . "__default.php"', 20, 'ユーザー作成画面のデフォルトPHPファイル');
INSERT INTO mtb_constants (id, name, rank, remarks) VALUES ('MODULE_DIR', '"downloads/module/"', 22, 'ダウンロードモジュール保存ディレクトリ');
INSERT INTO mtb_constants (id, name, rank, remarks) VALUES ('MODULE_REALDIR', 'DATA_REALDIR . MODULE_DIR', 23, 'ダウンロードモジュール保存ディレクトリ');
INSERT INTO mtb_constants (id, name, rank, remarks) VALUES ('MAX_LIFETIME', '7200', 26, 'DBセッションの有効期限(秒)');
INSERT INTO mtb_constants (id, name, rank, remarks) VALUES ('MASTER_DATA_REALDIR', 'DATA_REALDIR . "cache/"', 27, 'マスターデータキャッシュディレクトリ');
INSERT INTO mtb_constants (id, name, rank, remarks) VALUES ('UPDATE_HTTP', '"http://sv01.ec-cube.net/info/index.php"', 28, 'アップデート管理用ファイル格納場所');
INSERT INTO mtb_constants (id, name, rank, remarks) VALUES ('CHAR_CODE', '"UTF-8"', 39, '文字コード');
INSERT INTO mtb_constants (id, name, rank, remarks) VALUES ('LOCALE', '"ja_JP.UTF-8"', 40, 'ロケール設定');
INSERT INTO mtb_constants (id, name, rank, remarks) VALUES ('ECCUBE_PAYMENT', '"EC-CUBE"', 41, '決済モジュール付与文言');
INSERT INTO mtb_constants (id, name, rank, remarks) VALUES ('PEAR_DB_DEBUG', '9', 42, 'PEAR::DBのデバッグモード');
INSERT INTO mtb_constants (id, name, rank, remarks) VALUES ('PEAR_DB_PERSISTENT', 'false', 43, 'PEAR::DBの持続的接続オプション');
INSERT INTO mtb_constants (id, name, rank, remarks) VALUES ('CLOSE_DAY', '31', 45, '締め日の指定(末日の場合は、31を指定してください。)');
INSERT INTO mtb_constants (id, name, rank, remarks) VALUES ('FAVORITE_ERROR', '13', 46, '一般サイトエラー');
INSERT INTO mtb_constants (id, name, rank, remarks) VALUES ('GRAPH_REALDIR', 'HTML_REALDIR . "upload/graph_image/"', 49, 'グラフ格納ディレクトリ');
INSERT INTO mtb_constants (id, name, rank, remarks) VALUES ('GRAPH_URLPATH', 'ROOT_URLPATH . "upload/graph_image/"', 50, 'グラフURL');
INSERT INTO mtb_constants (id, name, rank, remarks) VALUES ('GRAPH_PIE_MAX', '10', 51, '円グラフ最大表示数');
INSERT INTO mtb_constants (id, name, rank, remarks) VALUES ('GRAPH_LABEL_MAX', '40', 52, 'グラフのラベルの文字数');
INSERT INTO mtb_constants (id, name, rank, remarks) VALUES ('PRODUCTS_TOTAL_MAX', '15', 55, '商品集計で何位まで表示するか');
INSERT INTO mtb_constants (id, name, rank, remarks) VALUES ('DEFAULT_PRODUCT_DISP', '2', 56, '1:公開 2:非公開');
INSERT INTO mtb_constants (id, name, rank, remarks) VALUES ('DELIV_FREE_AMOUNT', '0', 57, '送料無料購入数量 (0の場合は、いくつ買っても無料にならない)');
INSERT INTO mtb_constants (id, name, rank, remarks) VALUES ('INPUT_DELIV_FEE', '1', 58, '配送料の設定画面表示(有効:1 無効:0)');
INSERT INTO mtb_constants (id, name, rank, remarks) VALUES ('OPTION_PRODUCT_DELIV_FEE', '0', 59, '商品ごとの送料設定(有効:1 無効:0)');
INSERT INTO mtb_constants (id, name, rank, remarks) VALUES ('OPTION_DELIV_FEE', '1', 60, '配送業者ごとの配送料を加算する(有効:1 無効:0)');
INSERT INTO mtb_constants (id, name, rank, remarks) VALUES ('OPTION_RECOMMEND', '1', 61, 'おすすめ商品登録(有効:1 無効:0)');
INSERT INTO mtb_constants (id, name, rank, remarks) VALUES ('OPTION_CLASS_REGIST', '1', 62, '商品規格登録(有効:1 無効:0)');
INSERT INTO mtb_constants (id, name, rank, remarks) VALUES ('DEFAULT_PASSWORD', '"******"', 66, '会員登録変更(マイページ)パスワード用');
INSERT INTO mtb_constants (id, name, rank, remarks) VALUES ('DELIV_ADDR_MAX', '20', 67, '別のお届け先最大登録数');
INSERT INTO mtb_constants (id, name, rank, remarks) VALUES ('ORDER_STATUS_MAX', '50', 70, '対応状況管理画面の一覧表示件数');
INSERT INTO mtb_constants (id, name, rank, remarks) VALUES ('REVIEW_REGIST_MAX', '5', 71, 'フロントレビュー書き込み最大数');
INSERT INTO mtb_constants (id, name, rank, remarks) VALUES ('DEBUG_MODE', 'false', 72, 'デバッグモード(true：sfPrintRやDBのエラーメッセージ、ログレベルがDebugのログを出力する、false：出力しない)');
INSERT INTO mtb_constants (id, name, rank, remarks) VALUES ('USE_VERBOSE_LOG', 'DEBUG_MODE', 73, 'ログを冗長とするか(true:利用する、false:利用しない)');
INSERT INTO mtb_constants (id, name, rank, remarks) VALUES ('ADMIN_ID', '"1"', 74, '管理ユーザID(メンテナンス用表示されない。)');
INSERT INTO mtb_constants (id, name, rank, remarks) VALUES ('CUSTOMER_CONFIRM_MAIL', 'false', 75, '会員登録時に仮会員確認メールを送信するか (true:仮会員、false:本会員)');
INSERT INTO mtb_constants (id, name, rank, remarks) VALUES ('LOGIN_FRAME', '"login_frame.tpl"', 77, 'ログイン画面フレーム');
INSERT INTO mtb_constants (id, name, rank, remarks) VALUES ('MAIN_FRAME', '"main_frame.tpl"', 78, '管理画面フレーム');
INSERT INTO mtb_constants (id, name, rank, remarks) VALUES ('SITE_FRAME', '"site_frame.tpl"', 79, '一般サイト画面フレーム');
INSERT INTO mtb_constants (id, name, rank, remarks) VALUES ('CERT_STRING', '"7WDhcBTF"', 80, '認証文字列');
INSERT INTO mtb_constants (id, name, rank, remarks) VALUES ('BIRTH_YEAR', '1901', 83, '生年月日登録開始年');
INSERT INTO mtb_constants (id, name, rank, remarks) VALUES ('CREDIT_ADD_YEAR', '10', 85, 'クレジットカードの期限＋何年');
INSERT INTO mtb_constants (id, name, rank, remarks) VALUES ('POINT_RULE', '2', 88, 'ポイントの計算ルール(1:四捨五入、2:切り捨て、3:切り上げ)');
INSERT INTO mtb_constants (id, name, rank, remarks) VALUES ('POINT_VALUE', '1', 89, '1ポイント当たりの値段(円)');
INSERT INTO mtb_constants (id, name, rank, remarks) VALUES ('ADMIN_MODE', '0', 90, '管理モード 1:有効　0:無効(納品時)');
INSERT INTO mtb_constants (id, name, rank, remarks) VALUES ('MAX_LOG_QUANTITY', '5', 92, 'ログファイル最大数(ログテーション)');
INSERT INTO mtb_constants (id, name, rank, remarks) VALUES ('MAX_LOG_SIZE', '"1000000"', 93, '1つのログファイルに保存する最大容量(byte)');
INSERT INTO mtb_constants (id, name, rank, remarks) VALUES ('TRANSACTION_ID_NAME', '"transactionid"', 94, 'トランザクションID の名前');
INSERT INTO mtb_constants (id, name, rank, remarks) VALUES ('FORGOT_MAIL', '0', 95, 'パスワード忘れの確認メールを送付するか否か。(0:送信しない、1:送信する)');
INSERT INTO mtb_constants (id, name, rank, remarks) VALUES ('BIRTH_MONTH_POINT', '0', 98, '誕生日月ポイント');
INSERT INTO mtb_constants (id, name, rank, remarks) VALUES ('LARGE_IMAGE_WIDTH', '500', 110, '拡大画像横');
INSERT INTO mtb_constants (id, name, rank, remarks) VALUES ('LARGE_IMAGE_HEIGHT', '500', 111, '拡大画像縦');
INSERT INTO mtb_constants (id, name, rank, remarks) VALUES ('SMALL_IMAGE_WIDTH', '130', 112, '一覧画像横');
INSERT INTO mtb_constants (id, name, rank, remarks) VALUES ('SMALL_IMAGE_HEIGHT', '130', 113, '一覧画像縦');
INSERT INTO mtb_constants (id, name, rank, remarks) VALUES ('NORMAL_IMAGE_WIDTH', '260', 114, '通常画像横');
INSERT INTO mtb_constants (id, name, rank, remarks) VALUES ('NORMAL_IMAGE_HEIGHT', '260', 115, '通常画像縦');
INSERT INTO mtb_constants (id, name, rank, remarks) VALUES ('NORMAL_SUBIMAGE_WIDTH', '200', 116, '通常サブ画像横');
INSERT INTO mtb_constants (id, name, rank, remarks) VALUES ('NORMAL_SUBIMAGE_HEIGHT', '200', 117, '通常サブ画像縦');
INSERT INTO mtb_constants (id, name, rank, remarks) VALUES ('LARGE_SUBIMAGE_WIDTH', '500', 118, '拡大サブ画像横');
INSERT INTO mtb_constants (id, name, rank, remarks) VALUES ('LARGE_SUBIMAGE_HEIGHT', '500', 119, '拡大サブ画像縦');
INSERT INTO mtb_constants (id, name, rank, remarks) VALUES ('IMAGE_SIZE', '1000', 126, '画像サイズ制限(KB)');
INSERT INTO mtb_constants (id, name, rank, remarks) VALUES ('CSV_SIZE', '2000', 127, 'CSVサイズ制限(KB)');
INSERT INTO mtb_constants (id, name, rank, remarks) VALUES ('CSV_LINE_MAX', '10000', 128, 'CSVアップロード1行あたりの最大文字数');
INSERT INTO mtb_constants (id, name, rank, remarks) VALUES ('FILE_SIZE', '10000', 130, 'ファイル管理画面アップ制限(KB)');
INSERT INTO mtb_constants (id, name, rank, remarks) VALUES ('TEMPLATE_SIZE', '10000', 131, 'アップできるテンプレートファイル制限(KB)');
INSERT INTO mtb_constants (id, name, rank, remarks) VALUES ('LEVEL_MAX', '5', 132, 'カテゴリの最大階層');
INSERT INTO mtb_constants (id, name, rank, remarks) VALUES ('CATEGORY_MAX', '1000', 133, '最大カテゴリ登録数');
INSERT INTO mtb_constants (id, name, rank, remarks) VALUES ('ADMIN_TITLE', '"EC-CUBE 管理機能"', 134, '管理機能タイトル');
INSERT INTO mtb_constants (id, name, rank, remarks) VALUES ('SELECT_RGB', '"#ffffdf"', 135, '編集時強調表示色');
INSERT INTO mtb_constants (id, name, rank, remarks) VALUES ('DISABLED_RGB', '"#C9C9C9"', 136, '入力項目無効時の表示色');
INSERT INTO mtb_constants (id, name, rank, remarks) VALUES ('ERR_COLOR', '"#ffe8e8"', 137, 'エラー時表示色');
INSERT INTO mtb_constants (id, name, rank, remarks) VALUES ('CATEGORY_HEAD', '">"', 138, '親カテゴリ表示文字');
INSERT INTO mtb_constants (id, name, rank, remarks) VALUES ('START_BIRTH_YEAR', '1970', 139, '生年月日初期選択年');
INSERT INTO mtb_constants (id, name, rank, remarks) VALUES ('NORMAL_PRICE_TITLE', '"通常価格"', 140, '価格名称');
INSERT INTO mtb_constants (id, name, rank, remarks) VALUES ('SALE_PRICE_TITLE', '"販売価格"', 141, '価格名称');
INSERT INTO mtb_constants (id, name, rank, remarks) VALUES ('LOG_REALFILE', 'DATA_REALDIR . "logs/site.log"', 142, '標準ログファイル');
INSERT INTO mtb_constants (id, name, rank, remarks) VALUES ('CUSTOMER_LOG_REALFILE', 'DATA_REALDIR . "logs/customer.log"', 143, '会員ログイン ログファイル');
INSERT INTO mtb_constants (id, name, rank, remarks) VALUES ('ADMIN_LOG_REALFILE', 'DATA_REALDIR . "logs/admin.log"', 144, '管理機能ログファイル');
INSERT INTO mtb_constants (id, name, rank, remarks) VALUES ('DEBUG_LOG_REALFILE', '""', 145, 'デバッグログファイル(未入力:標準ログファイル・管理画面ログファイル)');
INSERT INTO mtb_constants (id, name, rank, remarks) VALUES ('ERROR_LOG_REALFILE', 'DATA_REALDIR . "logs/error.log"', 146, 'エラーログファイル(未入力:標準ログファイル・管理画面ログファイル)');
INSERT INTO mtb_constants (id, name, rank, remarks) VALUES ('DB_LOG_REALFILE', 'DATA_REALDIR . "logs/db.log"', 147, 'DBログファイル');
INSERT INTO mtb_constants (id, name, rank, remarks) VALUES ('IMAGE_TEMP_REALDIR', 'HTML_REALDIR . "upload/temp_image/"', 150, '画像一時保存');
INSERT INTO mtb_constants (id, name, rank, remarks) VALUES ('IMAGE_SAVE_REALDIR', 'HTML_REALDIR . "upload/save_image/"', 151, '画像保存先');
INSERT INTO mtb_constants (id, name, rank, remarks) VALUES ('IMAGE_TEMP_URLPATH', 'ROOT_URLPATH . "upload/temp_image/"', 152, '画像一時保存URL');
INSERT INTO mtb_constants (id, name, rank, remarks) VALUES ('IMAGE_SAVE_URLPATH', 'ROOT_URLPATH . "upload/save_image/"', 153, '画像保存先URL');
INSERT INTO mtb_constants (id, name, rank, remarks) VALUES ('IMAGE_TEMP_RSS_URL', 'HTTP_URL . "upload/temp_image/"', 154, 'RSS用画像一時保存URL');
INSERT INTO mtb_constants (id, name, rank, remarks) VALUES ('IMAGE_SAVE_RSS_URL', 'HTTP_URL . "upload/save_image/"', 155, 'RSS用画像保存先URL');
INSERT INTO mtb_constants (id, name, rank, remarks) VALUES ('CSV_TEMP_REALDIR', 'DATA_REALDIR . "upload/csv/"', 156, 'エンコードCSVの一時保存先');
INSERT INTO mtb_constants (id, name, rank, remarks) VALUES ('NO_IMAGE_REALFILE', 'USER_TEMPLATE_REALDIR . "default/img/picture/img_blank.gif"', 158, '画像がない場合に表示');
INSERT INTO mtb_constants (id, name, rank, remarks) VALUES ('ADMIN_SYSTEM_URLPATH', 'ROOT_URLPATH . ADMIN_DIR . "system/" . DIR_INDEX_PATH', 159, 'システム管理トップ');
INSERT INTO mtb_constants (id, name, rank, remarks) VALUES ('INPUT_ZIP_URLPATH', 'ROOT_URLPATH . "input_zip.php"', 161, '郵便番号入力');
INSERT INTO mtb_constants (id, name, rank, remarks) VALUES ('ADMIN_HOME_URLPATH', 'ROOT_URLPATH . ADMIN_DIR . "home.php"', 165, 'ホーム');
INSERT INTO mtb_constants (id, name, rank, remarks) VALUES ('ADMIN_LOGIN_URLPATH', 'ROOT_URLPATH . ADMIN_DIR . DIR_INDEX_PATH', 166, 'ログインページ');
INSERT INTO mtb_constants (id, name, rank, remarks) VALUES ('ADMIN_PRODUCTS_URLPATH', 'ROOT_URLPATH . ADMIN_DIR . "products/" . DIR_INDEX_PATH', 167, '商品検索ページ');
INSERT INTO mtb_constants (id, name, rank, remarks) VALUES ('ADMIN_ORDER_EDIT_URLPATH', 'ROOT_URLPATH . ADMIN_DIR . "order/edit.php"', 168, '注文編集ページ');
INSERT INTO mtb_constants (id, name, rank, remarks) VALUES ('ADMIN_ORDER_URLPATH', 'ROOT_URLPATH . ADMIN_DIR . "order/" . DIR_INDEX_PATH', 169, '注文編集ページ');
INSERT INTO mtb_constants (id, name, rank, remarks) VALUES ('ADMIN_ORDER_MAIL_URLPATH', 'ROOT_URLPATH . ADMIN_DIR . "order/mail.php"', 170, '注文編集ページ');
INSERT INTO mtb_constants (id, name, rank, remarks) VALUES ('ADMIN_LOGOUT_URLPATH', 'ROOT_URLPATH . ADMIN_DIR . "logout.php"', 171, 'ログアウトページ');
INSERT INTO mtb_constants (id, name, rank, remarks) VALUES ('MEMBER_PMAX', '10', 182, 'メンバー管理ページ表示行数');
INSERT INTO mtb_constants (id, name, rank, remarks) VALUES ('SEARCH_PMAX', '10', 183, '検索ページ表示行数');
INSERT INTO mtb_constants (id, name, rank, remarks) VALUES ('NAVI_PMAX', '4', 184, 'ページ番号の最大表示数量');
INSERT INTO mtb_constants (id, name, rank, remarks) VALUES ('PRODUCTSUB_MAX', '5', 185, '商品サブ情報最大数');
INSERT INTO mtb_constants (id, name, rank, remarks) VALUES ('DELIVTIME_MAX', '16', 186, 'お届け時間の最大表示数');
INSERT INTO mtb_constants (id, name, rank, remarks) VALUES ('DELIVFEE_MAX', '47', 187, '配送料金の最大表示数');
INSERT INTO mtb_constants (id, name, rank, remarks) VALUES ('STEXT_LEN', '50', 188, '短い項目の文字数 (名前など)');
INSERT INTO mtb_constants (id, name, rank, remarks) VALUES ('SMTEXT_LEN', '100', 189, NULL);
INSERT INTO mtb_constants (id, name, rank, remarks) VALUES ('MTEXT_LEN', '200', 190, '長い項目の文字数 (住所など)');
INSERT INTO mtb_constants (id, name, rank, remarks) VALUES ('MLTEXT_LEN', '1000', 191, '長中文の文字数 (問い合わせなど)');
INSERT INTO mtb_constants (id, name, rank, remarks) VALUES ('LTEXT_LEN', '3000', 192, '長文の文字数');
INSERT INTO mtb_constants (id, name, rank, remarks) VALUES ('LLTEXT_LEN', '99999', 193, '超長文の文字数 (メルマガなど)');
INSERT INTO mtb_constants (id, name, rank, remarks) VALUES ('URL_LEN', '1024', 194, 'URLの文字長');
INSERT INTO mtb_constants (id, name, rank, remarks) VALUES ('ID_MAX_LEN', 'STEXT_LEN', 195, '管理画面用：ID・パスワードの文字数制限');
INSERT INTO mtb_constants (id, name, rank, remarks) VALUES ('ID_MIN_LEN', '4', 196, '管理画面用：ID・パスワードの文字数制限');
INSERT INTO mtb_constants (id, name, rank, remarks) VALUES ('PRICE_LEN', '8', 197, '金額桁数');
INSERT INTO mtb_constants (id, name, rank, remarks) VALUES ('PERCENTAGE_LEN', '3', 198, '率桁数');
INSERT INTO mtb_constants (id, name, rank, remarks) VALUES ('AMOUNT_LEN', '6', 199, '在庫数、販売制限数');
INSERT INTO mtb_constants (id, name, rank, remarks) VALUES ('ZIP01_LEN', '3', 200, '郵便番号1');
INSERT INTO mtb_constants (id, name, rank, remarks) VALUES ('ZIP02_LEN', '4', 201, '郵便番号2');
INSERT INTO mtb_constants (id, name, rank, remarks) VALUES ('TEL_ITEM_LEN', '6', 202, '電話番号各項目制限');
INSERT INTO mtb_constants (id, name, rank, remarks) VALUES ('TEL_LEN', '12', 203, '電話番号総数');
INSERT INTO mtb_constants (id, name, rank, remarks) VALUES ('PASSWORD_MIN_LEN', '4', 204, 'フロント画面用：パスワードの最小文字数');
INSERT INTO mtb_constants (id, name, rank, remarks) VALUES ('PASSWORD_MAX_LEN', 'STEXT_LEN', 205, 'フロント画面用：パスワードの最大文字数');
INSERT INTO mtb_constants (id, name, rank, remarks) VALUES ('INT_LEN', '9', 206, '検査数値用桁数(INT)');
INSERT INTO mtb_constants (id, name, rank, remarks) VALUES ('CREDIT_NO_LEN', '4', 207, 'クレジットカードの文字数 (*モジュールで使用)'); 
INSERT INTO mtb_constants (id, name, rank, remarks) VALUES ('SEARCH_CATEGORY_LEN', '18', 208, '検索カテゴリ最大表示文字数(byte)');
INSERT INTO mtb_constants (id, name, rank, remarks) VALUES ('FILE_NAME_LEN', '10', 209, 'ファイル名表示文字数');
INSERT INTO mtb_constants (id, name, rank, remarks) VALUES ('COOKIE_EXPIRE', '365', 212, 'クッキー保持期限(日)');
INSERT INTO mtb_constants (id, name, rank, remarks) VALUES ('SEPA_CATNAVI', '" > "', 235, 'カテゴリ区切り文字');
INSERT INTO mtb_constants (id, name, rank, remarks) VALUES ('SHOPPING_URL', 'HTTPS_URL . "shopping/" . DIR_INDEX_PATH', 237, '会員情報入力');
INSERT INTO mtb_constants (id, name, rank, remarks) VALUES ('ENTRY_URL', 'HTTPS_URL . "entry/" . DIR_INDEX_PATH', 238, '会員登録ページTOP');
INSERT INTO mtb_constants (id, name, rank, remarks) VALUES ('TOP_URLPATH', 'ROOT_URLPATH . DIR_INDEX_PATH', 239, 'サイトトップ');
INSERT INTO mtb_constants (id, name, rank, remarks) VALUES ('CART_URLPATH', 'ROOT_URLPATH . "cart/" . DIR_INDEX_PATH', 240, 'カートトップ');
INSERT INTO mtb_constants (id, name, rank, remarks) VALUES ('DELIV_URLPATH', 'ROOT_URLPATH . "shopping/deliv.php"', 241, 'お届け先設定');
INSERT INTO mtb_constants (id, name, rank, remarks) VALUES ('MULTIPLE_URLPATH', 'ROOT_URLPATH . "shopping/multiple.php"', 242, '複数お届け先設定');
INSERT INTO mtb_constants (id, name, rank, remarks) VALUES ('SHOPPING_CONFIRM_URLPATH', 'ROOT_URLPATH . "shopping/confirm.php"', 244, '購入確認ページ');
INSERT INTO mtb_constants (id, name, rank, remarks) VALUES ('SHOPPING_PAYMENT_URLPATH', 'ROOT_URLPATH . "shopping/payment.php"', 245, 'お支払い方法選択ページ');
INSERT INTO mtb_constants (id, name, rank, remarks) VALUES ('SHOPPING_COMPLETE_URLPATH', 'ROOT_URLPATH . "shopping/complete.php"', 246, '購入完了画面');
INSERT INTO mtb_constants (id, name, rank, remarks) VALUES ('SHOPPING_MODULE_URLPATH', 'ROOT_URLPATH . "shopping/load_payment_module.php"', 249, 'モジュール追加用画面');
INSERT INTO mtb_constants (id, name, rank, remarks) VALUES ('P_DETAIL_URLPATH', 'ROOT_URLPATH . "products/detail.php?product_id="', 253, '商品詳細(HTML出力)');
INSERT INTO mtb_constants (id, name, rank, remarks) VALUES ('MYPAGE_DELIVADDR_URLPATH', 'ROOT_URLPATH . "mypage/delivery.php"', 254, 'マイページお届け先URL');
INSERT INTO mtb_constants (id, name, rank, remarks) VALUES ('ADMIN_NEWS_STARTYEAR', '2005', 264, '新着情報管理画面 開始年(西暦) ');
INSERT INTO mtb_constants (id, name, rank, remarks) VALUES ('ENTRY_LIMIT_HOUR', '1', 267, '再入会制限時間 (単位: 時間)');
INSERT INTO mtb_constants (id, name, rank, remarks) VALUES ('RECOMMEND_PRODUCT_MAX', '6', 268, '関連商品表示数');
INSERT INTO mtb_constants (id, name, rank, remarks) VALUES ('RECOMMEND_NUM', '8', 269, 'おすすめ商品表示数');
INSERT INTO mtb_constants (id, name, rank, remarks) VALUES ('DELIV_DATE_END_MAX', '21', 272, 'お届け可能日以降のプルダウン表示最大日数');
INSERT INTO mtb_constants (id, name, rank, remarks) VALUES ('CV_PAYMENT_LIMIT', '14', 275, '支払期限 (*モジュールで使用)'); 
INSERT INTO mtb_constants (id, name, rank, remarks) VALUES ('REVIEW_ALLOW_URL', '0', 277, '商品レビューでURL書き込みを許可するか否か');
INSERT INTO mtb_constants (id, name, rank, remarks) VALUES ('MAIL_BACKEND', '"mail"', 285, 'Pear::Mail バックエンド:"mail"|"smtp"|"sendmail"');
INSERT INTO mtb_constants (id, name, rank, remarks) VALUES ('SMTP_HOST', '"127.0.0.1"', 287, 'SMTPサーバー (MAIL_BACKEND が "smtp" の場合のみ)');
INSERT INTO mtb_constants (id, name, rank, remarks) VALUES ('SMTP_PORT', '"25"', 288, 'SMTPポート (MAIL_BACKEND が "smtp" の場合のみ)');
INSERT INTO mtb_constants (id, name, rank, remarks) VALUES ('UPDATE_SEND_SITE_INFO', 'false', 289, 'アップデート時にサイト情報を送出するか');
INSERT INTO mtb_constants (id, name, rank, remarks) VALUES ('USE_POINT', 'true', 290, 'ポイントを利用するか(true:利用する、false:利用しない) (false は一部対応)');
INSERT INTO mtb_constants (id, name, rank, remarks) VALUES ('NOSTOCK_HIDDEN', 'false', 291, '在庫無し商品の非表示(true:非表示、false:表示)');
INSERT INTO mtb_constants (id, name, rank, remarks) VALUES ('USE_MOBILE', 'true', 292, 'モバイルサイトを利用するか(true:利用する、false:利用しない) (false は一部対応) (*モジュールで使用)'); 
INSERT INTO mtb_constants (id, name, rank, remarks) VALUES ('USE_MULTIPLE_SHIPPING', 'true', 293, '複数配送先指定機能を利用するか(true:利用する、false:利用しない)');
INSERT INTO mtb_constants (id, name, rank, remarks) VALUES ('SLTEXT_LEN', '500', 294, '短文の文字数');
INSERT INTO mtb_constants (id, name, rank, remarks) VALUES ('DEFAULT_TEMPLATE_NAME', '"default"', 300, 'デフォルトテンプレート名(PC)');
INSERT INTO mtb_constants (id, name, rank, remarks) VALUES ('MOBILE_DEFAULT_TEMPLATE_NAME', '"mobile"', 301, 'デフォルトテンプレート名(モバイル)');
INSERT INTO mtb_constants (id, name, rank, remarks) VALUES ('SMARTPHONE_DEFAULT_TEMPLATE_NAME', '"sphone"', 302, 'デフォルトテンプレート名(スマートフォン)');
INSERT INTO mtb_constants (id, name, rank, remarks) VALUES ('TEMPLATE_NAME', '"default"', 303, 'テンプレート名');
INSERT INTO mtb_constants (id, name, rank, remarks) VALUES ('MOBILE_TEMPLATE_NAME', '"mobile"', 304, 'モバイルテンプレート名');
INSERT INTO mtb_constants (id, name, rank, remarks) VALUES ('SMARTPHONE_TEMPLATE_NAME', '"sphone"', 305, 'スマートフォンテンプレート名');
INSERT INTO mtb_constants (id, name, rank, remarks) VALUES ('SMARTY_TEMPLATES_REALDIR', ' DATA_REALDIR . "Smarty/templates/"', 306, 'SMARTYテンプレート');
INSERT INTO mtb_constants (id, name, rank, remarks) VALUES ('TEMPLATE_REALDIR', 'SMARTY_TEMPLATES_REALDIR . TEMPLATE_NAME . "/"', 307, 'SMARTYテンプレート(PC)');
INSERT INTO mtb_constants (id, name, rank, remarks) VALUES ('TEMPLATE_ADMIN_REALDIR', 'SMARTY_TEMPLATES_REALDIR . "admin/"', 308, 'SMARTYテンプレート(管理機能)');
INSERT INTO mtb_constants (id, name, rank, remarks) VALUES ('COMPILE_REALDIR', 'DATA_REALDIR . "Smarty/templates_c/" . TEMPLATE_NAME . "/"', 309, 'SMARTYコンパイル');
INSERT INTO mtb_constants (id, name, rank, remarks) VALUES ('COMPILE_ADMIN_REALDIR', 'DATA_REALDIR . "Smarty/templates_c/admin/"', 310, 'SMARTYコンパイル(管理機能)');
INSERT INTO mtb_constants (id, name, rank, remarks) VALUES ('BLOC_DIR', '"frontparts/bloc/"', 311, 'ブロックファイル保存先');
INSERT INTO mtb_constants (id, name, rank, remarks) VALUES ('MOBILE_TEMPLATE_REALDIR', 'SMARTY_TEMPLATES_REALDIR . MOBILE_TEMPLATE_NAME . "/"', 312, 'SMARTYテンプレート(mobile)');
INSERT INTO mtb_constants (id, name, rank, remarks) VALUES ('MOBILE_COMPILE_REALDIR', 'DATA_REALDIR . "Smarty/templates_c/" . MOBILE_TEMPLATE_NAME . "/"', 313, 'SMARTYコンパイル(mobile)');
INSERT INTO mtb_constants (id, name, rank, remarks) VALUES ('SMARTPHONE_TEMPLATE_REALDIR', 'SMARTY_TEMPLATES_REALDIR . SMARTPHONE_TEMPLATE_NAME . "/"', 314, 'SMARTYテンプレート(smart phone)');
INSERT INTO mtb_constants (id, name, rank, remarks) VALUES ('SMARTPHONE_COMPILE_REALDIR', 'DATA_REALDIR . "Smarty/templates_c/" . SMARTPHONE_TEMPLATE_NAME . "/"', 315, 'SMARTYコンパイル(smartphone)');
INSERT INTO mtb_constants (id, name, rank, remarks) VALUES ('RFC_COMPLIANT_EMAIL_CHECK', 'false', 401, 'EメールアドレスチェックをRFC準拠にするか(true:準拠する、false:準拠しない)');
INSERT INTO mtb_constants (id, name, rank, remarks) VALUES ('MOBILE_SESSION_LIFETIME', '1800', 402, 'モバイルサイトのセッションの存続時間 (秒)');
INSERT INTO mtb_constants (id, name, rank, remarks) VALUES ('MOBILE_IMAGE_REALDIR', 'HTML_REALDIR . "upload/mobile_image/"', 408, '携帯電話向け変換画像保存ディレクトリ');
INSERT INTO mtb_constants (id, name, rank, remarks) VALUES ('MOBILE_IMAGE_URLPATH', 'ROOT_URLPATH . "upload/mobile_image/"', 409, '携帯電話向け変換画像保存ディレクトリ');
INSERT INTO mtb_constants (id, name, rank, remarks) VALUES ('MOBILE_TOP_URLPATH', 'ROOT_URLPATH . DIR_INDEX_PATH', 410, 'モバイルURL');
INSERT INTO mtb_constants (id, name, rank, remarks) VALUES ('MOBILE_CART_URLPATH', 'ROOT_URLPATH . "cart/" . DIR_INDEX_PATH', 411, 'カートトップ');
INSERT INTO mtb_constants (id, name, rank, remarks) VALUES ('MOBILE_SHOPPING_CONFIRM_URLPATH', 'ROOT_URLPATH . "shopping/confirm.php"', 413, '購入確認ページ');
INSERT INTO mtb_constants (id, name, rank, remarks) VALUES ('MOBILE_SHOPPING_PAYMENT_URLPATH', 'ROOT_URLPATH . "shopping/payment.php"', 414, 'お支払い方法選択ページ');
INSERT INTO mtb_constants (id, name, rank, remarks) VALUES ('MOBILE_P_DETAIL_URLPATH', 'ROOT_URLPATH . "products/detail.php?product_id="', 415, '商品詳細(HTML出力)');
INSERT INTO mtb_constants (id, name, rank, remarks) VALUES ('MOBILE_SHOPPING_COMPLETE_URLPATH', 'ROOT_URLPATH . "shopping/complete.php"', 416, '購入完了画面 (*モジュールで使用)');
INSERT INTO mtb_constants (id, name, rank, remarks) VALUES ('SESSION_KEEP_METHOD', '"useCookie"', 418, 'セッション維持方法："useCookie"|"useRequest"');
INSERT INTO mtb_constants (id, name, rank, remarks) VALUES ('SESSION_LIFETIME', '1800', 419, 'セッションの存続時間 (秒)');
INSERT INTO mtb_constants (id, name, rank, remarks) VALUES ('OSTORE_URL', '"http://store.ec-cube.net/"', 500, 'オーナーズストアURL');
INSERT INTO mtb_constants (id, name, rank, remarks) VALUES ('OSTORE_SSLURL', '"https://store.ec-cube.net/"', 501, 'オーナーズストアURL');
INSERT INTO mtb_constants (id, name, rank, remarks) VALUES ('OSTORE_LOG_REALFILE', 'DATA_REALDIR . "logs/ownersstore.log"', 502, 'オーナーズストアログパス');
INSERT INTO mtb_constants (id, name, rank, remarks) VALUES ('OPTION_FAVOFITE_PRODUCT', '1', 523, 'お気に入り商品登録(有効:1 無効:0)'); 
INSERT INTO mtb_constants (id, name, rank, remarks) VALUES ('IMAGE_RENAME', 'true', 525, '画像リネーム設定 (商品画像のみ) (true:リネームする、false:リネームしない)'); 
INSERT INTO mtb_constants (id, name, rank, remarks) VALUES ('PLUGIN_DIR', '"plugins/"', 600, 'プラグインディレクトリ'); 
INSERT INTO mtb_constants (id, name, rank, remarks) VALUES ('PLUGIN_REALDIR', 'USER_REALDIR . PLUGIN_DIR', 601, 'プラグイン保存先'); 
INSERT INTO mtb_constants (id, name, rank, remarks) VALUES ('PLUGIN_URL', 'USER_URL . PLUGIN_DIR', 602, 'プラグイン URL'); 
INSERT INTO mtb_constants (id, name, rank, remarks) VALUES ('PLUGIN_UPLOAD_REALDIR', 'DATA_REALDIR . "downloads/plugin/"', 604, 'プラグイン保存先'); 
INSERT INTO mtb_constants (id, name, rank, remarks) VALUES ('PLUGIN_HTML_REALDIR', 'HTML_REALDIR . "plugin/"', 605, 'プラグイン外部ファイル保存先'); 
INSERT INTO mtb_constants (id, name, rank, remarks) VALUES ('PLUGIN_DIR_PERMISSION', '0777', 607, 'プラグイン・ディレクトリパーミッション'); 
INSERT INTO mtb_constants (id, name, rank, remarks) VALUES ('PLUGIN_TEMP_REALDIR', 'HTML_REALDIR . "upload/temp_plugin/"', 608, 'プラグインファイル一時保存先'); 
INSERT INTO mtb_constants (id, name, rank, remarks) VALUES ('DOWNLOADS_TEMP_DIR', 'DATA_REALDIR . "downloads/tmp/"', 609, 'アップロード一時ディレクトリ'); 
INSERT INTO mtb_constants (id, name, rank, remarks) VALUES ('PLUGIN_HTML_URL', 'USER_URL . PLUGIN_DIR', 610, 'プラグイン 外部ファイルURL'); 
INSERT INTO mtb_constants (id, name, rank, remarks) VALUES ('PLUGIN_EXTENSION', '"tar,tar.gz"', 611, 'プラグインファイル登録可能拡張子(カンマ区切り)'); 
INSERT INTO mtb_constants (id, name, rank, remarks) VALUES ('DOWNLOADS_TEMP_PLUGIN_UPDATE_DIR', 'DOWNLOADS_TEMP_DIR . "plugin_update/"', 612, 'プラグイン一時展開用ディレクトリ（アップデート用）'); 
INSERT INTO mtb_constants (id, name, rank, remarks) VALUES ('DOWNLOADS_TEMP_PLUGIN_INSTALL_DIR', 'DOWNLOADS_TEMP_DIR . "plugin_install/"', 613, 'プラグイン一時展開用ディレクトリ（インストール用）');
INSERT INTO mtb_constants (id, name, rank, remarks) VALUES ('DOWNLOAD_DAYS_LEN', '3', 700, '日数桁数');
INSERT INTO mtb_constants (id, name, rank, remarks) VALUES ('DOWNLOAD_EXTENSION', '"zip,lzh,jpg,jpeg,gif,png,mp3,pdf,csv"', 701, 'ダウンロードファイル登録可能拡張子(カンマ区切り)"');
INSERT INTO mtb_constants (id, name, rank, remarks) VALUES ('DOWN_SIZE', '50000', 702, 'ダウンロード販売ファイル用サイズ制限(KB)');
INSERT INTO mtb_constants (id, name, rank, remarks) VALUES ('DEFAULT_PRODUCT_DOWN', '1', 703, '1:実商品 2:ダウンロード');
INSERT INTO mtb_constants (id, name, rank, remarks) VALUES ('DOWN_TEMP_REALDIR', 'DATA_REALDIR . "download/temp/"', 704, 'ダウンロードファイル一時保存');
INSERT INTO mtb_constants (id, name, rank, remarks) VALUES ('DOWN_SAVE_REALDIR', 'DATA_REALDIR . "download/save/"', 705, 'ダウンロードファイル保存先');
INSERT INTO mtb_constants (id, name, rank, remarks) VALUES ('DOWNLOAD_BLOCK', '1024', 708, 'ダウンロード販売機能 ダウンロードファイル読み込みバイト(KB)');
INSERT INTO mtb_constants (id, name, rank, remarks) VALUES ('ORDER_NEW', '1', 800, '新規注文');
INSERT INTO mtb_constants (id, name, rank, remarks) VALUES ('ORDER_PAY_WAIT', '2', 801, '入金待ち');
INSERT INTO mtb_constants (id, name, rank, remarks) VALUES ('ORDER_PRE_END', '6', 802, '入金済み');
INSERT INTO mtb_constants (id, name, rank, remarks) VALUES ('ORDER_CANCEL', '3', 803, 'キャンセル');
INSERT INTO mtb_constants (id, name, rank, remarks) VALUES ('ORDER_BACK_ORDER', '4', 804, '取り寄せ中');
INSERT INTO mtb_constants (id, name, rank, remarks) VALUES ('ORDER_DELIV', '5', 805, '発送済み');
INSERT INTO mtb_constants (id, name, rank, remarks) VALUES ('ORDER_PENDING', '7', 806, '決済処理中');
INSERT INTO mtb_constants (id, name, rank, remarks) VALUES ('PRODUCT_TYPE_NORMAL', '1', 900, '通常商品');
INSERT INTO mtb_constants (id, name, rank, remarks) VALUES ('PRODUCT_TYPE_DOWNLOAD', '2', 901, 'ダウンロード商品');
INSERT INTO mtb_constants (id, name, rank, remarks) VALUES ('SQL_QUERY_LOG_MODE', '1', 1000, 'DBログの記録モード (0:記録しない, 1:遅延時のみ記録する, 2:常に記録する)');
INSERT INTO mtb_constants (id, name, rank, remarks) VALUES ('SQL_QUERY_LOG_MIN_EXEC_TIME', '2', 1001, 'DBログで遅延とみなす実行時間(秒)');
INSERT INTO mtb_constants (id, name, rank, remarks) VALUES ('PAGE_DISPLAY_TIME_LOG_MODE', '1', 1002, 'ページ表示時間のログを取得するフラグ(1:表示, 0:非表示)');
INSERT INTO mtb_constants (id, name, rank, remarks) VALUES ('PAGE_DISPLAY_TIME_LOG_MIN_EXEC_TIME', '2', 1003, 'ページ表示時間のログを取得する時間設定(設定値以上かかった場合に取得)');
INSERT INTO mtb_constants (id, name, rank, remarks) VALUES ('DEVICE_TYPE_MOBILE', '1', 1100, '端末種別: モバイル');
INSERT INTO mtb_constants (id, name, rank, remarks) VALUES ('DEVICE_TYPE_SMARTPHONE', '2', 1101, '端末種別: スマートフォン');
INSERT INTO mtb_constants (id, name, rank, remarks) VALUES ('DEVICE_TYPE_PC', '10', 1102, '端末種別: PC');
INSERT INTO mtb_constants (id, name, rank, remarks) VALUES ('DEVICE_TYPE_ADMIN', '99', 1103, '端末種別: 管理画面');
INSERT INTO mtb_constants (id, name, rank, remarks) VALUES ('ECCUBE_INFO', 'true', 1218, 'EC-CUBE更新情報取得 (true:取得する false:取得しない)');
INSERT INTO mtb_constants (id, name, rank, remarks) VALUES ('HTTP_REQUEST_TIMEOUT', '"5"', 1219, '外部サイトHTTP取得タイムアウト時間(秒)');
INSERT INTO mtb_constants (id, name, rank, remarks) VALUES ('ZIP_DOWNLOAD_URL', '"http://www.post.japanpost.jp/zipcode/dl/kogaki/zip/ken_all.zip"', 1224, '郵便番号CSVのZIPアーカイブファイルの取得元');
INSERT INTO mtb_constants (id, name, rank, remarks) VALUES ('HOOK_POINT_PREPROCESS', 'LC_Page_preProcess', 1301, 'フックポイント(プレプロセス)');
INSERT INTO mtb_constants (id, name, rank, remarks) VALUES ('HOOK_POINT_PROCESS', 'LC_Page_process', 1302, 'フックポイント(プロセス)');

INSERT INTO dtb_index_list (table_name, column_name, recommend_flg, recommend_comment) VALUES ('dtb_customer', 'email_mobile', 0, '会員数増加時のログイン処理速度を向上させたいときに試してみてください');
INSERT INTO dtb_index_list (table_name, column_name, recommend_flg, recommend_comment) VALUES ('dtb_products', 'name', 2, '商品名検索速度を向上させたいときに試してみてください');
INSERT INTO dtb_index_list (table_name, column_name, recommend_flg, recommend_comment) VALUES ('dtb_order_temp', 'order_temp_id', 0, '注文数が多いときに試してみてください。');
INSERT INTO dtb_index_list (table_name, column_name, recommend_flg, recommend_comment) VALUES ('dtb_order', 'status', 2, '注文数が多いときに試してみてください。');
INSERT INTO dtb_index_list (table_name, column_name, recommend_flg, recommend_comment) VALUES ('dtb_order', 'order_email', 2, '注文数が多いときに試してみてください。');
INSERT INTO dtb_index_list (table_name, column_name, recommend_flg, recommend_comment) VALUES ('dtb_order', 'order_name01', 2, '注文数が多いときに試してみてください。');
INSERT INTO dtb_index_list (table_name, column_name, recommend_flg, recommend_comment) VALUES ('dtb_order', 'order_name02', 0, '注文数が多いときに試してみてください。');
INSERT INTO dtb_index_list (table_name, column_name, recommend_flg, recommend_comment) VALUES ('dtb_order', 'order_tel01', 0, '注文数が多いときに試してみてください。');
INSERT INTO dtb_index_list (table_name, column_name, recommend_flg, recommend_comment) VALUES ('dtb_order', 'order_tel02', 0, '注文数が多いときに試してみてください。');
INSERT INTO dtb_index_list (table_name, column_name, recommend_flg, recommend_comment) VALUES ('dtb_order', 'order_tel03', 0, '注文数が多いときに試してみてください。');
INSERT INTO dtb_index_list (table_name, column_name, recommend_flg, recommend_comment) VALUES ('dtb_customer', 'mobile_phone_id', 1, '');
INSERT INTO dtb_index_list (table_name, column_name, recommend_flg, recommend_comment) VALUES ('dtb_products_class', 'product_id', 1, '');
INSERT INTO dtb_index_list (table_name, column_name, recommend_flg, recommend_comment) VALUES ('dtb_order_detail', 'product_id', 1, '');
INSERT INTO dtb_index_list (table_name, column_name, recommend_flg, recommend_comment) VALUES ('dtb_send_customer', 'customer_id', 1, '');
INSERT INTO dtb_index_list (table_name, column_name, recommend_flg, recommend_comment) VALUES ('dtb_mobile_ext_session_id', 'param_key', 1, '');
INSERT INTO dtb_index_list (table_name, column_name, recommend_flg, recommend_comment) VALUES ('dtb_mobile_ext_session_id', 'param_value', 1, '');
INSERT INTO dtb_index_list (table_name, column_name, recommend_flg, recommend_comment) VALUES ('dtb_mobile_ext_session_id', 'url', 1, '');
INSERT INTO dtb_index_list (table_name, column_name, recommend_flg, recommend_comment) VALUES ('dtb_mobile_ext_session_id', 'create_date', 1, '');
INSERT INTO dtb_index_list (table_name, column_name, recommend_flg, recommend_comment) VALUES ('dtb_mobile_kara_mail', 'token', 1, '');
INSERT INTO dtb_index_list (table_name, column_name, recommend_flg, recommend_comment) VALUES ('dtb_mobile_kara_mail', 'create_date', 1, '');
INSERT INTO dtb_index_list (table_name, column_name, recommend_flg, recommend_comment) VALUES ('dtb_mobile_kara_mail', 'receive_date', 1, '');
INSERT INTO dtb_index_list (table_name, column_name, recommend_flg, recommend_comment) VALUES ('dtb_product_categories', 'category_id', 2, 'カテゴリが多いときに試してみてください。');
INSERT INTO dtb_index_list (table_name, column_name, recommend_flg, recommend_comment) VALUES ('mtb_zip', 'zipcode', 2, '郵便番号検索が遅いときに試してみてください。郵便番号データの更新時には無効にしていることをおすすめします。');
